966
CXUS51 KCLE 081908
CLSERI


CLIMATE REPORT
NATIONAL WEATHER SERVICE CLEVELAND OH
300 PM EDT SUN SEP 8 2019

...................................

...THE ERIE PA CLIMATE SUMMARY FOR THE SEASON, FROM
6/1/2019 TO 8/31/2019...

CLIMATE NORMAL PERIOD 1981 TO 2010
CLIMATE RECORD PERIOD 1873 TO 2019

WEATHER         OBSERVED          NORMAL  DEPART
                 VALUE   DATE(S)  VALUE   FROM
                                          NORMAL
................................................
TEMPERATURE (F)
RECORD
 HIGH             100   06/25/1988
 LOW               32   06/11/1972
HIGHEST            91   07/20
                        07/19
LOWEST             46   06/04
                        06/03
AVG. MAXIMUM     79.5              78.1     1.4
AVG. MINIMUM     63.3              61.5     1.8
MEAN             71.4              69.8     1.6
DAYS MAX >= 90      3               2.3
DAYS MAX <= 32      0               0.0
DAYS MIN <= 32      0               0.0
DAYS MIN <= 0       0               0.0

PRECIPITATION (INCHES)
RECORD
 MAXIMUM        22.12   1977
 MINIMUM         3.53   1923
TOTALS          10.25             10.77   -0.52
DAYS >= .01        37              31.6
DAYS >= .10        23              20.1
DAYS >= .50         7               6.5
DAYS >= 1.00        1               2.8

SNOWFALL (INCHES)
RECORDS
 TOTAL             MM   MM
TOTALS            0.0               0.0
DAYS >= TRACE       0
DAYS >= 1.0         0               0.0

DEGREE_DAYS
HEATING TOTAL      39                80     -41
COOLING TOTAL     657               519     138
.................................................

WIND (MPH)
HIGHEST GUST SPEED/DIRECTION    57/310    DATE  06/01

SKY COVER
POSSIBLE SUNSHINE (PERCENT)   MM
NUMBER OF DAYS FAIR           54
NUMBER OF DAYS PC             29
NUMBER OF DAYS CLOUDY          9


WEATHER CONDITIONS. NUMBER OF DAYS WITH
THUNDERSTORM              4     MIXED PRECIP               0
HEAVY RAIN               17     RAIN                      18
LIGHT RAIN               41     FREEZING RAIN              0
LT FREEZING RAIN          0     HAIL                       0
HEAVY SNOW                0     SNOW                       0
LIGHT SNOW                0     SLEET                      0
FOG                      38     FOG W/VIS <= 1/4 MILE      5
HAZE                     16

-  INDICATES NEGATIVE NUMBERS.
R  INDICATES RECORD WAS SET OR TIED.
MM INDICATES DATA IS MISSING.
T  INDICATES TRACE AMOUNT.

$$
