000
CXUS51 KCLE 020302
CLSERI


CLIMATE REPORT
NATIONAL WEATHER SERVICE CLEVELAND OH
957 PM EST SUN DEC 1 2019

...................................

...THE ERIE PA CLIMATE SUMMARY FOR THE SEASON, FROM
9/1/2019 TO 11/30/2019...

CLIMATE NORMAL PERIOD 1981 TO 2010
CLIMATE RECORD PERIOD 1873 TO 2019

WEATHER         OBSERVED          NORMAL  DEPART
                 VALUE   DATE(S)  VALUE   FROM
                                          NORMAL
................................................
TEMPERATURE (F)
RECORD
 HIGH              99   09/03/1953
 LOW                6   11/30/1929
                        11/22/1880
HIGHEST            89   10/01
                        09/22
LOWEST             22   11/17
AVG. MAXIMUM     62.6              60.9     1.7
AVG. MINIMUM     47.2              45.9     1.3
MEAN             54.9              53.4     1.5
DAYS MAX >= 90      0               0.1
DAYS MAX <= 32      2               0.9
DAYS MIN <= 32     13               9.6
DAYS MIN <= 0       0               0.0

PRECIPITATION (INCHES)
RECORD
 MAXIMUM        20.91   1979
 MINIMUM         4.52   1908
TOTALS           9.43             12.59   -3.16
DAYS >= .01        38              40.0
DAYS >= .10        22              26.0
DAYS >= .50         5               8.0
DAYS >= 1.00        2               2.4

SNOWFALL (INCHES)
RECORDS
 TOTAL           46.9   1950
TOTALS            7.9               8.7
DAYS >= TRACE       9
DAYS >= 1.0         3               2.2

DEGREE_DAYS
HEATING TOTAL    1050              1138     -88
COOLING TOTAL     157                80      77
.................................................

WIND (MPH)
HIGHEST GUST SPEED/DIRECTION    52/150    DATE  10/27

SKY COVER
POSSIBLE SUNSHINE (PERCENT)   MM
NUMBER OF DAYS FAIR           31
NUMBER OF DAYS PC             27
NUMBER OF DAYS CLOUDY         33


WEATHER CONDITIONS. NUMBER OF DAYS WITH
THUNDERSTORM              5     MIXED PRECIP               0
HEAVY RAIN                6     RAIN                      16
LIGHT RAIN               50     FREEZING RAIN              0
LT FREEZING RAIN          0     HAIL                       0
HEAVY SNOW                0     SNOW                       2
LIGHT SNOW                8     SLEET                      1
FOG                      37     FOG W/VIS <= 1/4 MILE      0
HAZE                     18

-  INDICATES NEGATIVE NUMBERS.
R  INDICATES RECORD WAS SET OR TIED.
MM INDICATES DATA IS MISSING.
T  INDICATES TRACE AMOUNT.

$$
