244
CXUS53 KPAH 011531
CLSEVV

CLIMATE REPORT
NATIONAL WEATHER SERVICE PADUCAH KY
1021 AM CDT SUN SEP 1 2019

...................................

...THE EVANSVILLE IN CLIMATE SUMMARY FOR THE SUMMER SEASON, FROM
6/1/2019 TO 8/31/2019...

CLIMATE NORMAL PERIOD 1981 TO 2010
CLIMATE RECORD PERIOD 1896 TO 2019

WEATHER         OBSERVED          NORMAL  DEPART
                 VALUE   DATE(S)  VALUE   FROM
                                          NORMAL
................................................
TEMPERATURE (F)
RECORD
 HIGH             111   07/28/1930
 LOW               41   06/01/1966
                        06/02/1956
HIGHEST            95   07/10        88       7
LOWEST             49   06/14        65     -16
AVG. MAXIMUM     86.0              87.4    -1.4
AVG. MINIMUM     66.5              65.6     0.9
MEAN             76.2              76.5    -0.3
DAYS MAX >= 90     25              32.8    -7.8
DAYS MAX <= 32      0               0.0     0.0
DAYS MIN <= 32      0               0.0     0.0
DAYS MIN <= 0       0               0.0     0.0

PRECIPITATION (INCHES)
RECORD
 MAXIMUM        19.83   1977
 MINIMUM         2.59   1936
TOTALS          16.25             10.68    5.57
DAILY AVG.       0.18              0.12    0.06
DAYS >= .01        36              25.8    10.2
DAYS >= .10        24              17.1     6.9
DAYS >= .50         9               7.3     1.7
DAYS >= 1.00        6               3.0     3.0
GREATEST
 24 HR. TOTAL    3.12   MM
 STORM TOTAL       MM
 (MM/DD(HH))            MM

SNOWFALL (INCHES)
TOTALS            0.0
 LIQUID EQUIV    0.00
SINCE 7/1         0.0
 LIQUID 7/1      0.00
SNOWDEPTH AVG.      0
DAYS >= TRACE       0
DAYS >= 1.0         0
GREATEST
 SNOW DEPTH         0   MM
 24 HR TOTAL      0.0   MM
 STORM TOTAL       MM
 (MM/DD(HH))            MM

DEGREE_DAYS
HEATING TOTAL       4                 7      -3
 SINCE 7/1          0                 1      -1
COOLING TOTAL    1065              1065       0
 SINCE 1/1       1253              1199      54

FREEZE DATES
RECORD
 EARLIEST     10/03/1974
 LATEST       05/10/1966
EARLIEST                        10/23
LATEST                          04/10
.................................................

WIND (MPH)
AVERAGE WIND SPEED              5.7
HIGHEST WIND SPEED/DIRECTION    41/270    DATE  08/18
HIGHEST GUST SPEED/DIRECTION    60/280    DATE  08/18

SKY COVER
POSSIBLE SUNSHINE (PERCENT)   MM
AVERAGE SKY COVER           0.30
NUMBER OF DAYS FAIR           67
NUMBER OF DAYS PC             21
NUMBER OF DAYS CLOUDY          4

AVERAGE RH (PERCENT)     73

WEATHER CONDITIONS. NUMBER OF DAYS WITH
THUNDERSTORM             30     MIXED PRECIP               0
HEAVY RAIN               21     RAIN                      23
LIGHT RAIN               36     FREEZING RAIN              0
LT FREEZING RAIN          0     HAIL                       0
HEAVY SNOW                0     SNOW                       0
LIGHT SNOW                0     SLEET                      0
FOG                      42     FOG W/VIS <= 1/4 MILE      1
HAZE                      8

-  INDICATES NEGATIVE NUMBERS.
R  INDICATES RECORD WAS SET OR TIED.
MM INDICATES DATA IS MISSING.
T  INDICATES TRACE AMOUNT.

$$
