000
CXUS51 KALY 011707
CLSGFL

ALBCLMGFL 000
TTAA00 KALY 011702


CLIMATE REPORT
NATIONAL WEATHER SERVICE ALBANY NY
1155 AM EST SUN DEC 1 2019

...................................

...THE GLENS FALLS NY CLIMATE SUMMARY FOR THE SEASON, FROM
9/1/2019 TO 11/30/2019...

CLIMATE NORMAL PERIOD 1981 TO 2010
CLIMATE RECORD PERIOD 1893 TO 2019

WEATHER         OBSERVED          NORMAL  DEPART  LAST YEAR`S
                 VALUE   DATE(S)  VALUE   FROM    VALUE  DATE(S)
                                          NORMAL
................................................................
TEMPERATURE (F)
HIGHEST            84   09/11                         90  09/03
LOWEST              3R  11/13                          3  11/23

AVG. MAXIMUM     66.2              58.4     7.8     56.1
AVG. MINIMUM     42.3              36.3     6.0     40.2
MEAN             54.3              47.3     7.0     48.1
DAYS MAX >= 90      0               0.1    -0.1        1
DAYS MAX <= 32      0               1.6    -1.6        4
DAYS MIN <= 32      9              34.9   -25.9       34
DAYS MIN <= 0       0               0.0     0.0        0

PRECIPITATION (INCHES)
RECORD
 MAXIMUM        16.60   2005
 MINIMUM         1.86   1964
TOTALS           9.91             10.20   -0.29    11.26
DAILY AVG.       0.16              0.11    0.05     0.12
DAYS >= .01        23              31.5    -8.5       38
DAYS >= .10        14              19.5    -5.5       26
DAYS >= .50         7               7.1    -0.1       10
DAYS >= 1.00        4               1.9     2.1        0
GREATEST
 24 HR. TOTAL    1.97   10/17 TO 10/17

DEGREE_DAYS
HEATING TOTAL     663              1632    -969     1621
 SINCE 7/1        691              1698   -1007     1630
COOLING TOTAL      21                25      -4      105
 SINCE 1/1        416               352      64      600

FREEZE DATES
RECORD
 EARLIEST     08/29/1982
 LATEST       06/01/2009
EARLIEST                        09/29
LATEST                          05/13
.................................................................

WIND (MPH)
AVERAGE WIND SPEED              4.5
HIGHEST WIND SPEED/DIRECTION    26/190    DATE  10/31
HIGHEST GUST SPEED/DIRECTION    36/190    DATE  10/31


WEATHER CONDITIONS. NUMBER OF DAYS WITH
THUNDERSTORM              2     MIXED PRECIP               0
HEAVY RAIN                8     RAIN                      12
LIGHT RAIN               23     FREEZING RAIN              0
LT FREEZING RAIN          0     HAIL                       0
HEAVY SNOW                0     SNOW                       0
LIGHT SNOW                0     SLEET                      0
FOG                      46     FOG W/VIS <= 1/4 MILE     12
HAZE                      1

-  INDICATES NEGATIVE NUMBERS.
R  INDICATES RECORD WAS SET OR TIED.
MM INDICATES DATA IS MISSING.
T  INDICATES TRACE AMOUNT.

$$
