865
CXUS51 KALY 021356
CLSGFL

CLIMATE REPORT
NATIONAL WEATHER SERVICE ALBANY NY
953 AM EDT MON SEP 2 2019

...................................

...THE GLENS FALLS NY CLIMATE SUMMARY FOR THE SEASON, FROM
6/1/2019 TO 8/31/2019...

CLIMATE NORMAL PERIOD 1981 TO 2010
CLIMATE RECORD PERIOD 1893 TO 2019

WEATHER         OBSERVED          NORMAL  DEPART  LAST YEAR`S
                 VALUE   DATE(S)  VALUE   FROM    VALUE  DATE(S)
                                          NORMAL
................................................................
TEMPERATURE (F)
HIGHEST            92   07/21                         MM  MM
LOWEST             40   06/04                         MM  MM
AVG. MAXIMUM     80.5              78.8     1.7       MM
AVG. MINIMUM     55.3              54.6     0.7       MM
MEAN             67.9              66.7     1.2       MM
DAYS MAX >= 90      5               4.3     0.7       MM
DAYS MAX <= 32      0               0.0     0.0       MM
DAYS MIN <= 32      0               0.1    -0.1       MM
DAYS MIN <= 0       0               0.0     0.0       MM

PRECIPITATION (INCHES)
RECORD
 MAXIMUM        17.74   1915
 MINIMUM         4.56   1913
TOTALS          10.30             11.32   -1.02       MM
DAILY AVG.       0.11              0.12   -0.01       MM
DAYS >= .01        32              33.9    -1.9       MM
DAYS >= .10        17              21.1    -4.1       MM
DAYS >= .50        10               7.9     2.1       MM
DAYS >= 1.00        1               2.7    -1.7       MM
GREATEST
 24 HR. TOTAL    1.85   08/20 TO 08/20

DEGREE_DAYS
HEATING TOTAL      98               157     -59
 SINCE 7/1         28                66     -38
COOLING TOTAL     386               315      71
 SINCE 1/1        395               327      68

FREEZE DATES
RECORD
 EARLIEST     08/29/1982
 LATEST       06/01/2009
EARLIEST                        09/29
LATEST                          05/13
.................................................................

WIND (MPH)
AVERAGE WIND SPEED              4.6
HIGHEST WIND SPEED/DIRECTION    25/290    DATE  08/17
HIGHEST GUST SPEED/DIRECTION    34/290    DATE  08/17


WEATHER CONDITIONS. NUMBER OF DAYS WITH
THUNDERSTORM             16     MIXED PRECIP               0
HEAVY RAIN               12     RAIN                      17
LIGHT RAIN               41     FREEZING RAIN              0
LT FREEZING RAIN          0     HAIL                       0
HEAVY SNOW                0     SNOW                       0
LIGHT SNOW                0     SLEET                      0
FOG                      71     FOG W/VIS <= 1/4 MILE     29
HAZE                      9

-  INDICATES NEGATIVE NUMBERS.
R  INDICATES RECORD WAS SET OR TIED.
MM INDICATES DATA IS MISSING.
T  INDICATES TRACE AMOUNT.

$$
