000
CXUS53 KGRB 040253
CLSGRB

CLIMATE REPORT
NATIONAL WEATHER SERVICE GREEN BAY
954 PM CDT TUE SEP 3 2019

...TIED 48TH WARMEST SUMMER ON RECORD...
...13TH WETTEST SUMMER ON RECORD...
...TIED 33RD LEAST HEATING DEGREE DAYS ON RECORD...

...THE GREEN BAY WI SUMMER CLIMATE SUMMARY FROM 6/1/2019 TO
8/31/2019...

CLIMATE NORMAL PERIOD 1981 TO 2010
CLIMATE RECORD PERIOD 1886 TO 2019

WEATHER         OBSERVED          NORMAL  DEPART  LAST YEAR`S
                 VALUE   DATE(S)  VALUE   FROM    VALUE  DATE(S)
                                          NORMAL
................................................................
TEMPERATURE (F)
RECORD
 HIGH             104   07/13/1936
 LOW               32   06/06/1958
HIGHEST            92   07/19        94      -2       94  06/29
LOWEST             41   06/03        40       1       43  06/06
AVG. MAXIMUM     78.8              77.6     1.2     80.2
AVG. MINIMUM     58.5              56.5     2.0     59.4
MEAN             68.7              67.0     1.7     69.8
DAYS MAX >= 90      3               3.1    -0.1        5
DAYS MAX <= 32      0               0.0     0.0        0
DAYS MIN <= 32      0               0.0     0.0        0
DAYS MIN <= 0       0               0.0     0.0        0

PRECIPITATION (INCHES)
RECORD
 MAXIMUM        20.66   2010
 MINIMUM         4.42   1976
TOTALS          13.78             10.75    3.03    14.26
DAILY AVG.       0.15              0.12    0.03     0.15
DAYS >= .01        33              31.1     1.9       29
DAYS >= .10        22              19.4     2.6       20
DAYS >= .50        10               7.2     2.8        9
DAYS >= 1.00        4               2.7     1.3        4

SNOWFALL (INCHES)
RECORDS
 TOTAL            0.0
 24 HR TOTAL      0.0
TOTALS            0.0               0.0     0.0      0.0
SINCE 7/1         0.0               0.0     0.0      0.0
DAYS >= TRACE       0               0.0     0.0        0
DAYS >= 1.0         0               0.0     0.0        0
GREATEST
 SNOW DEPTH         0                                  0
 24 HR TOTAL      0.0

DEGREE_DAYS
HEATING TOTAL      92               155     -63       38
 SINCE 7/1         24                63     -39       11
COOLING TOTAL     457               344     113      507
 SINCE 1/1        471               362     109      600

FREEZE DATES
RECORD
 EARLIEST     09/12/1955
 LATEST       06/06/1958
EARLIEST                        10/04
LATEST                          05/05
.................................................................

WIND (MPH)
AVERAGE WIND SPEED              6.5
RESULTANT WIND SPEED/DIRECTION   1/238
HIGHEST WIND SPEED/DIRECTION    40/280    DATE  07/20
HIGHEST GUST SPEED/DIRECTION    59/280    DATE  07/20

SKY COVER
POSSIBLE SUNSHINE (PERCENT)   MM
AVERAGE SKY COVER           0.30
NUMBER OF DAYS FAIR           59
NUMBER OF DAYS PC             26
NUMBER OF DAYS CLOUDY          7

AVERAGE RH (PERCENT)     73

-  INDICATES NEGATIVE NUMBERS.
R  INDICATES RECORD WAS SET OR TIED.
MM INDICATES DATA IS MISSING.
T  INDICATES TRACE AMOUNT.

$$
ECKBERG
