097
CXUS52 KRAH 121424 RRB
CLSGSO

CLIMATE REPORT
NATIONAL WEATHER SERVICE RALEIGH NC
1023 AM EDT THU SEP 12 2019

...................................

...THE PIEDMONT TRIAD INTL AIRPORT CLIMATE SUMMARY FOR THE SEASON, FROM
6/1/2019 TO 8/31/2019...

CLIMATE NORMAL PERIOD 1981 TO 2010
CLIMATE RECORD PERIOD 1903 TO 2019

WEATHER         OBSERVED          NORMAL  DEPART
                 VALUE   DATE(S)  VALUE   FROM
                                          NORMAL
................................................
TEMPERATURE (F)
RECORD
 HIGH             103   08/18/1988
 LOW               42   06/08/1977
                        06/12/1972
                        06/11/1972
HIGHEST            96   07/17
LOWEST             53   06/14
AVG. MAXIMUM     86.8              86.4     0.4
AVG. MINIMUM     67.8              67.5     0.3
MEAN             77.3              76.9     0.4
DAYS MAX >= 90     35              26.0     9.0
DAYS MAX <= 32      0               0.0     0.0
DAYS MIN <= 32      0               0.0     0.0
DAYS MIN <= 0       0               0.0     0.0

PRECIPITATION (INCHES)
RECORD
 MAXIMUM        24.00   1906
 MINIMUM         3.51   1990
TOTALS          17.83             12.09    5.74
DAYS >= .01        35              30.4     4.6
DAYS >= 1.00        6               3.3     2.7
GREATEST
 24 HR. TOTAL    3.08   06/07 TO 06/08

DEGREE_DAYS
COOLING TOTAL    1158              1103      55
 SINCE 1/1       1463              1262     201
.................................................

WIND (MPH)
AVERAGE WIND SPEED              6.3
HIGHEST WIND SPEED/DIRECTION    44/210    DATE  07/31
HIGHEST GUST SPEED/DIRECTION    58/280    DATE  08/22

SKY COVER
POSSIBLE SUNSHINE (PERCENT)   MM
AVERAGE SKY COVER           0.60
NUMBER OF DAYS FAIR           10
NUMBER OF DAYS PC             53
NUMBER OF DAYS CLOUDY         29

AVERAGE RH (PERCENT)     73

WEATHER CONDITIONS. NUMBER OF DAYS WITH
THUNDERSTORM             35     MIXED PRECIP               0
HEAVY RAIN               17     RAIN                      15
LIGHT RAIN               45     FREEZING RAIN              0
LT FREEZING RAIN          0     HAIL                       0
HEAVY SNOW                0     SNOW                       0
LIGHT SNOW                0     SLEET                      0
FOG                      36     FOG W/VIS <= 1/4 MILE      1
HAZE                      8

-  INDICATES NEGATIVE NUMBERS.
R  INDICATES RECORD WAS SET OR TIED.
MM INDICATES DATA IS MISSING.
T  INDICATES TRACE AMOUNT.

$$
