000
CXUS52 KRAH 022304 RRB
CLSGSO

CLIMATE REPORT
NATIONAL WEATHER SERVICE RALEIGH NC
535 PM EST MON DEC 2 2019

...................................

...THE PIEDMONT TRIAD INTL AIRPORT CLIMATE SUMMARY FOR THE SEASON, FROM
9/1/2019 TO 11/30/2019...

CLIMATE NORMAL PERIOD 1981 TO 2010
CLIMATE RECORD PERIOD 1903 TO 2019

WEATHER         OBSERVED          NORMAL  DEPART
                 VALUE   DATE(S)  VALUE   FROM
                                          NORMAL
................................................
TEMPERATURE (F)
RECORD
 HIGH             101   09/03/1921
                        09/02/1921
                        09/10/1897
 LOW               10   11/25/1970
                        11/30/1929
HIGHEST            95   10/03
                        09/12
LOWEST             20   11/13
AVG. MAXIMUM     72.6              70.3     2.3
AVG. MINIMUM     52.0              49.7     2.3
MEAN             62.3              60.0     2.3
DAYS MAX >= 90      8               2.0     6.0
DAYS MAX <= 32      0               0.0     0.0
DAYS MIN <= 32      8               7.1     0.9
DAYS MIN <= 0       0               0.0     0.0

PRECIPITATION (INCHES)
RECORD
 MAXIMUM        22.85   2018
 MINIMUM         1.33   1931
TOTALS           9.82             10.43   -0.61
DAYS >= .01        19              22.7    -3.7
DAYS >= 1.00        3               3.2    -0.2
GREATEST
 24 HR. TOTAL    1.61   10/19 TO 10/20

SNOWFALL (INCHES)
RECORDS
 TOTAL            5.9   1969
TOTALS              T               0.1    -0.1
DAYS >= TRACE       1               0.1     0.9
DAYS >= 1.0         0               0.0     0.0
GREATEST
 SNOW DEPTH         0

DEGREE_DAYS
HEATING TOTAL     652               680     -28
 SINCE 7/1        652               680     -28
.................................................

WIND (MPH)
AVERAGE WIND SPEED              6.0
HIGHEST WIND SPEED/DIRECTION    36/310    DATE  10/31
HIGHEST GUST SPEED/DIRECTION    43/310    DATE  10/31

SKY COVER
POSSIBLE SUNSHINE (PERCENT)   MM
AVERAGE SKY COVER           0.50
NUMBER OF DAYS FAIR           28
NUMBER OF DAYS PC             36
NUMBER OF DAYS CLOUDY         27

AVERAGE RH (PERCENT)     69

WEATHER CONDITIONS. NUMBER OF DAYS WITH
THUNDERSTORM              6     MIXED PRECIP               0
HEAVY RAIN               11     RAIN                      13
LIGHT RAIN               25     FREEZING RAIN              0
LT FREEZING RAIN          0     HAIL                       0
HEAVY SNOW                0     SNOW                       0
LIGHT SNOW                0     SLEET                      1
FOG                      35     FOG W/VIS <= 1/4 MILE      4
HAZE                      6



-  INDICATES NEGATIVE NUMBERS.
R  INDICATES RECORD WAS SET OR TIED.
MM INDICATES DATA IS MISSING.
T  INDICATES TRACE AMOUNT.

$$
