503
CXUS54 KLZK 011758
CLSHRO


CLIMATE REPORT
NATIONAL WEATHER SERVICE LITTLE ROCK AR
1252 PM CDT SUN SEP 1 2019

...................................

...THE HARRISON CLIMATE SUMMARY FOR THE SEASON, FROM
6/1/2019 TO 8/31/2019...

CLIMATE NORMAL PERIOD 1981 TO 2010
CLIMATE RECORD PERIOD 1891 TO 2019

WEATHER         OBSERVED          NORMAL  DEPART  LAST YEAR`S
                 VALUE   DATE(S)  VALUE   FROM    VALUE  DATE(S)
                                          NORMAL
................................................................
TEMPERATURE (F)
RECORD
 HIGH             112   08/03/2011
                        07/18/1936
                        08/09/1934
 LOW               40   06/24/1949
                        06/12/1903
HIGHEST            96   08/19        87       9       99  07/11
                                                          07/05
LOWEST             52   06/14        67     -15       54  06/04
                        06/11
AVG. MAXIMUM     85.8              87.5    -1.7     89.3
AVG. MINIMUM     65.7              65.7     0.0     67.1
MEAN             75.7              76.6    -0.9     78.2
DAYS MAX >= 90     23              33.4   -10.4       50
DAYS MAX <= 32      0               0.0     0.0        0
DAYS MIN <= 32      0               0.0     0.0        0
DAYS MIN <= 0       0               0.0     0.0        0

PRECIPITATION (INCHES)
RECORD
 MAXIMUM        25.55   1915
 MINIMUM         2.99   2006
TOTALS          14.07             10.96    3.11    10.89
DAILY AVG.       0.15              0.12    0.03     0.12
DAYS >= .01        35              29.9     5.1       32
DAYS >= .10        23                                 19
DAYS >= .50         6                                  5
DAYS >= 1.00        5               2.9     2.1        4
GREATEST
 24 HR. TOTAL    2.80   06/23 TO 06/23

SNOWFALL (INCHES)
TOTALS            0.0               0.0     0.0      0.0
 LIQUID EQUIV    0.00              0.00    0.00     0.00
SINCE 7/1         0.0
 LIQUID 7/1      0.00              0.00    0.00     0.00
SNOWDEPTH AVG.      0                 0       0        0
DAYS >= TRACE       0               0.0     0.0        0
DAYS >= 1.0         0               0.0     0.0        0
GREATEST
 SNOW DEPTH         0   MM                             0  MM
 24 HR TOTAL      0.0

DEGREE_DAYS
HEATING TOTAL       0                 7      -7        0
 SINCE 7/1          0                 1      -1        0
COOLING TOTAL    1013              1072     -59     1237
 SINCE 1/1       1184              1211     -27     1513

FREEZE DATES
RECORD
 EARLIEST     09/13/1902
 LATEST       05/17/1912
EARLIEST                        10/29
LATEST                          04/04
.................................................................

WIND (MPH)
AVERAGE WIND SPEED              5.2
HIGHEST WIND SPEED/DIRECTION    36/050    DATE  08/26
HIGHEST GUST SPEED/DIRECTION    46/100    DATE  08/26

SKY COVER
POSSIBLE SUNSHINE (PERCENT)   MM
AVERAGE SKY COVER           0.30
NUMBER OF DAYS FAIR           65
NUMBER OF DAYS PC             21
NUMBER OF DAYS CLOUDY          6

AVERAGE RH (PERCENT)     77

-  INDICATES NEGATIVE NUMBERS.
R  INDICATES RECORD WAS SET OR TIED.
MM INDICATES DATA IS MISSING.
T  INDICATES TRACE AMOUNT.

&&

..Data for Harrison for the Summer of 2019...

.Seasonal Temperatures...
The average high, low, and seasonal temperature were the coolest in
two years (since 2017).

.Seasonal Rainfall...
Rainfall was above average. It was the wettest summer in three years
(since 2016).

.Miscellaneous Data...
There were no days with high temperatures of 100 degrees or more for
the 6th summer in a row. There have been no 100-degree days at
Harrison since June 28, 2013, which marked 2,256 days as of August
31, 2019.

There were 35 days with measurable rainfall, which was the most
since 2016.

$$

57
