000
CXUS51 KRLX 011539
CLSHTS


CLIMATE REPORT
NATIONAL WEATHER SERVICE CHARLESTON WV
1137 AM EDT SUN SEP 1 2019

...................................

...THE HUNTINGTON WV CLIMATE SUMMARY FOR THE SEASON, FROM
6/1/2019 TO 8/31/2019...

CLIMATE NORMAL PERIOD 1981 TO 2010
CLIMATE RECORD PERIOD 1897 TO 2019

WEATHER         OBSERVED          NORMAL  DEPART  LAST YEAR`S
                 VALUE   DATE(S)  VALUE   FROM    VALUE
                                          NORMAL
.............................................................
TEMPERATURE (F)
RECORD
 HIGH             108   07/28/1930
 LOW               39   06/06/1945
HIGHEST            94   08/20                         95
                        07/20
LOWEST             50   06/14                         50
AVG. MAXIMUM     85.1              84.8     0.3     85.3
AVG. MINIMUM     64.8              63.7     1.1     65.8
MEAN             74.9              74.2     0.7     75.6
DAYS MAX >= 90     23              18.9     4.1       19
DAYS MAX <= 32      0               0.0     0.0        0
DAYS MIN <= 32      0               0.0     0.0        0
DAYS MIN <= 0       0               0.0     0.0        0

PRECIPITATION (INCHES)
RECORD
 MAXIMUM        21.48   1907
 MINIMUM         5.09   1930
TOTALS          14.60             12.17    2.43    16.32
DAILY AVG.       0.16              0.13    0.03     0.18
DAYS >= .01        36              32.7     3.3       36
DAYS >= .10        25              21.8     3.2       26
DAYS >= .50        12               8.2     3.8       12
DAYS >= 1.00        4               3.1     0.9        6
GREATEST
 24 HR. TOTAL    1.74   MM

SNOWFALL (INCHES)
RECORDS
 TOTAL             MM   5
 24 HR TOTAL       MM
TOTALS            0.0               0.0     0.0      0.0
SINCE 7/1         0.0               0.0     0.0      0.0
DAYS >= TRACE       0               0.0     0.0        0
DAYS >= 1.0         0               0.0     0.0        0
GREATEST
 24 HR TOTAL      0.0   MM

DEGREE_DAYS
HEATING TOTAL       5                14      -9        0
 SINCE 7/1          0                 2      -2        0
COOLING TOTAL     943               864      79      990
 SINCE 1/1       1139               977     162     1271
..............................................................

WIND (MPH)
AVERAGE WIND SPEED              4.4
HIGHEST WIND SPEED/DIRECTION    23/020    DATE  06/02
HIGHEST GUST SPEED/DIRECTION    36/270    DATE  06/16

SKY COVER
POSSIBLE SUNSHINE (PERCENT)   MM
AVERAGE SKY COVER           0.30
NUMBER OF DAYS FAIR           60
NUMBER OF DAYS PC             22
NUMBER OF DAYS CLOUDY         10

AVERAGE RH (PERCENT)     75

-  INDICATES NEGATIVE NUMBERS.
R  INDICATES RECORD WAS SET OR TIED.
MM INDICATES DATA IS MISSING.
T  INDICATES TRACE AMOUNT.

$$
