573
CXUS51 KRLX 030241
CLSHTS

CLIMATE REPORT
NATIONAL WEATHER SERVICE CHARLESTON WV
1041 PM EDT WED JUN 02 2021

...................................

...THE HUNTINGTON WV CLIMATE SUMMARY FOR THE SEASON, FROM
3/1/2021 TO 5/31/2021...

CLIMATE NORMAL PERIOD: 1991 TO 2020
CLIMATE RECORD PERIOD: 1897 TO 2021

WEATHER         OBSERVED          NORMAL  DEPART   LAST YEAR`S
                VALUE   DATE(S)   VALUE   FROM     VALUE
                                          NORMAL
..............................................................
TEMPERATURE (F)
RECORD
 HIGH             98   05/31/1919
 LOW              -2   03/03/1980
HIGHEST           89   05/25                          90
LOWEST            21   03/08                          19
AVG. MAXIMUM    67.5               67.3     0.2     66.1
AVG. MINIMUM    44.0               45.3    -1.3     45.3
MEAN            55.8               56.3    -0.5     55.7
DAYS MAX >= 90     0                0.8    -0.8        1
DAYS MAX <= 32     0                0.7    -0.7        0
DAYS MAX >= 80    13                                  16
DAYS MAX >= 100    0                                   0
DAYS MIN <= 32    15               15.9    -0.9       11
DAYS MIN <= 0      0                0.0     0.0        0
DAYS MIN <= 10     0                                   0

PRECIPITATION (INCHES)
RECORD
 MAXIMUM       22.52   2011
 MINIMUM        5.05   1941
TOTALS         10.50              12.58   -2.08    14.81
DAILY AVG.      0.12               0.14   -0.02     0.16
DAYS >= .01       33               40.3    -7.3       56
DAYS >= .10       19               24.8    -5.8       33
DAYS >= .50        6                8.0    -2.0       10
DAYS >= 1.00       1                2.5    -1.5        3
GREATEST
 24 HR. TOTAL   2.13                                1.78

SNOWFALL (INCHES)
RECORDS
 TOTAL          23.7   1993
 24 HR TOTAL    21.1   03/13/1993 TO 03/13/1993
TOTALS             T                4.6    -4.6        T
SINCE 7/1        9.6               19.8   -10.2       MM
DAYS >= TRACE      2                3.0    -1.0        2
DAYS >= 1.0        0                1.2    -1.2        0
DAYS >= 3.0        0                                   0
GREATEST
 SNOW DEPTH        0                                   0
 24 HR TOTAL      MM                                   T

DEGREE DAYS
HEATING TOTAL    928                944     -16      959
 SINCE 7/1      4316               4312       4       MM
COOLING TOTAL    106                140     -34      130
 SINCE 1/1       106                140     -34       MM
..............................................................

WIND (MPH)
AVERAGE WIND SPEED              5.6
HIGHEST WIND SPEED/DIRECTION    32/220    DATE  05/09
HIGHEST GUST SPEED/DIRECTION    49/240    DATE  05/09

SKY COVER
POSSIBLE SUNSHINE (PERCENT)   MM
AVERAGE SKY COVER           0.35
NUMBER OF DAYS FAIR           52
NUMBER OF DAYS PC             24
NUMBER OF DAYS CLOUDY         16

AVERAGE RH (PERCENT)     61

WEATHER CONDITIONS. NUMBER OF DAYS WITH
THUNDERSTORM              9     MIXED PRECIP               0
HEAVY RAIN               12     RAIN                      17
LIGHT RAIN               35     FREEZING RAIN              0
LT FREEZING RAIN          0     HAIL                       0
HEAVY SNOW                0     SNOW                       0
LIGHT SNOW                2     SLEET                      0
FOG                      39     FOG W/VIS <= 1/4 MILE      4
HAZE                      8

-  INDICATES NEGATIVE NUMBERS.
R  INDICATES RECORD WAS SET OR TIED.
MM INDICATES DATA IS MISSING.
T  INDICATES TRACE AMOUNT.

$$
