000
CXUS51 KRLX 020141
CLSHTS

CLIMATE REPORT
NATIONAL WEATHER SERVICE CHARLESTON WV
941 PM EDT MON JUN 01 2020

...................................

...THE HUNTINGTON WV CLIMATE SUMMARY FOR THE SEASON, FROM
3/1/2020 TO 5/31/2020...

CLIMATE NORMAL PERIOD: 1981 TO 2010
CLIMATE RECORD PERIOD: 1897 TO 2020

WEATHER         OBSERVED          NORMAL  DEPART   LAST YEAR`S
                VALUE   DATE(S)   VALUE   FROM     VALUE
                                          NORMAL
..............................................................
TEMPERATURE (F)
RECORD
 HIGH             98   05/31/1919
 LOW              -2   03/03/1980
HIGHEST           90   05/25                          89
LOWEST            19   03/01                          13
AVG. MAXIMUM    66.1               66.6    -0.5     68.0
AVG. MINIMUM    45.3               44.2     1.1     46.2
MEAN            55.7               55.4     0.3     57.1
DAYS MAX >= 90     1                0.5     0.5        0
DAYS MAX <= 32     0                0.5    -0.5        3
DAYS MAX >= 80    16                                  MM
DAYS MAX >= 100    0                                  MM
DAYS MIN <= 32    11               15.1    -4.1       20
DAYS MIN <= 0      0                0.0     0.0        0
DAYS MIN >= 20    91                                  MM
DAYS MIN <= 10     0                                  MM

PRECIPITATION (INCHES)
RECORD
 MAXIMUM       22.52   2011
 MINIMUM        5.05   1941
TOTALS         14.81              12.04    2.77    10.68
DAILY AVG.      0.16               0.13    0.03     0.12
DAYS >= .01       56               39.9    16.1       38
DAYS >= .10       33               24.6     8.4       24
DAYS >= .50       10                7.4     2.6        8
DAYS >= 1.00       3                2.1     0.9        1
DAYS >= %-5.2F     0                                  MM
GREATEST
 24 HR. TOTAL   1.78   05/20 TO 05/20               1.07

SNOWFALL (INCHES)
RECORDS
 TOTAL          23.7   1993
 24 HR TOTAL    21.1   03/13/1993 TO 03/13/1993
TOTALS             T                4.7    -4.7      2.4
SINCE 7/1        5.5               23.6   -18.1       MM
DAYS >= TRACE      2                3.3    -1.3        6
DAYS >= 1.0        0                1.2    -1.2        1
DAYS >= 3.0        0                                  MM
GREATEST
 SNOW DEPTH        0                                   1
 24 HR TOTAL       T   03/06 TO 03/06                1.5
                       04/14 TO 04/14

DEGREE DAYS
HEATING TOTAL    959                999     -40      905
 SINCE 7/1      4020               4501    -481       MM
COOLING TOTAL    130                114      16      196
 SINCE 1/1       134                113      21      196
..............................................................

WIND (MPH)
AVERAGE WIND SPEED              6.0
HIGHEST WIND SPEED/DIRECTION    29/230    DATE  03/29
HIGHEST GUST SPEED/DIRECTION    47/210    DATE  03/29

SKY COVER
POSSIBLE SUNSHINE (PERCENT)   MM
AVERAGE SKY COVER           0.52
NUMBER OF DAYS FAIR           31
NUMBER OF DAYS PC             34
NUMBER OF DAYS CLOUDY         27

AVERAGE RH (PERCENT)     67

WEATHER CONDITIONS. NUMBER OF DAYS WITH
THUNDERSTORM             15     MIXED PRECIP               0
HEAVY RAIN               17     RAIN                      28
LIGHT RAIN               59     FREEZING RAIN              0
LT FREEZING RAIN          0     HAIL                       0
HEAVY SNOW                0     SNOW                       0
LIGHT SNOW                2     SLEET                      0
FOG                      54     FOG W/VIS <= 1/4 MILE      9
HAZE                      5

-  INDICATES NEGATIVE NUMBERS.
R  INDICATES RECORD WAS SET OR TIED.
MM INDICATES DATA IS MISSING.
T  INDICATES TRACE AMOUNT.

$$
