749
CXUS52 KILM 021149
CLSILM

CLIMATE REPORT
NATIONAL WEATHER SERVICE WILMINGTON NC
730 AM EDT MON SEP 2 2019

...................................

...THE WILMINGTON NORTH CAROLINA CLIMATE SUMMARY FOR THE SEASON, FROM
6/1/2019 TO 8/31/2019...

CLIMATE NORMAL PERIOD 1981 TO 2010
CLIMATE RECORD PERIOD 1871 TO 2019

WEATHER         OBSERVED          NORMAL  DEPART  LAST YEAR`S
                 VALUE   DATE(S)  VALUE   FROM    VALUE  DATE(S)
                                          NORMAL
................................................................
TEMPERATURE (F)
RECORD
 HIGH             104   06/27/1952
 LOW               48   06/02/1983
HIGHEST            99   08/09        MM      MM       97
                        06/30
LOWEST             55   06/15        MM      MM       61
AVG. MAXIMUM     90.1              88.3     1.8     89.1
AVG. MINIMUM     71.5              70.9     0.6     72.3
MEAN             80.8              79.6     1.2     80.7
DAYS MAX >= 90     55              34.1    20.9       43
DAYS MAX <= 32      0               0.0     0.0        0
DAYS MIN <= 32      0               0.0     0.0        0
DAYS MIN <= 0       0               0.0     0.0        0

PRECIPITATION (INCHES)
RECORD
 MAXIMUM        30.94   2018
 MINIMUM        23.71   2008
TOTALS          13.67R            20.07   -6.40    30.94
DAILY AVG.       0.15              0.22   -0.07     0.34
DAYS >= .01        35              45.1   -10.1       44
DAYS >= .10        20              25.3    -5.3       34
DAYS >= .50         7              12.3    -5.3       18
DAYS >= 1.00        3               6.2    -3.2       11
GREATEST
 24 HR. TOTAL    3.04   MM                          3.86

SNOWFALL (INCHES)
RECORDS
 TOTAL             MM   MM
 24 HR TOTAL       MM
TOTALS            0.0               0.0     0.0      0.0
SINCE 7/1         0.0               0.0     0.0      0.0
DAYS >= 1.0         0               0.0     0.0        0
GREATEST
 SNOW DEPTH         0   MM                             0  MM
 24 HR TOTAL      0.0   MM                           0.0

DEGREE_DAYS
HEATING TOTAL       0                 2      -2        0
 SINCE 7/1          0                 0       0        0
COOLING TOTAL    1483              1342     141     1467
 SINCE 1/1       1974              1623     351     1865
.................................................................

WIND (MPH)
AVERAGE WIND SPEED              7.0
RESULTANT WIND SPEED/DIRECTION   2/206
HIGHEST WIND SPEED/DIRECTION    36/240    DATE  06/20
HIGHEST GUST SPEED/DIRECTION    47/210    DATE  06/20

SKY COVER
POSSIBLE SUNSHINE (PERCENT)   MM
AVERAGE SKY COVER           0.30
NUMBER OF DAYS FAIR           69
NUMBER OF DAYS PC             21
NUMBER OF DAYS CLOUDY          2

AVERAGE RH (PERCENT)     72

WEATHER CONDITIONS. NUMBER OF DAYS WITH
THUNDERSTORM             30     MIXED PRECIP               0
HEAVY RAIN               18     RAIN                      17
LIGHT RAIN               36     FREEZING RAIN              0
LT FREEZING RAIN          0     HAIL                       0
HEAVY SNOW                0     SNOW                       0
LIGHT SNOW                0     SLEET                      0
FOG                      34     FOG W/VIS <= 1/4 MILE      2
HAZE                      5

-  INDICATES NEGATIVE NUMBERS.
R  INDICATES RECORD WAS SET OR TIED.
MM INDICATES DATA IS MISSING.
T  INDICATES TRACE AMOUNT.

$$
