000
CXUS53 KILX 020058
CLSILX

CLIMATE REPORT
NATIONAL WEATHER SERVICE LINCOLN IL
355 PM CDT SUN SEP 1 2019

...................................

...THE LINCOLN IL CLIMATE SUMMARY FOR THE SEASON, FROM
6/1/2019 TO 8/31/2019...

CLIMATE NORMAL PERIOD 1981 TO 2010
CLIMATE RECORD PERIOD 1905 TO 2019

WEATHER         OBSERVED          NORMAL  DEPART  LAST YEAR`S
                 VALUE   DATE(S)  VALUE   FROM    VALUE
                                          NORMAL
.............................................................
TEMPERATURE (F)
RECORD
 HIGH             113   07/15/1936
 LOW               35   06/16/1917
                        06/11/1913
HIGHEST            95   07/10        MM      MM       92
LOWEST             47   06/14        MM      MM       50
AVG. MAXIMUM     83.7              84.2    -0.5     83.4
AVG. MINIMUM     62.7              62.6     0.1     62.7
MEAN             73.2              73.4    -0.2     73.1
DAYS MAX >= 90     15              17.5    -2.5       13
DAYS MAX <= 32      0               0.0     0.0        0
DAYS MIN <= 32      0               0.0     0.0        0
DAYS MIN <= 0       0               0.0     0.0        0

PRECIPITATION (INCHES)
RECORD
 MAXIMUM        23.76   1981
 MINIMUM         3.15   1988
TOTALS           9.87             13.30   -3.43    10.92
DAILY AVG.       0.11                               0.12
DAYS >= .01        27              27.1    -0.1       27
DAYS >= .10        15              18.2    -3.2       19
DAYS >= .50         8               8.3    -0.3       10
DAYS >= 1.00        3               3.6    -0.6        3
GREATEST
 24 HR. TOTAL    1.79   MM                          1.42

SNOWFALL (INCHES)
RECORDS
 TOTAL              T   2017
                        2013
                        2011
 24 HR TOTAL      0.0   MM
TOTALS            0.0               0.0     0.0      0.0
DAYS >= TRACE       0               0.0     0.0        0
DAYS >= 1.0         0               0.0     0.0        0
GREATEST
 SNOW DEPTH         0   MM                             0
 24 HR TOTAL      0.0   MM                           0.0

DEGREE_DAYS
HEATING TOTAL      10                26     -16        7
 SINCE 7/1          1                 9      -8        7
COOLING TOTAL     790               798      -8      768
 SINCE 1/1        889               889       0      981

FREEZE DATES
RECORD
 EARLIEST     09/11/1917
 LATEST       05/29/1925
EARLIEST                        10/12
LATEST                          04/18
..............................................................

SKY COVER
POSSIBLE SUNSHINE (PERCENT)   MM


WEATHER CONDITIONS. NUMBER OF DAYS WITH
THUNDERSTORM             19     MIXED PRECIP               0
HEAVY RAIN               10     RAIN                      14
LIGHT RAIN               37     FREEZING RAIN              0
LT FREEZING RAIN          0     HAIL                       0
HEAVY SNOW                0     SNOW                       0
LIGHT SNOW                0     SLEET                      0
FOG                      14     FOG W/VIS <= 1/4 MILE      2
HAZE                      2

-  INDICATES NEGATIVE NUMBERS.
R  INDICATES RECORD WAS SET OR TIED.
MM INDICATES DATA IS MISSING.
T  INDICATES TRACE AMOUNT.

&&

SUMMER SEASON RECORDS:

* WARM LOW OF 78 DEGREES ON JULY 19TH

$$
