000
CXUS53 KDVN 011155
CLSIOW


CLIMATE REPORT
NATIONAL WEATHER SERVICE QUAD CITIES IA IL
643 AM CDT SUN SEP 1 2019

...................................

...THE IOWA CITY IA CLIMATE SUMMARY FOR THE SEASON, FROM
6/1/2019 TO 8/31/2019...

CLIMATE NORMAL PERIOD 1981 TO 2010
CLIMATE RECORD PERIOD 9999 TO 9999

WEATHER         OBSERVED          NORMAL  DEPART
                 VALUE   DATE(S)  VALUE   FROM
                                          NORMAL
................................................
TEMPERATURE (F)
HIGHEST            98   07/19        85      13
LOWEST             51   06/13        57      -6
AVG. MAXIMUM     84.7              82.9     1.8
AVG. MINIMUM     64.4              63.1     1.3
MEAN             74.6              73.0     1.6
DAYS MAX >= 90     23
DAYS MAX <= 32      0
DAYS MIN <= 32      0
DAYS MIN <= 0       0

PRECIPITATION (INCHES)
TOTALS           9.13             14.06   -4.93
DAILY AVG.       0.10              0.15   -0.05
DAYS >= .01        31
DAYS >= .10        21
DAYS >= .50         4
DAYS >= 1.00        3
GREATEST
 24 HR. TOTAL    1.86   08/20 TO 08/20

DEGREE_DAYS
HEATING TOTAL       6                25     -19
 SINCE 7/1          0                 8      -8
COOLING TOTAL     909               761     148
 SINCE 1/1        955               822     133
.................................................

WIND (MPH)
AVERAGE WIND SPEED              6.5
HIGHEST WIND SPEED/DIRECTION    39/030    DATE  06/30
HIGHEST GUST SPEED/DIRECTION    55/030    DATE  06/30

SKY COVER
AVERAGE SKY COVER           0.30
NUMBER OF DAYS FAIR           65
NUMBER OF DAYS PC             23
NUMBER OF DAYS CLOUDY          4

AVERAGE RH (PERCENT)     68

WEATHER CONDITIONS. NUMBER OF DAYS WITH
THUNDERSTORM             24     HAIL                       0
SLEET                     0     FOG                       27
FOG W/VIS <= 1/4 MILE     1     HAZE                       4

-  INDICATES NEGATIVE NUMBERS.
R  INDICATES RECORD WAS SET OR TIED.
MM INDICATES DATA IS MISSING.
T  INDICATES TRACE AMOUNT.

$$

===================================================================

NOTE: SUPPLEMENTAL CLIMATE DATA WAS USED FROM A NEARBY
CLIMATOLOGICALLY REPRESENTATIVE STATION.

PARAMETER    DATE
---------    ----
 MIN TEMP    07/01

===================================================================

GROSS
