000
CXUS51 KCTP 110655
CLSIPT

CLIMATE REPORT
NATIONAL WEATHER SERVICE STATE COLLEGE PA
0250 AM EDT WED SEP 11 2019
CORRECTION
...................................

...THE WILLIAMSPORT PA CLIMATE SUMMARY FOR THE SEASON, FROM
6/1/2019 TO 8/31/2019...

CLIMATE NORMAL PERIOD 1981 TO 2010
CLIMATE RECORD PERIOD 1895 TO 2019

WEATHER         OBSERVED          NORMAL  DEPART  LAST YEAR`S
                 VALUE   DATE(S)  VALUE   FROM    VALUE  DATE(S)
                                          NORMAL
................................................................
TEMPERATURE (F)
RECORD
 HIGH             106   07/09/1936
 LOW               36   06/03/1986
                        06/01/1945
                        06/03/1929
HIGHEST            95   07/21         0      95       97  06/18
LOWEST             41   06/04         0      41       47  06/05
AVG. MAXIMUM     82.8              81.7     1.1     83.2
AVG. MINIMUM     61.4              60.1     1.3     62.5
MEAN             72.1              70.9     1.2     72.8
DAYS MAX >= 90      8              13.0    -5.0       13
DAYS MAX <= 32      0               0.0     0.0        0
DAYS MIN <= 32      0               0.0     0.0        0
DAYS MIN <= 0       0               0.0     0.0        0

PRECIPITATION (INCHES)
RECORD
 MAXIMUM        23.73   2018
 MINIMUM         6.00   1909
TOTALS          16.26             12.12    4.14    23.73
DAILY AVG.       0.18              0.13    0.05     0.26
DAYS >= .01        37              33.6     3.4       41
DAYS >= .10        30              21.8     8.2       28
DAYS >= .50        12               8.3     3.7       11
DAYS >= 1.00        3               2.9     0.1        9
GREATEST
 24 HR. TOTAL    1.86   MM
 STORM TOTAL       MM
 (MM/DD(HH))

SNOWFALL (INCHES)
RECORDS
 TOTAL             MM   MM
 24 HR TOTAL       MM
 SNOW DEPTH        MM   MM
TOTALS            0.0               0.0     0.0      0.0
 LIQUID EQUIV    0.00              0.00    0.00     0.00
SINCE 7/1         0.0               0.0     0.0      0.0
 LIQUID 7/1      0.00              0.00    0.00     0.00
SNOWDEPTH AVG.      0                MM      MM        0
DAYS >= TRACE       0               0.0     0.0        0
DAYS >= 1.0         0               0.0     0.0        0
GREATEST
 SNOW DEPTH         0   MM
 24 HR TOTAL      0.0   MM

 STORM TOTAL       MM
 (MM/DD(HH))

                 OBSERVED          NORMAL  DEPART  LAST YEAR`S

DEGREE_DAYS
HEATING TOTAL      31                51     -20       16
 SINCE 7/1          2                14     -12        0
COOLING TOTAL     711               591     120      764
 SINCE 1/1        763               634     129      865

FREEZE DATES
RECORD
 EARLIEST     09/22/1904
 LATEST       05/25/1956
EARLIEST                        09/22
LATEST                          05/25
.................................................................

WIND (MPH)
AVERAGE WIND SPEED              4.4
RESULTANT WIND SPEED/DIRECTION   1/264
HIGHEST WIND SPEED/DIRECTION    47/250    DATE  07/02
HIGHEST GUST SPEED/DIRECTION    62/260    DATE  07/02

SKY COVER
POSSIBLE SUNSHINE (PERCENT)   MM
AVERAGE SKY COVER           0.40
NUMBER OF DAYS FAIR           39
NUMBER OF DAYS PC             41
NUMBER OF DAYS CLOUDY         12

AVERAGE RH (PERCENT)     70

WEATHER CONDITIONS. NUMBER OF DAYS WITH
THUNDERSTORM             23     MIXED PRECIP                0
HEAVY RAIN               20     RAIN                       26
LIGHT RAIN               46     FREEZING RAIN               0
LT FREEZING RAIN          0     HAIL                        1
HEAVY SNOW                0     SNOW                        0
LIGHT SNOW                0     SLEET                       0
FOG                      49     FOG W/VIS <= 1/4 MILE       6
HAZE                     13


-  INDICATES NEGATIVE NUMBERS.
R  INDICATES RECORD WAS SET OR TIED.
MM INDICATES DATA IS MISSING.
T  INDICATES TRACE AMOUNT.

$$
