000
CXUS51 KCTP 011645
CLSIPT

CLIMATE REPORT
NATIONAL WEATHER SERVICE STATE COLLEGE PA
1245 PM EDT MON JUN 01 2020

...................................

...THE WILLIAMSPORT PA CLIMATE SUMMARY FOR THE SEASON, FROM
3/1/2020 TO 5/31/2020...

CLIMATE NORMAL PERIOD 1981 TO 2010
CLIMATE RECORD PERIOD 1895 TO 2020

WEATHER         OBSERVED          NORMAL  DEPART   LAST YEAR`S
                VALUE   DATE(S)   VALUE   FROM     VALUE DATE(S)
                                          NORMAL
................................................................
TEMPERATURE (F)
RECORD
 HIGH             96   05/20/1996
                       05/19/1996
                       05/23/1925
 LOW              -5   03/18/1916
HIGHEST           89   05/26                          82  05/26
                                                          05/20
LOWEST            22   03/08                           6  03/07
AVG. MAXIMUM    60.8               60.1     0.7     60.9
AVG. MINIMUM    39.6               38.5     1.1     40.5
MEAN            50.2               49.3     0.9     50.7
DAYS MAX >= 90     0                1.6    -1.6        0
DAYS MAX <= 32     0                1.9    -1.9        2
DAYS MIN <= 32    28               27.0     1.0       28
DAYS MIN <= 0      0                0.1    -0.1        0

PRECIPITATION (INCHES)
RECORD
 MAXIMUM       23.75   2011
 MINIMUM        4.92   2016
TOTALS         12.74               9.87    2.87    12.33
DAILY AVG.      0.14               0.11    0.03     0.14
DAYS >= .01       46               36.4     9.6       43
DAYS >= .10       21               21.4    -0.4       26
DAYS >= .50        7                6.5     0.5        8
DAYS >= 1.00       2                1.8     0.2        4
GREATEST
 24 HR. TOTAL   2.86   04/29 TO 04/30               1.66


SNOWFALL (INCHES)
RECORDS
 TOTAL          37.1   1915
 24 HR TOTAL      MM
 SNOW DEPTH       MM   MM
TOTALS           1.4                8.0    -6.6      4.6
 LIQUID EQUIV   0.10               0.00    0.10     0.46
SINCE 7/1       13.4               36.0   -22.6       MM
 LIQUID 7/1     1.34               3.60   -2.26       MM
SNOWDEPTH AVG.     0                                   0
DAYS >= TRACE      7                4.2     2.8       11
DAYS >= 1.0        1                1.9    -0.9        1
GREATEST
 SNOW DEPTH        0                                   4  03/04
 24 HR TOTAL     1.4   05/17 TO 05/17                3.6


DEGREE DAYS
HEATING TOTAL   1403               1490     -87     1345
 SINCE 7/1      5396               5958    -562       MM
COOLING TOTAL     64                 44      20       52
 SINCE 1/1        64                 43      21       52

FREEZE DATES
RECORD
 EARLIEST     09/22/1904
 LATEST       05/25/1956
EARLIEST                        03/01
LATEST                          05/14
................................................................

WIND (MPH)
AVERAGE WIND SPEED              7.2
RESULTANT WIND SPEED/DIRECTION   1/290
HIGHEST WIND SPEED/DIRECTION    37/280    DATE  04/21
HIGHEST GUST SPEED/DIRECTION    53/290    DATE  04/09

SKY COVER
POSSIBLE SUNSHINE (PERCENT)   MM
AVERAGE SKY COVER           0.57
NUMBER OF DAYS FAIR           26
NUMBER OF DAYS PC             36
NUMBER OF DAYS CLOUDY         30


WEATHER CONDITIONS. NUMBER OF DAYS WITH
THUNDERSTORM              7     MIXED PRECIP               0
HEAVY RAIN                8     RAIN                      17
LIGHT RAIN               54     FREEZING RAIN              0
LT FREEZING RAIN          0     HAIL                       0
HEAVY SNOW                0     SNOW                       1
LIGHT SNOW                6     SLEET                      0
FOG                      34     FOG W/VIS <= 1/4 MILE      4
HAZE                      5

-  INDICATES NEGATIVE NUMBERS.
R  INDICATES RECORD WAS SET OR TIED.
MM INDICATES DATA IS MISSING.
T  INDICATES TRACE AMOUNT.

$$
