639
CXUS53 KBIS 041730
CLSISN

CLIMATE REPORT
NATIONAL WEATHER SERVICE BISMARCK ND
1218 PM CDT WED SEP 4 2019

...................................

...THE WILLISTON ND CLIMATE SUMMARY FOR THE SEASON, FROM
6/1/2019 TO 8/31/2019...

CLIMATE NORMAL PERIOD 1981 TO 2010
CLIMATE RECORD PERIOD 1894 TO 2019

WEATHER         OBSERVED          NORMAL  DEPART  LAST YEAR`S
                 VALUE   DATE(S)  VALUE   FROM    VALUE  DATE(S)
                                          NORMAL
................................................................
TEMPERATURE (F)
RECORD
 HIGH             110   07/05/1936
 LOW               26   06/04/1998
HIGHEST            96   08/03        MM      MM       MM  MM
LOWEST             34   06/01        MM      MM       MM  MM
AVG. MAXIMUM     81.2              81.7    -0.5       MM
AVG. MINIMUM     53.7              53.2     0.5       MM
MEAN             67.5              67.4     0.1       MM
DAYS MAX >= 90     11              19.4    -8.4       MM
DAYS MAX <= 32      0               0.0     0.0       MM
DAYS MIN <= 32      0               0.4    -0.4       MM
DAYS MIN <= 0       0               0.0     0.0       MM

PRECIPITATION (INCHES)
RECORD
 MAXIMUM         8.81   2010
 MINIMUM         3.46   2012
TOTALS           7.85              6.51    1.34       MM
DAILY AVG.       0.08              0.07    0.01       MM
DAYS >= .01        28              28.7    -0.7       MM
DAYS >= .10        16              14.6     1.4       MM
DAYS >= .50         3               3.6    -0.6       MM
DAYS >= 1.00        1               0.9     0.1       MM
GREATEST
 24 HR. TOTAL    3.12   07/09 TO 07/09                MM
 STORM TOTAL       MM                                 MM
 (MM/DD(HH))            MM                                MM

SNOWFALL (INCHES)
RECORDS
 TOTAL              T   2012
                        2011
                        2008
TOTALS             MM               0.0

DEGREE_DAYS
HEATING TOTAL     118
COOLING TOTAL     371
.................................................................

WIND (MPH)
HIGHEST WIND SPEED/DIRECTION    36/250    DATE  06/14
HIGHEST GUST SPEED/DIRECTION    51/310    DATE  07/28



-  INDICATES NEGATIVE NUMBERS.
R  INDICATES RECORD WAS SET OR TIED.
MM INDICATES DATA IS MISSING.
T  INDICATES TRACE AMOUNT.
...................................
