000
CXUS51 KOKX 011439
CLSJFK

CLIMATE REPORT
NATIONAL WEATHER SERVICE NEW YORK NY
1036 AM EDT SUN SEP 1 2019

...................................

...THE KENNEDY NY CLIMATE SUMMARY FOR THE SEASON, FROM
6/1/2019 TO 8/31/2019...

CLIMATE NORMAL PERIOD 1981 TO 2010
CLIMATE RECORD PERIOD 1948 TO 2019

WEATHER         OBSERVED          NORMAL  DEPART  LAST YEAR`S
                 VALUE   DATE(S)  VALUE   FROM    VALUE
                                          NORMAL
.............................................................
TEMPERATURE (F)
RECORD
 HIGH             104   07/03/1966
 LOW               45   06/02/1967
                        06/01/1967
HIGHEST            99   07/21        MM      MM
                        07/20
LOWEST             55   06/15        MM      MM
                        06/04
AVG. MAXIMUM     82.5              81.1     1.4
AVG. MINIMUM     67.4              66.4     1.0
MEAN             74.9              73.7     1.2
DAYS MAX >= 90      6               8.0    -2.0
DAYS MAX <= 32      0               0.0     0.0
DAYS MIN <= 32      0               0.0     0.0
DAYS MIN <= 0       0               0.0     0.0

PRECIPITATION (INCHES)
RECORD
 MAXIMUM        22.04   2011
 MINIMUM         3.89   1966
TOTALS          13.88             11.62    2.26    13.31
DAILY AVG.       0.15              0.13    0.02
DAYS >= .01        33              28.8     4.2
DAYS >= .10        21              18.2     2.8
DAYS >= .50        10               7.5     2.5
DAYS >= 1.00        4               3.4     0.6
GREATEST
 24 HR. TOTAL    2.07   MM
 STORM TOTAL       MM
 (MM/DD(HH))            MM

SNOWFALL (INCHES)
RECORDS
 TOTAL              T   2009
                        1997
                        1949
 24 HR TOTAL       MM
TOTALS            0.0               0.0     0.0
 LIQUID EQUIV    0.00              0.00    0.00
SINCE 7/1         0.0               0.0     0.0
 LIQUID 7/1      0.00
DAYS >= TRACE       0               0.0     0.0
DAYS >= 1.0         0               0.0     0.0
GREATEST
 SNOW DEPTH         0   MM
 24 HR TOTAL      0.0   MM
 STORM TOTAL       MM
 (MM/DD(HH))            MM

DEGREE_DAYS
HEATING TOTAL       7                22     -15
 SINCE 7/1          0                 1      -1
COOLING TOTAL     943               826     117
 SINCE 1/1        980               861     119
..............................................................

WIND (MPH)
AVERAGE WIND SPEED              9.5
HIGHEST WIND SPEED/DIRECTION    37/340    DATE  07/17
HIGHEST GUST SPEED/DIRECTION    46/320    DATE  06/30

SKY COVER
POSSIBLE SUNSHINE (PERCENT)   MM
AVERAGE SKY COVER           0.60
NUMBER OF DAYS FAIR           10
NUMBER OF DAYS PC             53
NUMBER OF DAYS CLOUDY         29

AVERAGE RH (PERCENT)     75

WEATHER CONDITIONS. NUMBER OF DAYS WITH
  0
 17
  0
  0
  0
  0
  5
HAZE                      2

-  INDICATES NEGATIVE NUMBERS.
R  INDICATES RECORD WAS SET OR TIED.
MM INDICATES DATA IS MISSING.
T  INDICATES TRACE AMOUNT.

$$
