000
CXUS53 KJKL 011753
CLSJKL

CLIMATE REPORT
NATIONAL WEATHER SERVICE JACKSON KY
150 PM EDT SUN SEP 1 2019

...................................

...THE JACKSON KY CLIMATE SUMMARY FOR THE SEASON, FROM
6/1/2019 TO 8/31/2019...

CLIMATE NORMAL PERIOD 1981 TO 2010
CLIMATE RECORD PERIOD 1981 TO 2019

WEATHER         OBSERVED          NORMAL  DEPART  LAST YEAR`S
                 VALUE   DATE(S)  VALUE   FROM    VALUE  DATE(S)
                                          NORMAL
................................................................
TEMPERATURE (F)
RECORD
 HIGH             104   06/29/2012
 LOW               44   06/07/1998
                        06/01/1993
                        06/10/1988
HIGHEST            95   08/21        MM      MM       93  07/04
                        08/19
                        08/20
LOWEST             48   06/14        MM      MM       54  08/23
                                                          06/05
AVG. MAXIMUM     84.1              83.4     0.7     84.5
AVG. MINIMUM     64.9              64.6     0.3     66.5
MEAN             74.5              74.0     0.5     75.5
DAYS MAX >= 90      8              10.5    -2.5       12
DAYS MAX <= 32      0               0.0     0.0        0
DAYS MIN <= 32      0               0.0     0.0        0
DAYS MIN <= 0       0               0.0     0.0        0

PRECIPITATION (INCHES)
RECORD
 MAXIMUM        23.02   2013
 MINIMUM         7.37   1986
TOTALS          16.23             13.04    3.19    14.12
DAILY AVG.       0.18              0.14    0.04     0.15
DAYS >= .01        38              34.3     3.7       39
DAYS >= .10        28              22.8     5.2       25
DAYS >= .50        13               9.3     3.7       11
DAYS >= 1.00        4               3.3     0.7        5
GREATEST
 24 HR. TOTAL    2.39   MM                          1.41

SNOWFALL (INCHES)
RECORDS
 TOTAL             MM   MM
 24 HR TOTAL       MM
TOTALS            0.0               0.0     0.0      0.0
SINCE 7/1         0.0               0.0     0.0      0.0
SNOWDEPTH AVG.      0                MM      MM        0
DAYS >= 1.0         0               0.0     0.0        0
GREATEST
 24 HR TOTAL      0.0   MM                           0.0

DEGREE_DAYS
HEATING TOTAL       7                14      -7        0
 SINCE 7/1          0                 2      -2        0
COOLING TOTAL     915               842      73      991
 SINCE 1/1       1137               978     159     1264
.................................................................

WIND (MPH)
AVERAGE WIND SPEED              1.3
RESULTANT WIND SPEED/DIRECTION   1/107
HIGHEST WIND SPEED/DIRECTION    18/270    DATE  06/23
HIGHEST GUST SPEED/DIRECTION    36/240    DATE  06/13

SKY COVER
POSSIBLE SUNSHINE (PERCENT)   MM
NUMBER OF DAYS FAIR           54
NUMBER OF DAYS PC             31
NUMBER OF DAYS CLOUDY          7

AVERAGE RH (PERCENT)     78

WEATHER CONDITIONS. NUMBER OF DAYS WITH
THUNDERSTORM             31     MIXED PRECIP               0
HEAVY RAIN               22     RAIN                      26
LIGHT RAIN               45     FREEZING RAIN              0
LT FREEZING RAIN          0     HAIL                       1
HEAVY SNOW                0     SNOW                       0
LIGHT SNOW                0     SLEET                      0
FOG                      60     FOG W/VIS <= 1/4 MILE     23
HAZE                      4

-  INDICATES NEGATIVE NUMBERS.
R  INDICATES RECORD WAS SET OR TIED.
MM INDICATES DATA IS MISSING.
T  INDICATES TRACE AMOUNT.

$$

TAB
