000
CXUS53 KJKL 011646
CLSJKL

CLIMATE REPORT
NATIONAL WEATHER SERVICE JACKSON KY
1146 AM EST SUN DEC 1 2019

...................................

...THE JACKSON KY CLIMATE SUMMARY FOR THE SEASON, FROM
9/1/2019 TO 11/30/2019...

CLIMATE NORMAL PERIOD 1981 TO 2010
CLIMATE RECORD PERIOD 1981 TO 2019

WEATHER         OBSERVED          NORMAL  DEPART  LAST YEAR`S
                 VALUE   DATE(S)  VALUE   FROM    VALUE  DATE(S)
                                          NORMAL
................................................................
TEMPERATURE (F)
RECORD
 HIGH              98   09/10/2019
 LOW               13   11/13/2019
                        11/14/1986
                        11/14/1986
HIGHEST            98R  09/10        MM      MM       92  09/03
LOWEST             13R  11/13        MM      MM       18  11/28
AVG. MAXIMUM     71.6              67.8     3.8     66.6
AVG. MINIMUM     49.2              48.6     0.6     50.1
MEAN             60.4              58.2     2.2     58.4
DAYS MAX >= 90     16               1.5    14.5        3
DAYS MAX <= 32      0               0.3    -0.3        2
DAYS MIN <= 32     11               8.5     2.5       13
DAYS MIN <= 0       0               0.0     0.0        0

PRECIPITATION (INCHES)
RECORD
 MAXIMUM        19.20   2018
 MINIMUM         4.32   2001
TOTALS          11.81             10.61    1.20    19.20
DAILY AVG.          T              0.12   -0.12     0.21
DAYS >= .01        23              28.7    -5.7       47
DAYS >= .10        17              18.6    -1.6       33
DAYS >= .50        10               7.1     2.9       16
DAYS >= 1.00        4               2.7     1.3        5
GREATEST
 24 HR. TOTAL    2.06   11/30 TO 11/30              1.88

SNOWFALL (INCHES)
RECORDS
 TOTAL            5.1   1995
 24 HR TOTAL      4.3   11/28/1995 TO 11/28/1995
TOTALS            1.2               0.6     0.6      1.7
SINCE 7/1         1.2               0.6     0.6      1.7
SNOWDEPTH AVG.      0                MM      MM        0
DAYS >= 1.0         1               0.2     0.8        1
GREATEST
 24 HR TOTAL      1.2   11/12 TO 11/12               1.4

DEGREE_DAYS
HEATING TOTAL     834               798      36      949
 SINCE 7/1         MM               800      MM       MM
COOLING TOTAL     442               176     266      367
 SINCE 1/1       1579              1154     425     1631
.................................................................

WIND (MPH)
AVERAGE WIND SPEED              2.4
RESULTANT WIND SPEED/DIRECTION   1/134
HIGHEST WIND SPEED/DIRECTION    26/230    DATE  11/27
HIGHEST GUST SPEED/DIRECTION    54/250    DATE  11/27

SKY COVER
POSSIBLE SUNSHINE (PERCENT)   MM
NUMBER OF DAYS FAIR           56
NUMBER OF DAYS PC             21
NUMBER OF DAYS CLOUDY         12

AVERAGE RH (PERCENT)     68

WEATHER CONDITIONS. NUMBER OF DAYS WITH
THUNDERSTORM              2     MIXED PRECIP               0
HEAVY RAIN               12     RAIN                      15
LIGHT RAIN               29     FREEZING RAIN              0
LT FREEZING RAIN          0     HAIL                       0
HEAVY SNOW                0     SNOW                       1
LIGHT SNOW                3     SLEET                      1
FOG                      33     FOG W/VIS <= 1/4 MILE      7
HAZE                      2

-  INDICATES NEGATIVE NUMBERS.
R  INDICATES RECORD WAS SET OR TIED.
MM INDICATES DATA IS MISSING.
T  INDICATES TRACE AMOUNT.

$$

CARICO
