000
CXUS51 KCTP 110708
CLSJST

CLIMATE REPORT
NATIONAL WEATHER SERVICE STATE COLLEGE PA
0305 AM EDT WED SEP 11 2019
CORRECTION
...................................

...THE JOHNSTOWN CLIMATE SUMMARY FOR THE SEASON, FROM
6/1/2019 TO 8/31/2019...

CLIMATE NORMAL PERIOD 1981 TO 2010
CLIMATE RECORD PERIOD 1892 TO 2019

WEATHER         OBSERVED          NORMAL  DEPART  LAST YEAR`S
                 VALUE   DATE(S)  VALUE   FROM    VALUE  DATE(S)
                                          NORMAL
................................................................
TEMPERATURE (F)
RECORD
 HIGH             104   07/09/1936
 LOW               32   08/31/1894
HIGHEST            87   07/21        MM      MM       87  08/29
                        07/20                             07/04
                                                          07/01
LOWEST             39   06/04        MM      MM       43  06/07
AVG. MAXIMUM     76.8              76.2     0.6     76.5
AVG. MINIMUM     60.2              58.4     1.8     61.2
MEAN             68.5              67.3     1.2     68.8
DAYS MAX >= 90      0                MM      MM        0
DAYS MAX <= 32      0                MM      MM        0
DAYS MIN <= 32      0                MM      MM        0
DAYS MIN <= 0       0                MM      MM        0

PRECIPITATION (INCHES)
RECORD
 MAXIMUM        26.89   1980
 MINIMUM         6.25   1894
TOTALS          12.66             11.71    0.95    14.76
DAILY AVG.       0.14              0.13    0.01     0.16
DAYS >= .01        41                MM      MM       47
DAYS >= .10        31                MM      MM       34
DAYS >= .50        10                MM      MM        8
DAYS >= 1.00        2                MM      MM        2
GREATEST
 24 HR. TOTAL    1.29   MM

 STORM TOTAL       MM   MM
 (MM/DD(HH))

DEGREE_DAYS
HEATING TOTAL      83               121     -38       67
 SINCE 7/1         18                42     -24       10
COOLING TOTAL     433               336      97      439
 SINCE 1/1        467               360     107      540

FREEZE DATES
RECORD
 EARLIEST     08/31/1894
 LATEST       05/27/1915
EARLIEST                        MM
LATEST                          MM
.................................................................

WIND (MPH)
AVERAGE WIND SPEED              7.3
RESULTANT WIND SPEED/DIRECTION   4/254
HIGHEST WIND SPEED/DIRECTION    40/300    DATE  07/02
HIGHEST GUST SPEED/DIRECTION    56/280    DATE  07/02

SKY COVER
POSSIBLE SUNSHINE (PERCENT)   MM
AVERAGE SKY COVER           0.40
NUMBER OF DAYS FAIR           47
NUMBER OF DAYS PC             34
NUMBER OF DAYS CLOUDY         11


WEATHER CONDITIONS. NUMBER OF DAYS WITH
THUNDERSTORM             29     MIXED PRECIP                0
HEAVY RAIN               23     RAIN                       24
LIGHT RAIN               48     FREEZING RAIN               0
LT FREEZING RAIN          0     HAIL                        0
HEAVY SNOW                0     SNOW                        0
LIGHT SNOW                0     SLEET                       0
FOG                      55     FOG W/VIS <= 1/4 MILE      12
HAZE                      6

-  INDICATES NEGATIVE NUMBERS.
R  INDICATES RECORD WAS SET OR TIED.
MM INDICATES DATA IS MISSING.
T  INDICATES TRACE AMOUNT.

$$
