000
CXUS51 KCTP 010846
CLSJST

CLIMATE REPORT
NATIONAL WEATHER SERVICE STATE COLLEGE PA
346 AM EST SUN MAR 01 2020

...................................

...THE JOHNSTOWN CLIMATE SUMMARY FOR THE SEASON, FROM
12/1/2019 TO 2/29/2020...

CLIMATE NORMAL PERIOD 1981 TO 2010
CLIMATE RECORD PERIOD 1892 TO 2020

WEATHER         OBSERVED          NORMAL  DEPART   LAST YEAR`S
                VALUE   DATE(S)   VALUE   FROM     VALUE DATE(S)
                                          NORMAL
................................................................
TEMPERATURE (F)
RECORD
 HIGH             80   01/26/1950
 LOW             -20   01/30/1977
HIGHEST           64   01/11                          61  12/02
LOWEST             7   02/15                          -9  01/31
AVG. MAXIMUM    39.7               33.8     5.9     36.3
AVG. MINIMUM    26.4               20.2     6.2     22.7
MEAN            33.0               27.0     6.0     29.5
DAYS MAX >= 90     0                 MM      MM        0
DAYS MAX <= 32    29                 MM      MM       36
DAYS MIN <= 32    72                 MM      MM       73
DAYS MIN <= 0      0                 MM      MM        4

PRECIPITATION (INCHES)
RECORD
 MAXIMUM       18.07   1937
 MINIMUM        5.73   2015
TOTALS          8.93               7.80    1.13    10.20
DAILY AVG.      0.10                NAN     NAN     0.11
DAYS >= .01       51                 MM      MM       47
DAYS >= .10       24                 MM      MM       25
DAYS >= .50        7                 MM      MM        7
DAYS >= 1.00       0                 MM      MM        0

DEGREE DAYS
HEATING TOTAL   2884               3420    -536     3175
 SINCE 7/1      4168               4954    -786     4601
COOLING TOTAL      0                  0       0        0
 SINCE 1/1         0                  0       0        0

FREEZE DATES
RECORD
 EARLIEST     08/31/1894
 LATEST       05/27/1915
EARLIEST                        10/13
LATEST                          04/29
................................................................

WIND (MPH)
AVERAGE WIND SPEED              10.7
RESULTANT WIND SPEED/DIRECTION   7/250
HIGHEST WIND SPEED/DIRECTION    37/270    DATE  01/12
HIGHEST GUST SPEED/DIRECTION    53/280    DATE  01/12

SKY COVER
POSSIBLE SUNSHINE (PERCENT)   MM
AVERAGE SKY COVER           0.67
NUMBER OF DAYS FAIR           19
NUMBER OF DAYS PC             23
NUMBER OF DAYS CLOUDY         49


WEATHER CONDITIONS. NUMBER OF DAYS WITH
THUNDERSTORM              2     MIXED PRECIP               0
HEAVY RAIN                4     RAIN                      14
LIGHT RAIN               33     FREEZING RAIN              4
LT FREEZING RAIN         14     HAIL                       0
HEAVY SNOW                6     SNOW                      15
LIGHT SNOW               49     SLEET                      0
FOG                      64     FOG W/VIS <= 1/4 MILE     26
HAZE                     23

-  INDICATES NEGATIVE NUMBERS.
R  INDICATES RECORD WAS SET OR TIED.
MM INDICATES DATA IS MISSING.
T  INDICATES TRACE AMOUNT.

$$
