000
CXUS51 KOKX 011439 RRA
CLSLGA

CLIMATE REPORT
NATIONAL WEATHER SERVICE NEW YORK NY
1036 AM EDT SUN SEP 1 2019

...................................

...THE LAGUARDIA NY CLIMATE SUMMARY FOR THE SEASON, FROM
6/1/2019 TO 8/31/2019...

CLIMATE NORMAL PERIOD 1981 TO 2010
CLIMATE RECORD PERIOD 1939 TO 2019

WEATHER         OBSERVED          NORMAL  DEPART  LAST YEAR`S
                 VALUE   DATE(S)  VALUE   FROM    VALUE
                                          NORMAL
.............................................................
TEMPERATURE (F)
RECORD
 HIGH             107   07/03/1966
 LOW               46   06/11/1972
                        06/01/1945
HIGHEST           100   07/21        MM      MM
LOWEST             57   06/13        MM      MM
                        06/04
AVG. MAXIMUM     84.8              83.2     1.6
AVG. MINIMUM     69.8              67.4     2.4
MEAN             77.3              75.3     2.0
DAYS MAX >= 90     23              15.3     7.7
DAYS MAX <= 32      0               0.0     0.0
DAYS MIN <= 32      0               0.0     0.0
DAYS MIN <= 0       0               0.0     0.0

PRECIPITATION (INCHES)
RECORD
 MAXIMUM        24.11   2011
 MINIMUM         4.30   1966
TOTALS          14.14             12.56    1.58    15.54
DAILY AVG.       0.15              0.14    0.01
DAYS >= .01        32              29.1     2.9
DAYS >= .10        21              19.2     1.8
DAYS >= .50        13               8.4     4.6
DAYS >= 1.00        3               3.4    -0.4
GREATEST
 24 HR. TOTAL    2.99   MM
 STORM TOTAL       MM
 (MM/DD(HH))            MM

SNOWFALL (INCHES)
RECORDS
 TOTAL              T   2011
                        2009
                        2008
 24 HR TOTAL       MM
TOTALS            0.0               0.0     0.0
 LIQUID EQUIV    0.00              0.00    0.00
SINCE 7/1         0.0               0.0     0.0
 LIQUID 7/1      0.00
DAYS >= TRACE       0               0.0     0.0
DAYS >= 1.0         0               0.0     0.0
GREATEST
 SNOW DEPTH         0   MM
 24 HR TOTAL      0.0   MM
 STORM TOTAL       MM
 (MM/DD(HH))            MM

DEGREE_DAYS
HEATING TOTAL       4                17     -13
 SINCE 7/1          0                 1      -1
COOLING TOTAL    1167               966     201
 SINCE 1/1       1229              1033     196
..............................................................

WIND (MPH)
AVERAGE WIND SPEED              8.9
HIGHEST WIND SPEED/DIRECTION    38/310    DATE  08/22
HIGHEST GUST SPEED/DIRECTION    46/300    DATE  08/22

SKY COVER
POSSIBLE SUNSHINE (PERCENT)   MM
AVERAGE SKY COVER           0.60
NUMBER OF DAYS FAIR           13
NUMBER OF DAYS PC             57
NUMBER OF DAYS CLOUDY         22

AVERAGE RH (PERCENT)     61

WEATHER CONDITIONS. NUMBER OF DAYS WITH
  0
 15
  0
  0
  0
  0
  6
HAZE                     15

-  INDICATES NEGATIVE NUMBERS.
R  INDICATES RECORD WAS SET OR TIED.
MM INDICATES DATA IS MISSING.
T  INDICATES TRACE AMOUNT.

$$
