000
CXUS54 KLZK 011758
CLSLIT


CLIMATE REPORT
NATIONAL WEATHER SERVICE LITTLE ROCK AR
1252 PM CDT SUN SEP 1 2019

...................................

...THE LITTLE ROCK ADAMS FIELD CLIMATE SUMMARY FOR THE SEASON, FROM
6/1/2019 TO 8/31/2019...

CLIMATE NORMAL PERIOD 1981 TO 2010
CLIMATE RECORD PERIOD 1874 TO 2019

WEATHER         OBSERVED          NORMAL  DEPART  LAST YEAR`S
                 VALUE   DATE(S)  VALUE   FROM    VALUE  DATE(S)
                                          NORMAL
................................................................
TEMPERATURE (F)
RECORD
 HIGH             114   08/03/2011
 LOW               46   06/03/1969
HIGHEST            99   08/13        MM      MM      101  07/15
                        08/07
LOWEST             55   06/14        MM      MM       62  06/04
AVG. MAXIMUM     89.2              91.3    -2.1     91.0
AVG. MINIMUM     70.1              71.7    -1.6     71.2
MEAN             79.7              81.5    -1.8     81.1
DAYS MAX >= 90     52              57.2    -5.2       64
DAYS MAX <= 32      0               0.0     0.0        0
DAYS MIN <= 32      0               0.0     0.0        0
DAYS MIN <= 0       0               0.0     0.0        0

PRECIPITATION (INCHES)
TOTALS          12.61              9.51    3.10    12.74
DAILY AVG.       0.14              0.10    0.04     0.14
DAYS >= .01        22              23.3    -1.3       30
DAYS >= .10        13              15.4    -2.4       17
DAYS >= .50         6               6.7    -0.7        9
DAYS >= 1.00        5               2.5     2.5        5
GREATEST
 24 HR. TOTAL    3.87   08/10 TO 08/10

SNOWFALL (INCHES)
TOTALS            0.0               0.0     0.0      0.0
 LIQUID EQUIV    0.00              0.00    0.00     0.00
SINCE 7/1         0.0               0.0     0.0      0.0
 LIQUID 7/1      0.00              0.00    0.00     0.00
SNOWDEPTH AVG.      0                 0       0        0
DAYS >= TRACE       0               0.0     0.0        0
DAYS >= 1.0         0               0.0     0.0        0
GREATEST
 SNOW DEPTH         0   MM                             0  MM
 24 HR TOTAL      0.0

DEGREE_DAYS
HEATING TOTAL       0                 0       0        0
 SINCE 7/1          0                 0       0        0
COOLING TOTAL    1379              1520    -141     1504
 SINCE 1/1       1657              1801    -144     1903

FREEZE DATES
RECORD
 EARLIEST     10/20/1989
 LATEST       04/19/1983
EARLIEST                        11/13
LATEST                          03/19
.................................................................

WIND (MPH)
AVERAGE WIND SPEED              6.3
HIGHEST WIND SPEED/DIRECTION    45/250    DATE  06/19
HIGHEST GUST SPEED/DIRECTION    64/280    DATE  06/19

SKY COVER
POSSIBLE SUNSHINE (PERCENT)   MM
AVERAGE SKY COVER           0.50
NUMBER OF DAYS FAIR           18
NUMBER OF DAYS PC             54
NUMBER OF DAYS CLOUDY         20

-  INDICATES NEGATIVE NUMBERS.
R  INDICATES RECORD WAS SET OR TIED.
MM INDICATES DATA IS MISSING.
T  INDICATES TRACE AMOUNT.

&&

...Data for Little Rock for the Summer of 2019...

.Seasonal Temperatures...
The average high, low, and seasonal temperature were the coolest in
two years (since 2017).

.Seasonal Rainfall...
Rainfall was above average, but it was also the driest Summer in two
years (since 2017).

.Miscellaneous Data...
There were no days with high temperatures of 100 degrees or more,
making it the first summer in two years (since 2017) with no 100-
degree days.

There were 35 days with low temperatures cooler than 70 degrees,
which was the most since 2017.

There were 22 days with measurable rainfall, which was the fewest
since 2015.

$$

57
