000
CXUS54 KLZK 021352
CLSLZK

CLIMATE REPORT
NATIONAL WEATHER SERVICE LITTLE ROCK AR
747 AM CST MON DEC 2 2019

...................................

...THE NORTH LITTLE ROCK CLIMATE SUMMARY FOR THE SEASON, FROM
9/1/2019 TO 11/30/2019...

CLIMATE NORMAL PERIOD 1981 TO 2010
CLIMATE RECORD PERIOD 1975 TO 2019

WEATHER         OBSERVED          NORMAL  DEPART  LAST YEAR`S
                 VALUE   DATE(S)  VALUE   FROM    VALUE  DATE(S)
                                          NORMAL
................................................................
TEMPERATURE (F)
RECORD
 HIGH             105   09/03/2000
                        09/01/2000
 LOW               14   11/29/1976
HIGHEST            96   09/18        74      22       94  09/19
                        09/08                             09/18
LOWEST             18   11/13        54     -36       23  11/15
                        11/12
AVG. MAXIMUM     73.1              73.2    -0.1     69.6
AVG. MINIMUM     53.7              54.2    -0.5     53.4
MEAN             63.4              63.7    -0.3     61.5
DAYS MAX >= 90     22               7.7    14.3        8
DAYS MAX <= 32      1               0.0     1.0        1
DAYS MIN <= 32      7               3.1     3.9        8
DAYS MIN <= 0       0               0.0     0.0        0

PRECIPITATION (INCHES)
TOTALS          12.81             13.50   -0.69    20.91
DAILY AVG.       0.14              0.15   -0.01     0.23
DAYS >= .01        25              24.4     0.6       39
DAYS >= .10        18              16.7     1.3       26
DAYS >= .50         8               8.4    -0.4       15
DAYS >= 1.00        5               4.4     0.6        7
GREATEST
 24 HR. TOTAL    2.09   10/21 TO 10/21

SNOWFALL (INCHES)
RECORDS
 TOTAL            4.0   1980
                        1976
 24 HR TOTAL      4.0   11/26/1980 TO 11/26/1980
                        11/14/1976 TO 11/14/1976
 SNOW DEPTH         4   11/27/1980
TOTALS              T                 T     0.0      0.6
 LIQUID EQUIV       T              0.00    0.00     0.06
SINCE 7/1           T                 T     0.0      0.6
 LIQUID 7/1        MM              0.00      MM     0.06
SNOWDEPTH AVG.      0                MM      MM        0
DAYS >= TRACE       1               0.0     1.0        3
DAYS >= 1.0         0               0.0     0.0        0
GREATEST
 SNOW DEPTH         0   MM                             1  11/15
 24 HR TOTAL        T   11/11 TO 11/11

DEGREE_DAYS
HEATING TOTAL     693               513     180      727
 SINCE 7/1        693               512     181       MM
COOLING TOTAL     570               392     178      434
 SINCE 1/1       2163              2169      -6     2272

FREEZE DATES
RECORD
 EARLIEST     10/20/1989
 LATEST       04/19/1983
EARLIEST                        11/13
LATEST                          03/19
.................................................................

WIND (MPH)
AVERAGE WIND SPEED              3.7
HIGHEST WIND SPEED/DIRECTION    29/150    DATE  09/09
HIGHEST GUST SPEED/DIRECTION    38/180    DATE  09/09

SKY COVER
POSSIBLE SUNSHINE (PERCENT)   MM
AVERAGE SKY COVER            MM
NUMBER OF DAYS FAIR          MM
NUMBER OF DAYS PC            MM
NUMBER OF DAYS CLOUDY        MM

-  INDICATES NEGATIVE NUMBERS.
R  INDICATES RECORD WAS SET OR TIED.
MM INDICATES DATA IS MISSING.
T  INDICATES TRACE AMOUNT.

&&

...DATA FOR NORTH LITTLE ROCK FOR FALL 2019...

.SEASONAL TEMPERATURES...
EVEN THOUGH THE AVERAGE HIGH, LOW AND SEASONAL TEMPERATURES WERE
BELOW AVERAGE, IT WAS THE WARMEST FALL IN TWO YEARS (SINCE 2017).

.SEASONAL RAINFALL...
RAINFALL WAS SLIGHTLY BELOW AVERAGE. IT WAS THE DRIEST FALL SINCE 2017.

.SEASONAL SNOWFALL...
SNOW FELL FOR THE THIRD FALL IN A ROW, BUT UNLIKE LAST YEAR, IT WAS NOT
MEASURABLE. EVEN WITH THAT BEING THE CASE, THOUGH, IT WAS THE 7TH SNOWIEST
FALL ON RECORD.

.MISCELLANEOUS DATA...
THERE WERE SEVEN DAYS WITH LOW TEMPERATURES AT OR BELOW FREEZING, WHICH
WAS THE FEWEST SINCE 2017.

THERE WERE 22 DAYS WITH HIGH TEMPERATURES AT OR ABOVE 90 DEGREES,
WHICH WAS THE MOST FOR THE SEASON SINCE 1980, AND TIED 1980 FOR THE MOST
ON RECORD FOR THE FALL SEASON (SEPTEMBER, OCTOBER, NOVEMBER).

$$

57
