504
CXUS54 KLZK 011758
CLSLZK


CLIMATE REPORT
NATIONAL WEATHER SERVICE LITTLE ROCK AR
1252 PM CDT SUN SEP 1 2019

...................................

...THE NORTH LITTLE ROCK CLIMATE SUMMARY FOR THE SEASON, FROM
6/1/2019 TO 8/31/2019...

CLIMATE NORMAL PERIOD 1981 TO 2010
CLIMATE RECORD PERIOD 1975 TO 2019

WEATHER         OBSERVED          NORMAL  DEPART  LAST YEAR`S
                 VALUE   DATE(S)  VALUE   FROM    VALUE  DATE(S)
                                          NORMAL
................................................................
TEMPERATURE (F)
RECORD
 HIGH             111   08/03/2011
                        08/30/2000
 LOW               52   06/01/1993
HIGHEST            96   08/13        92       4       99  07/15
                        08/07
LOWEST             58   06/12        71     -13       64  08/01
AVG. MAXIMUM     87.8              90.8    -3.0     90.1
AVG. MINIMUM     70.5              71.4    -0.9     71.5
MEAN             79.2              81.1    -1.9     80.8
DAYS MAX >= 90     40              53.9   -13.9       MM
DAYS MAX <= 32      0               0.0     0.0       MM
DAYS MIN <= 32      0               0.0     0.0       MM
DAYS MIN <= 0       0               0.0     0.0       MM

PRECIPITATION (INCHES)
TOTALS          12.11              9.92    2.19    12.14
DAILY AVG.       0.13              0.11    0.02     0.13
DAYS >= .01        26              24.1     1.9       MM
DAYS >= .10        15              16.2    -1.2       MM
DAYS >= .50         8               6.6     1.4       MM
DAYS >= 1.00        4               2.9     1.1       MM
GREATEST
 24 HR. TOTAL    2.69   06/23 TO 06/24

SNOWFALL (INCHES)
TOTALS            0.0               0.0     0.0        T
 LIQUID EQUIV    0.00              0.00    0.00       MM
SINCE 7/1         0.0               0.0     0.0        T
 LIQUID 7/1      0.00              0.00    0.00       MM
SNOWDEPTH AVG.      0                MM      MM        0
DAYS >= TRACE       0               0.0     0.0       MM
DAYS >= 1.0         0               0.0     0.0       MM
GREATEST
 SNOW DEPTH         0   MM                             0  MM
 24 HR TOTAL      0.0   MM

DEGREE_DAYS
HEATING TOTAL       0                 1      -1        0
 SINCE 7/1          0                 0       0        0
COOLING TOTAL    1333              1481    -148     1475
 SINCE 1/1       1593              1777    -184     1838

FREEZE DATES
RECORD
 EARLIEST     10/20/1989
 LATEST       04/19/1983
EARLIEST                        11/13
LATEST                          03/19
.................................................................

WIND (MPH)
AVERAGE WIND SPEED              5.0
HIGHEST WIND SPEED/DIRECTION    26/040    DATE  08/20
HIGHEST GUST SPEED/DIRECTION    42/240    DATE  06/19

SKY COVER
POSSIBLE SUNSHINE (PERCENT)   MM
AVERAGE SKY COVER            MM
NUMBER OF DAYS FAIR          MM
NUMBER OF DAYS PC            MM
NUMBER OF DAYS CLOUDY        MM

-  INDICATES NEGATIVE NUMBERS.
R  INDICATES RECORD WAS SET OR TIED.
MM INDICATES DATA IS MISSING.
T  INDICATES TRACE AMOUNT.

&&

...Data for North Little Rock for the Summer of 2019...

.Seasonal Temperatures...
The average high, low, and seasonal temperature were the coolest in
two years (since 2017).

.Seasonal Rainfall...
Rainfall was above average, but it was also the driest Summer in
four years (since 2015).

.Miscellaneous Data...
There were no days with high temperatures of 100 degrees or more for
the fourth summer in a row.

As of August 31, there have been 1,484 days, or four years, three
weeks, and two days with no 100-degree readings at North Little
Rock. The most recent 100-degree day recorded was August 8, 2015.
For the North Little Rock NWS office, this has set an all-time
record for lack of 100-degree days. The previous record was 1,080
days, or two years, 11 months, two weeks, and one day from August 9,
2012 to July 24, 2015. Records began in 1975.

There were 26 days with measurable rainfall, which was the fewest
since 2015. However, there were two days with rainfall of two inches
or more, which was the most since 2015.

$$

57
