000
CXUS51 KCTP 110701 RRA
CLSMDT

CLIMATE REPORT
NATIONAL WEATHER SERVICE STATE COLLEGE PA
0255 AM EDT WED SEP 11 2019
CORRECTION
...................................

...THE HARRISBURG PA CLIMATE SUMMARY FOR THE SEASON, FROM
6/1/2019 TO 8/31/2019...

CLIMATE NORMAL PERIOD 1981 TO 2010
CLIMATE RECORD PERIOD 1888 TO 2019

WEATHER         OBSERVED          NORMAL  DEPART  LAST YEAR`S
                 VALUE   DATE(S)  VALUE   FROM    VALUE  DATE(S)
                                          NORMAL
................................................................
TEMPERATURE (F)
RECORD
 HIGH             107   07/03/1966
 LOW               40   06/11/1980
HIGHEST            97   08/18         0      97       96  07/02
                        07/21                             07/01
                        07/20
LOWEST             49   06/04         0      49       52  06/12
AVG. MAXIMUM     86.0              83.4     2.6     84.4
AVG. MINIMUM     67.0              64.3     2.7     66.4
MEAN             76.5              73.8     2.7     75.4
DAYS MAX >= 90     29              17.9    11.1       19
DAYS MAX <= 32      0               0.0     0.0        0
DAYS MIN <= 32      0               0.0     0.0        0
DAYS MIN <= 0       0               0.0     0.0        0

PRECIPITATION (INCHES)
RECORD
 MAXIMUM        23.33   1972
 MINIMUM         2.41   1966
TOTALS          10.71             11.41   -0.70    21.37
DAILY AVG.       0.12              0.12    0.00     0.23
DAYS >= .01        39              30.9     8.1       39
DAYS >= .10        25              20.2     4.8       24
DAYS >= .50         7               8.1    -1.1       15
DAYS >= 1.00        1               3.0    -2.0        7
GREATEST
 24 HR. TOTAL    1.09   MM

 STORM TOTAL       MM   MM

SNOWFALL (INCHES)
RECORDS
 TOTAL             MM   MM
 24 HR TOTAL       MM
 SNOW DEPTH        MM   MM
TOTALS            0.0               0.0     0.0      0.0
 LIQUID EQUIV    0.00              0.00    0.00     0.00
SINCE 7/1         0.0               0.0     0.0      0.0
 LIQUID 7/1      0.00              0.00    0.00     0.00
SNOWDEPTH AVG.      0                MM      MM        0
DAYS >= TRACE       0               0.0     0.0        0
DAYS >= 1.0         0               0.0     0.0        0
GREATEST
 SNOW DEPTH         0   MM                             0  MM
 24 HR TOTAL      0.0   MM
 STORM TOTAL       MM   MM
 (MM/DD(HH))

DEGREE_DAYS
HEATING TOTAL       7                20     -13        4
 SINCE 7/1          0                 2      -2        0
COOLING TOTAL    1091               830     261      985
 SINCE 1/1       1220               896     324     1110

FREEZE DATES
RECORD
 EARLIEST     09/24/1963
 LATEST       05/11/1966
EARLIEST                        09/24
LATEST                          05/11
.................................................................

WIND (MPH)
AVERAGE WIND SPEED              5.3
RESULTANT WIND SPEED/DIRECTION   1/299
HIGHEST WIND SPEED/DIRECTION    47/240    DATE  08/20
HIGHEST GUST SPEED/DIRECTION    58/230    DATE  08/20

SKY COVER
POSSIBLE SUNSHINE (PERCENT)   MM
AVERAGE SKY COVER           0.60
NUMBER OF DAYS FAIR           18
NUMBER OF DAYS PC             54
NUMBER OF DAYS CLOUDY         20

AVERAGE RH (PERCENT)     66

WEATHER CONDITIONS. NUMBER OF DAYS WITH
THUNDERSTORM             19     MIXED PRECIP                0
HEAVY RAIN               19     RAIN                       24
LIGHT RAIN               45     FREEZING RAIN               0
LT FREEZING RAIN          0     HAIL                        0
HEAVY SNOW                0     SNOW                        0
LIGHT SNOW               10     SLEET                       0
FOG                      45     FOG W/VIS <= 1/4 MILE       4
HAZE                     30



-  INDICATES NEGATIVE NUMBERS.
R  INDICATES RECORD WAS SET OR TIED.
MM INDICATES DATA IS MISSING.
T  INDICATES TRACE AMOUNT.

$$
