000
CXUS51 KGYX 080028
CLSMHT

PWMCLMMHT 000
TTAA00 KGYX 041800


CLIMATE REPORT
NATIONAL WEATHER SERVICE GRAY ME
728 PM EST SAT DEC 7 2019

...................................

...THE MANCHESTER CLIMATE SUMMARY FOR THE FALL SEASON, FROM
9/1/2019 TO 11/30/2019...

CLIMATE NORMAL PERIOD 1981 TO 2010
CLIMATE RECORD PERIOD 1885 TO 2019

WEATHER         OBSERVED          NORMAL  DEPART  LAST YEAR`S
                 VALUE   DATE(S)  VALUE   FROM    VALUE  DATE(S)
                                          NORMAL
................................................................
TEMPERATURE (F)
HIGHEST            89   09/23        89       0       94  09/03
LOWEST             16   11/17        19      -3        9  11/22
                        11/13
                        11/14
AVG. MAXIMUM     61.1              61.1     0.0     58.6
AVG. MINIMUM     42.6              42.1     0.5     43.9
MEAN             51.9              51.6     0.3     51.3
DAYS MAX >= 90      0               0.5    -0.5        4
DAYS MAX <= 32      1               0.9     0.1        3
DAYS MIN <= 32     20              18.1     1.9       23
DAYS MIN <= 0       0               0.0     0.0        0

PRECIPITATION (INCHES)
TOTALS           5.76             12.04   -6.28    18.61
DAILY AVG.       0.06              0.13   -0.07     0.21
DAYS >= .01        24              30.5    -6.5       40
DAYS >= .10        14              18.5    -4.5       28
DAYS >= .50         2               7.4    -5.4       12
DAYS >= 1.00        1               2.7    -1.7        5
GREATEST
 24 HR. TOTAL    1.26   11/24

SNOWFALL (INCHES)
TOTALS              T                               13.1
SINCE 7/1           T                               13.1
SNOWDEPTH AVG.      0                                  1
DAYS >= TRACE       5                                 10
DAYS >= 1.0         0                                  3
GREATEST
 SNOW DEPTH         0                                  6  11/21
                                                          11/16
 24 HR TOTAL        T

DEGREE_DAYS
HEATING TOTAL    1239              1276     -37
 SINCE 7/1       1241              1294     -53     1376
COOLING TOTAL      69                56      13      146
 SINCE 1/1        844               642     202     1063
.................................................................

WIND (MPH)
AVERAGE WIND SPEED              6.6
HIGHEST WIND SPEED/DIRECTION    32/340    DATE  11/28
HIGHEST GUST SPEED/DIRECTION    49/060    DATE  10/17

SKY COVER
AVERAGE SKY COVER           0.60

AVERAGE RH (PERCENT)     67

-  INDICATES NEGATIVE NUMBERS.
R  INDICATES RECORD WAS SET OR TIED.
MM INDICATES DATA IS MISSING.
T  INDICATES TRACE AMOUNT.

&&

THE FALL BEGAN WITH A SERIES OF COOL, DRY AIR MASSES MOVING OUT OF
CANADA. THIS BROUGHT MANY COOL DAYS AND EVEN COOLER NIGHTS. THE
COLDEST TEMPERATURE OF THIS STRETCH WAS 42 DEGREES ON SEPTEMBER 19
AND 20. BUT JUST AS THE COLD REACHED ITS PEAK INTENSITY, HOT WEATHER
BUILDING OVER THE SOUTHEAST US SPILLED INTO NEW ENGLAND BRINGING
MORE SUMMER-LIKE WEATHER. THE NEXT 4 DAYS SAW THE TEMPERATURE WARM
INTO THE 80S WITH THE WARMEST TEMPERATURE COMING ON SEPTEMBER 23 AT
89 DEGREES. AFTER THIS THE SERIES OF COOLER, DRY AIR MASSES RETURNED
FOR THE NEXT FEW WEEKS. THE TEMPERATURE BOTTOMED OUT AT 34 DEGREES
ON OCTOBER 6. SOON THE WEATHER PATTERN BEGAN TO SHIFT AS A LARGE
TROUGH OF LOW PRESSURE DEVELOPED OVER THE CENTER OF THE COUNTRY WITH
NEW ENGLAND ON THE EASTERN SIDE OF THIS TROUGH. THIS ALLOWED WARM,
MOIST AIR TO MOVE INTO THE REGION ALONG WITH MORE FREQUENT RAINFALL.
THE CLOUDS AND RAIN OFTEN BROUGHT COOL DAYS AND WARM NIGHTS. A
SERIES OF STORM SYSTEMS AFFECTED THE AREA BEGINNING IN LATE OCTOBER.
THE FIRST WAS ON OCTOBER 16 AND 17 WHEN NEARLY 1.5 INCHES OF RAIN
FELL ALONG WITH 49 MPH WINDS THAT CAUSED SCATTERED WIND DAMAGE. AT
LEAST 3 MORE STORMS FOLLOWED IN THE NEXT TWO WEEKS, WITH THE LAST
ARRIVING ON HALLOWEEN, OCTOBER 31. AS THIS STORM DEPARTED ON
NOVEMBER 1 IT BROUGHT 45 MPH WINDS ALONG WITH THE LAST WARM DAY OF
THE SEASON AT 73 DEGREES. THE FIRST FREEZE OF THE SEASON CAME THE
VERY NEXT DAY. MORE INTENSE COLD ARRIVED ON NOVEMBER 7 WITH MUCH OF
THE NEXT TWO WEEKS SEEING TEMPERATURES 10 TO 15 DEGREES BELOW
NORMAL. ALTHOUGH LIGHT SNOW WAS OBSERVED ON SEVERAL DAYS,
ACCUMULATIONS WERE NOT NOTED. THE COLDEST TEMPERATURE WAS 16 DEGREES
ON NOVEMBER 13, 14, AND 17. GRADUALLY THE TEMPERATURE DRIFTED BACK
TOWARD NORMAL WITH THE LAST FEW STORM SYSTEMS BRINGING MOSTLY RAIN.

THE AVERAGE TEMPERATURE WAS 51.9 DEGREES WHICH WAS 0.3 DEGREES ABOVE
NORMAL. THE COOLEST FALL WAS IN 1951 WHEN THE AVERAGE TEMPERATURE
WAS 49.6 DEGREES. THE WARMEST WAS 55.7 DEGREES IN 2017.

A TOTAL OF 5.76 INCHES OF PRECIPITATION FELL WHICH WAS 6.28 INCHES
BELOW NORMAL AND THE SECOND DRIEST FALL ON RECORD. THE DRIEST FALL
WAS IN 2001 WHEN ONLY 5.15 INCHES FELL. THE WETTEST WAS JUST LAST
YEAR WHEN 19.45 INCHES FELL IN 2018. ONLY TRACES OF SNOWFALL WERE
OBSERVED THIS FALL.

HISTORICAL RECORDS AT MANCHESTER BEGAN IN 1885, BUT WITHIN THIS
RECORD THERE REMAIN NUMEROUS YEARS OF UNAVAILABLE DATA. DUE TO THIS,
HISTORICAL RECORDS SHOULD BE CONSIDERED INCOMPLETE AS SOME
SIGNIFICANT EXTREMES MAY BE MISSING FROM THE DATA. MORE CONSISTENT
MODERN RECORDS BEGAN IN 1998 AND CONTINUE TO THE PRESENT.

$$

KIMBLE
