000
CXUS53 KDVN 011155
CLSMLI


CLIMATE REPORT
NATIONAL WEATHER SERVICE QUAD CITIES IA IL
643 AM CDT SUN SEP 1 2019

...................................

...THE MOLINE CLIMATE SUMMARY FOR THE SEASON, FROM
6/1/2019 TO 8/31/2019...

CLIMATE NORMAL PERIOD 1981 TO 2010
CLIMATE RECORD PERIOD 1872 TO 2019

WEATHER         OBSERVED          NORMAL  DEPART
                 VALUE   DATE(S)  VALUE   FROM
                                          NORMAL
................................................
TEMPERATURE (F)
RECORD
 HIGH             111   07/14/1936
 LOW               39   06/01/1993
                        06/11/1972
                        06/04/1945
HIGHEST            97   07/20        86      11
LOWEST             53   08/24        56      -3
                        06/13
                        06/11
AVG. MAXIMUM     85.4              84.0     1.4
AVG. MINIMUM     64.5              63.0     1.5
MEAN             75.0              73.5     1.5
DAYS MAX >= 90     23              17.0     6.0
DAYS MAX <= 32      0               0.0     0.0
DAYS MIN <= 32      0               0.0     0.0
DAYS MIN <= 0       0               0.0     0.0

PRECIPITATION (INCHES)
RECORD
 MAXIMUM        26.79   1993
 MINIMUM         0.76   2013
TOTALS           9.61             13.30   -3.69
DAILY AVG.       0.10              0.14   -0.04
DAYS >= .01        30              30.1    -0.1
DAYS >= .10        21
DAYS >= .50         6
DAYS >= 1.00        3               3.8    -0.8
GREATEST
 24 HR. TOTAL    1.70   08/11 TO 08/11

SNOWFALL (INCHES)
TOTALS            0.0               0.0     0.0
SINCE 7/1         0.0               0.0     0.0
SNOWDEPTH AVG.      0
DAYS >= TRACE       0               0.0     0.0
DAYS >= 1.0         0               0.0     0.0
GREATEST
 SNOW DEPTH         0
 24 HR TOTAL      0.0

DEGREE_DAYS
HEATING TOTAL       2                27     -25
 SINCE 7/1          0                 8      -8
COOLING TOTAL     948               807     141
 SINCE 1/1       1014               883     131
.................................................

WIND (MPH)
AVERAGE WIND SPEED              6.5
HIGHEST WIND SPEED/DIRECTION    35/100    DATE  06/21
HIGHEST GUST SPEED/DIRECTION    53/340    DATE  06/30

SKY COVER
AVERAGE SKY COVER           0.30
NUMBER OF DAYS FAIR           64
NUMBER OF DAYS PC             25
NUMBER OF DAYS CLOUDY          3

AVERAGE RH (PERCENT)     67

WEATHER CONDITIONS. NUMBER OF DAYS WITH
THUNDERSTORM             23     HAIL                       0
SLEET                     0     FOG                       31
FOG W/VIS <= 1/4 MILE     0     HAZE                      16
-  INDICATES NEGATIVE NUMBERS.
R  INDICATES RECORD WAS SET OR TIED.
MM INDICATES DATA IS MISSING.
T  INDICATES TRACE AMOUNT.

$$
