000
CXUS51 KOKX 011335 RRA
CLSNYC

CLIMATE REPORT
NATIONAL WEATHER SERVICE NEW YORK NY
835 AM EST SUN DEC 1 2019

...................................

...THE CENTRAL PARK NY CLIMATE SUMMARY FOR THE SEASON, FROM
9/1/2019 TO 11/30/2019...

CLIMATE NORMAL PERIOD 1981 TO 2010
CLIMATE RECORD PERIOD 1869 TO 2019

WEATHER         OBSERVED          NORMAL  DEPART  LAST YEAR`S
                 VALUE   DATE(S)  VALUE   FROM    VALUE
                                          NORMAL
.............................................................
TEMPERATURE (F)
RECORD
 HIGH             102   09/02/1953
 LOW                7   11/30/1875
HIGHEST            93   10/02        MM      MM
LOWEST             23   11/13        MM      MM
AVG. MAXIMUM     65.0              64.3     0.7
AVG. MINIMUM     51.1              50.8     0.3
MEAN             58.0              57.5     0.5
DAYS MAX >= 90      1               0.6     0.4
DAYS MAX <= 32      0               0.1    -0.1
DAYS MIN <= 32      9               2.6     6.4
DAYS MIN <= 0       0               0.0     0.0

PRECIPITATION (INCHES)
RECORD
 MAXIMUM        22.13   1913
 MINIMUM         4.00   1908
TOTALS           9.05             12.70   -3.65    17.40
DAILY AVG.       0.10              0.14   -0.04
DAYS >= .01        31              27.2     3.8
DAYS >= .10        17              17.7    -0.7
DAYS >= .50         7               8.2    -1.2
DAYS >= 1.00        2               3.9    -1.9
GREATEST
 24 HR. TOTAL    1.83   MM
 STORM TOTAL       MM
 (MM/DD(HH))            MM

SNOWFALL (INCHES)
RECORDS
 TOTAL           19.0   1898
 24 HR TOTAL       MM
TOTALS            0.0               0.3    -0.3
 LIQUID EQUIV    0.00              0.00    0.00
SINCE 7/1         0.0               0.3    -0.3
 LIQUID 7/1      0.00
DAYS >= TRACE       0               0.2    -0.2
DAYS >= 1.0         0               0.1    -0.1
GREATEST
 SNOW DEPTH         0   MM
 24 HR TOTAL      0.0   MM
 STORM TOTAL       MM
 (MM/DD(HH))            MM

DEGREE_DAYS
HEATING TOTAL     811               831     -20
 SINCE 7/1        811               833     -22
COOLING TOTAL     204               151      53
 SINCE 1/1       1268              1105     163
..............................................................

WIND (MPH)
AVERAGE WIND SPEED              5.1
HIGHEST WIND SPEED/DIRECTION    23/300    DATE  11/28
HIGHEST GUST SPEED/DIRECTION    41/270    DATE  10/17

SKY COVER
POSSIBLE SUNSHINE (PERCENT)   MM
AVERAGE SKY COVER           0.40
NUMBER OF DAYS FAIR           46
NUMBER OF DAYS PC             29
NUMBER OF DAYS CLOUDY         16

AVERAGE RH (PERCENT)     63

WEATHER CONDITIONS. NUMBER OF DAYS WITH
  0
 18
  0
  0
  0
  0
  0
HAZE                      6

-  INDICATES NEGATIVE NUMBERS.
R  INDICATES RECORD WAS SET OR TIED.
MM INDICATES DATA IS MISSING.
T  INDICATES TRACE AMOUNT.

$$
