000
CXUS53 KEAX 010818
CLSOJC

CLIMATE REPORT
NATIONAL WEATHER SERVICE KANSAS CITY/PLEASANT HILL MO
314 AM CDT SUN SEP 1 2019

...................................

...THE JOHNSON COUNTY EXECUTIVE CLIMATE SUMMARY FOR THE SEASON, FROM
6/1/2019 TO 8/31/2019...

CLIMATE NORMAL PERIOD 1981 TO 2010
CLIMATE RECORD PERIOD 9999 TO 9999

WEATHER         OBSERVED          NORMAL  DEPART  LAST YEAR`S
                 VALUE   DATE(S)  VALUE   FROM    VALUE  DATE(S)
                                          NORMAL
................................................................
TEMPERATURE (F)
HIGHEST            95   07/20        98      -3       99  07/12
LOWEST             51   06/13        52      -1       58  06/05
                                                          06/04
AVG. MAXIMUM     84.3              86.0    -1.7     87.5
AVG. MINIMUM     66.5              66.9    -0.4     68.2
MEAN             75.4              76.4    -1.0     77.8
DAYS MAX >= 90     13              29.6   -16.6       43
DAYS MAX <= 32      0               0.0     0.0        0
DAYS MIN <= 32      0               0.0     0.0        0
DAYS MIN <= 0       0               0.0     0.0        0

PRECIPITATION (INCHES)
TOTALS          19.66             13.22    6.44     7.38
DAILY AVG.       0.21              0.14    0.07     0.08
DAYS >= .01        33              28.2     4.8       23
DAYS >= .10        24              19.5     4.5       15
DAYS >= .50        13               8.4     4.6        5
DAYS >= 1.00        9               4.6     4.4        2
GREATEST
 24 HR. TOTAL    2.25   MM

DEGREE_DAYS
HEATING TOTAL       0                 9      -9        0
COOLING TOTAL     971              1060     -89     1203
.................................................................

WIND (MPH)
AVERAGE WIND SPEED              7.0
HIGHEST WIND SPEED/DIRECTION    38/210    DATE  08/18
HIGHEST GUST SPEED/DIRECTION    56/210    DATE  08/18

SKY COVER
POSSIBLE SUNSHINE (PERCENT)   MM
AVERAGE SKY COVER           0.20
NUMBER OF DAYS FAIR           67
NUMBER OF DAYS PC             20
NUMBER OF DAYS CLOUDY          5

AVERAGE RH (PERCENT)     75


-  INDICATES NEGATIVE NUMBERS.
R  INDICATES RECORD WAS SET OR TIED.
MM INDICATES DATA IS MISSING.
T  INDICATES TRACE AMOUNT.

$$
