000
CXUS53 KDDC 021731
CLSP28


CLIMATE REPORT
NATIONAL WEATHER SERVICE DODGE CITY KS
1123 AM CST MON DEC 2 2019

...................................

...THE MEDICINE LODGE KS CLIMATE SUMMARY FOR THE SEASON, FROM
9/1/2019 TO 11/30/2019...

CLIMATE NORMAL PERIOD 1981 TO 2010
CLIMATE RECORD PERIOD 1893 TO 2019

WEATHER         OBSERVED          NORMAL  DEPART  LAST YEAR`S
                 VALUE   DATE(S)  VALUE   FROM    VALUE  DATE(S)
                                          NORMAL
................................................................
TEMPERATURE (F)
RECORD
 HIGH             113   09/29/1984
 LOW                0   11/29/1976
HIGHEST            99   09/07        MM      MM       97  09/01
LOWEST              4   11/12        MM      MM        9  11/13
AVG. MAXIMUM     71.5              71.0     0.5     68.1
AVG. MINIMUM     44.8              45.8    -1.0     44.8
MEAN             58.1              58.4    -0.3     56.4
DAYS MAX >= 90     20               8.7    11.3        9
DAYS MAX <= 32      0               0.2    -0.2        0
DAYS MIN <= 32     29              16.6    12.4       23
DAYS MIN <= 0       0               0.0     0.0        0

PRECIPITATION (INCHES)
RECORD
 MAXIMUM        21.01   1923
 MINIMUM         0.31   1939
TOTALS           4.46              5.87   -1.41    14.24
DAILY AVG.       0.05              0.06   -0.01     0.16
DAYS >= .01        16              17.1    -1.1       24
DAYS >= .10         6               9.3    -3.3       13
DAYS >= .50         2               3.5    -1.5        6
DAYS >= 1.00        2               1.3     0.7        5
GREATEST
 24 HR. TOTAL    1.91   09/24 TO 09/25           10/07 TO 10/08

SNOWFALL (INCHES)
RECORDS
 TOTAL           11.0   1972
 24 HR TOTAL      8.0   11/18/1972 TO 11/18/1972
 SNOW DEPTH         6   11/05/1951
TOTALS              T               0.2    -0.2      1.3
 LIQUID EQUIV      MM              0.00      MM     0.13
SINCE 7/1           T               0.2    -0.2      1.3
 LIQUID 7/1        MM              0.00      MM     0.13
SNOWDEPTH AVG.      0                MM      MM        0
DAYS >= TRACE       1               0.2     0.8        4
DAYS >= 1.0         0               0.1    -0.1        1
GREATEST
 SNOW DEPTH         0   MM                             1  11/13
                                                          11/12
 24 HR TOTAL        T   10/30 TO 10/30           11/12 TO 11/12

DEGREE_DAYS
HEATING TOTAL    1045               858     187     1033
 SINCE 7/1       1045               858     187       MM
COOLING TOTAL     433               259     174      281
 SINCE 1/1       1837              1770      67     1998

.................................................................

WIND (MPH)
AVERAGE WIND SPEED              9.6
RESULTANT WIND SPEED/DIRECTION   2/124
HIGHEST WIND SPEED/DIRECTION    46/040    DATE  09/24
HIGHEST GUST SPEED/DIRECTION    63/230    DATE  11/26

AVERAGE RH (PERCENT)     64


-  INDICATES NEGATIVE NUMBERS.
R  INDICATES RECORD WAS SET OR TIED.
MM INDICATES DATA IS MISSING.
T  INDICATES TRACE AMOUNT.

$$
