000
CXUS53 KDDC 031717
CLSP28


CLIMATE REPORT
NATIONAL WEATHER SERVICE DODGE CITY KS
1210 PM CDT TUE SEP 3 2019

...................................

...THE MEDICINE LODGE KS CLIMATE SUMMARY FOR THE SEASON, FROM
6/1/2019 TO 8/31/2019...

CLIMATE NORMAL PERIOD 1981 TO 2010
CLIMATE RECORD PERIOD 1893 TO 2019

WEATHER         OBSERVED          NORMAL  DEPART  LAST YEAR`S
                 VALUE   DATE(S)  VALUE   FROM    VALUE  DATE(S)
                                          NORMAL
................................................................
TEMPERATURE (F)
RECORD
 HIGH             118   08/12/1936
 LOW               39   06/13/1903
HIGHEST           105   08/20        MM      MM      100  06/28
                                                          06/27
LOWEST             48   06/10        MM      MM       53  06/03
AVG. MAXIMUM     91.1              92.1    -1.0     91.5
AVG. MINIMUM     66.7              67.4    -0.7     68.1
MEAN             78.9              79.7    -0.8     79.8
DAYS MAX >= 90     56              56.2    -0.2       64
DAYS MAX <= 32      0               0.0     0.0        0
DAYS MIN <= 32      0               0.0     0.0        0
DAYS MIN <= 0       0               0.0     0.0        0

PRECIPITATION (INCHES)
RECORD
 MAXIMUM        18.61   1948
 MINIMUM         2.60   1954
TOTALS           8.56             10.61   -2.05    16.03
DAILY AVG.       0.09              0.12   -0.03     0.18
DAYS >= .01        32              23.6     8.4       28
DAYS >= .10        17              15.1     1.9       16
DAYS >= .50         5               7.1    -2.1       12
DAYS >= 1.00        2               2.9    -0.9        8
GREATEST
 24 HR. TOTAL    1.68   08/25 TO 08/25           06/24 TO 06/25

SNOWFALL (INCHES)
RECORDS
 TOTAL            0.0   2018
                        2017
                        2016
 24 HR TOTAL       MM
 SNOW DEPTH        MM   MM
TOTALS            0.0               0.0     0.0      0.0
 LIQUID EQUIV    0.00              0.00    0.00     0.00
SINCE 7/1         0.0               0.0     0.0      0.0
 LIQUID 7/1      0.00              0.00    0.00     0.00
SNOWDEPTH AVG.      0                MM      MM        0
DAYS >= TRACE       0               0.0     0.0        0
DAYS >= 1.0         0               0.0     0.0        0
GREATEST
 SNOW DEPTH         0   MM                             0  MM
 24 HR TOTAL      0.0   08/31 TO 08/31           08/31 TO 08/31

DEGREE_DAYS
HEATING TOTAL       2                 4      -2        0
 SINCE 7/1          0                 0       0        0
COOLING TOTAL    1312              1356     -44     1385
 SINCE 1/1       1404              1511    -107     1717

.................................................................

WIND (MPH)
AVERAGE WIND SPEED              8.0
RESULTANT WIND SPEED/DIRECTION   4/139
HIGHEST WIND SPEED/DIRECTION    52/340    DATE  07/05
HIGHEST GUST SPEED/DIRECTION    72/350    DATE  07/05

AVERAGE RH (PERCENT)     67


-  INDICATES NEGATIVE NUMBERS.
R  INDICATES RECORD WAS SET OR TIED.
MM INDICATES DATA IS MISSING.
T  INDICATES TRACE AMOUNT.

$$
