000
CXUS53 KPAH 011530
CLSPAH

CLIMATE REPORT
NATIONAL WEATHER SERVICE PADUCAH KY
1021 AM CDT SUN SEP 1 2019

...................................

...THE PADUCAH KY CLIMATE SUMMARY FOR THE SUMMER SEASON, FROM
6/1/2019 TO 8/31/2019...

CLIMATE NORMAL PERIOD 1981 TO 2010
CLIMATE RECORD PERIOD 1937 TO 2019

WEATHER         OBSERVED          NORMAL  DEPART
                 VALUE   DATE(S)  VALUE   FROM
                                          NORMAL
................................................
TEMPERATURE (F)
RECORD
 HIGH             108   07/17/1942
 LOW               44   06/01/1993
                        08/29/1986
HIGHEST            96   07/01        88       8
LOWEST             50   06/14        67     -17
AVG. MAXIMUM     88.0              88.2    -0.2
AVG. MINIMUM     67.6              66.5     1.1
MEAN             77.8              77.4     0.4
DAYS MAX >= 90     41              37.4     3.6
DAYS MAX <= 32      0               0.0     0.0
DAYS MIN <= 32      0               0.0     0.0
DAYS MIN <= 0       0               0.0     0.0

PRECIPITATION (INCHES)
RECORD
 MAXIMUM        22.45   1958
 MINIMUM         4.48   1944
TOTALS          17.27             11.26    6.01
DAILY AVG.       0.19              0.12    0.07
DAYS >= .01        30              24.5     5.5
DAYS >= .10        22              16.8     5.2
DAYS >= .50        14               7.3     6.7
DAYS >= 1.00        6               3.2     2.8
GREATEST
 24 HR. TOTAL    2.02   MM
 STORM TOTAL       MM
 (MM/DD(HH))            MM

SNOWFALL (INCHES)
RECORDS
 TOTAL            0.0   2002
                        2000
 24 HR TOTAL      0.0   08/31/2002 TO 08/31/2002
TOTALS            0.0               0.0     0.0
 LIQUID EQUIV    0.00
SINCE 7/1         0.0               0.0     0.0
 LIQUID 7/1      0.00
SNOWDEPTH AVG.      0
DAYS >= TRACE       0
DAYS >= 1.0         0
GREATEST
 SNOW DEPTH         0   MM
 24 HR TOTAL      0.0   MM
 STORM TOTAL       MM
 (MM/DD(HH))            MM

DEGREE_DAYS
HEATING TOTAL       0                 4      -4
 SINCE 7/1          0                 1      -1
COOLING TOTAL    1204              1140      64
 SINCE 1/1       1425              1313     112

FREEZE DATES
RECORD
 EARLIEST     10/01/1984
 LATEST       04/28/1992
EARLIEST                        10/26
LATEST                          04/04
.................................................

WIND (MPH)
AVERAGE WIND SPEED              4.9
HIGHEST WIND SPEED/DIRECTION    40/260    DATE  06/26
HIGHEST GUST SPEED/DIRECTION    66/180    DATE  07/10

SKY COVER
POSSIBLE SUNSHINE (PERCENT)   MM
AVERAGE SKY COVER           0.20
NUMBER OF DAYS FAIR           71
NUMBER OF DAYS PC             17
NUMBER OF DAYS CLOUDY          4

AVERAGE RH (PERCENT)     72

WEATHER CONDITIONS. NUMBER OF DAYS WITH
THUNDERSTORM             30     MIXED PRECIP               0
HEAVY RAIN               21     RAIN                      17
LIGHT RAIN               37     FREEZING RAIN              0
LT FREEZING RAIN          0     HAIL                       0
HEAVY SNOW                0     SNOW                       0
LIGHT SNOW                0     SLEET                      0
FOG                      59     FOG W/VIS <= 1/4 MILE      6
HAZE                     16

-  INDICATES NEGATIVE NUMBERS.
R  INDICATES RECORD WAS SET OR TIED.
MM INDICATES DATA IS MISSING.
T  INDICATES TRACE AMOUNT.

$$
