000
CXUS53 KILX 040802 CCA
CLSPIA

CLIMATE REPORT...CORRECTED
NATIONAL WEATHER SERVICE LINCOLN IL
202 AM CST WED MAR 4 2020

ADDED DATES OF 24-HOUR PRECIPITATION AND SNOWFALL
ADDED SEASONAL DEGREE DAY INFORMATION

...................................

...THE PEORIA IL CLIMATE SUMMARY FOR THE SEASON, FROM
12/1/2019 TO 2/29/2020...

CLIMATE NORMAL PERIOD 1981 TO 2010
CLIMATE RECORD PERIOD 1883 TO 2020

WEATHER         OBSERVED          NORMAL  DEPART  LAST YEAR`S
                 VALUE   DATE(S)  VALUE   FROM    VALUE
                                          NORMAL
.............................................................
TEMPERATURE (F)
RECORD
 HIGH              74   02/20/2017
                        02/10/1932
 LOW              -27   01/05/1884
HIGHEST            63   12/26        MM      MM       61
                        12/25
LOWEST             -9   02/14        MM      MM      -20
AVG. MAXIMUM     39.3              35.5     3.8     36.0
AVG. MINIMUM     23.7              19.7     4.0     19.6
MEAN             31.5              27.6     3.9     27.8
DAYS MAX >= 90      0               0.0     0.0        0
DAYS MAX <= 32     22              33.3   -11.3       32
DAYS MIN <= 32     80              77.2     2.8       81
DAYS MIN <= 0       2               7.2    -5.2        8

PRECIPITATION (INCHES)
RECORD
 MAXIMUM        13.18   1950
 MINIMUM         1.37   1963
TOTALS           7.54              5.99    1.55     8.84
DAILY AVG.       0.08                               0.10
DAYS >= .01        31              27.7     3.3       35
DAYS >= .10        17              13.4     3.6       19
DAYS >= .50         3               3.5    -0.5        7
DAYS >= 1.00        3               1.2     1.8        2
GREATEST
 24 HR. TOTAL    1.29   01/10                       1.27

SNOWFALL (INCHES)
RECORDS
 TOTAL           52.5   2011
 24 HR TOTAL     18.0   02/27/1900 TO 02/28/1900
TOTALS           25.1              20.2     4.9     20.8
SINCE 7/1        31.1              21.3     9.8     30.6
DAYS >= TRACE      32              16.0    16.0       29
DAYS >= 1.0        10               6.3     3.7        5
GREATEST
 SNOW DEPTH         4   02/14                         11
                        02/13
                        01/25
 24 HR TOTAL      3.5   02/12                       10.7

DEGREE_DAYS
HEATING TOTAL    3028              3368    -340     3326
 SINCE 7/1       4284              4547    -263     4659
COOLING TOTAL       0                 0       0        0
 SINCE 1/1          0                 0       0        0

FREEZE DATES
RECORD
 EARLIEST     09/20/1991
 LATEST       05/25/1925
EARLIEST                        10/14
LATEST                          04/19
..............................................................

WIND (MPH)
AVERAGE WIND SPEED              7.9
HIGHEST WIND SPEED/DIRECTION    31/190    DATE  01/09
HIGHEST GUST SPEED/DIRECTION    45/290    DATE  01/18

SKY COVER
POSSIBLE SUNSHINE (PERCENT)   MM
AVERAGE SKY COVER           0.50
NUMBER OF DAYS FAIR           36
NUMBER OF DAYS PC             18
NUMBER OF DAYS CLOUDY         37

AVERAGE RH (PERCENT)     75

WEATHER CONDITIONS. NUMBER OF DAYS WITH
THUNDERSTORM              0     MIXED PRECIP               0
HEAVY RAIN                3     RAIN                       9
LIGHT RAIN               19     FREEZING RAIN              2
LT FREEZING RAIN          3     HAIL                       0
HEAVY SNOW                1     SNOW                       8
LIGHT SNOW               31     SLEET                      0
FOG                      55     FOG W/VIS <= 1/4 MILE      7
HAZE                     26

-  INDICATES NEGATIVE NUMBERS.
R  INDICATES RECORD WAS SET OR TIED.
MM INDICATES DATA IS MISSING.
T  INDICATES TRACE AMOUNT.

&&

WINTER RECORDS:

* RECORD HIGH OF 63 ON 12/25
* RECORD HIGH OF 63 ON 12/26
* RECORD HIGH OF 61 2/2

$$
GEELHART
