317
CXUS51 KPBZ 031253 CCA
CLSPIT

CLIMATE REPORT
NATIONAL WEATHER SERVICE PITTSBURGH PA
1230 PM EDT SUN SEP 1 2019

...................................

...THE PITTSBURGH PA CLIMATE SUMMARY FOR THE SEASON, FROM
6/1/2019 TO 8/31/2019...

CLIMATE NORMAL PERIOD 1981 TO 2010
CLIMATE RECORD PERIOD 1871 TO 2019

WEATHER         OBSERVED          NORMAL  DEPART  LAST YEAR`S
                 VALUE   DATE(S)  VALUE   FROM    VALUE  DATE(S)
                                          NORMAL
................................................................
TEMPERATURE (F)
RECORD
 HIGH             103   07/16/1988
                        08/06/1918
                        07/10/1881
 LOW               34  06/11/1972
HIGHEST            90   07/20        92      -2       93  07/04
                        07/02
LOWEST             43   06/04        43       0       45  06/06
AVG. MAXIMUM     81.0              81.0     0.0       81.5
AVG. MINIMUM     62.4              60.9     1.5       63.3
MEAN             71.7              71.0     0.7       72.4
DAYS MAX >= 90      2               6.5    -4.5       9
DAYS MAX <= 32      0               0.0     0.0       0
DAYS MIN <= 32      0               0.0     0.0       0
DAYS MIN <= 0       0               0.0     0.0       0

PRECIPITATION (INCHES)
RECORD
 MAXIMUM        17.90   1879
 MINIMUM         2.20   1894
TOTALS          15.79             11.61    4.18
DAILY AVG.       0.17              0.13    0.04       0.16
DAYS >= .01        43              32.1    10.9       35
DAYS >= .10        31              20.5    10.5       25
DAYS >= .50        10               8.0     2.0       11
DAYS >= 1.00        3               2.8     0.2       4
GREATEST
 24 HR. TOTAL    2.32

SNOWFALL (INCHES)
RECORDS
 TOTAL             T   2015
TOTALS            0.0               0.0     0.0       0.0
SINCE 7/1         0.0               0.0     0.0       0.0
SNOWDEPTH AVG.      0                                 0
DAYS >= TRACE       0               0.0     0.0       0
DAYS >= 1.0         0               0.0     0.0       0
GREATEST
 24 HR TOTAL       T   2015                           0.0

DEGREE_DAYS
HEATING TOTAL      36                51     -15       20
 SINCE 7/1          1                13     -12       1
COOLING TOTAL     678               600      78       723
 SINCE 1/1        761               652     109       891
.................................................................

WIND (MPH)
AVERAGE WIND SPEED              6.3
HIGHEST WIND SPEED/DIRECTION    33/290    DATE  07/21
HIGHEST GUST SPEED/DIRECTION    42/290    DATE  07/21

AVERAGE RH (PERCENT)     72

WEATHER CONDITIONS. NUMBER OF DAYS WITH
THUNDERSTORM             37     MIXED PRECIP               0
HEAVY RAIN               15     RAIN                      17
LIGHT RAIN               45     FREEZING RAIN              0
LT FREEZING RAIN          0     HAIL                       0
HEAVY SNOW                0     SNOW                       0
LIGHT SNOW                0     SLEET                      0
FOG                      45     FOG W/VIS <= 1/4 MILE      2
HAZE                      5

-  INDICATES NEGATIVE NUMBERS.
R  INDICATES RECORD WAS SET OR TIED.
MM INDICATES DATA IS MISSING.
T  INDICATES TRACE AMOUNT.

$$
