000
CXUS51 KRLX 011539
CLSPKB


CLIMATE REPORT
NATIONAL WEATHER SERVICE CHARLESTON WV
1137 AM EDT SUN SEP 1 2019

...................................

...THE PARKERSBURG WV CLIMATE SUMMARY FOR THE SEASON, FROM
6/1/2019 TO 8/31/2019...

CLIMATE NORMAL PERIOD 1981 TO 2010
CLIMATE RECORD PERIOD 1926 TO 2019

WEATHER         OBSERVED          NORMAL  DEPART  LAST YEAR`S
                 VALUE   DATE(S)  VALUE   FROM    VALUE
                                          NORMAL
.............................................................
TEMPERATURE (F)
RECORD
 HIGH             106   08/06/1918
 LOW                0   06/15/2003
HIGHEST            93   07/20                         95
LOWEST             46   06/04                         46
AVG. MAXIMUM     84.3              83.6     0.7     84.5
AVG. MINIMUM     62.8              62.1     0.7     64.4
MEAN             73.5              72.9     0.6     74.5
DAYS MAX >= 90     16              12.6     3.4       16
DAYS MAX <= 32      0               0.0     0.0        0
DAYS MIN <= 32      0               0.0     0.0        0
DAYS MIN <= 0       0               0.0     0.0        0

PRECIPITATION (INCHES)
RECORD
 MAXIMUM        23.16   1958
 MINIMUM         4.04   1930
TOTALS          14.63             11.84    2.79     8.57
DAILY AVG.       0.16              0.13    0.03     0.10
DAYS >= .01        35              31.6     3.4       27
DAYS >= .10        24              20.9     3.1       17
DAYS >= .50        10               7.7     2.3        6
DAYS >= 1.00        7               3.4     3.6        2
GREATEST
 24 HR. TOTAL    1.76   MM

DEGREE_DAYS
HEATING TOTAL      16                24      -8       17
 SINCE 7/1          0                 5      -5        0
COOLING TOTAL     825               746      79      879
 SINCE 1/1        970               830     140     1116
..............................................................

WIND (MPH)
AVERAGE WIND SPEED              4.0
HIGHEST WIND SPEED/DIRECTION    29/290    DATE  06/13
HIGHEST GUST SPEED/DIRECTION    43/300    DATE  06/13

SKY COVER
POSSIBLE SUNSHINE (PERCENT)   MM
AVERAGE SKY COVER           0.30
NUMBER OF DAYS FAIR           54
NUMBER OF DAYS PC             30
NUMBER OF DAYS CLOUDY          8

AVERAGE RH (PERCENT)     73

-  INDICATES NEGATIVE NUMBERS.
R  INDICATES RECORD WAS SET OR TIED.
MM INDICATES DATA IS MISSING.
T  INDICATES TRACE AMOUNT.

$$
