000
CXUS51 KALY 021358
CLSPOU

CLIMATE REPORT
NATIONAL WEATHER SERVICE ALBANY NY
953 AM EDT MON SEP 2 2019

...................................

...THE POUGHKEEPSIE NY CLIMATE SUMMARY FOR THE SEASON, FROM
6/1/2019 TO 8/31/2019...

CLIMATE NORMAL PERIOD 1981 TO 2010
CLIMATE RECORD PERIOD 1931 TO 2019

WEATHER         OBSERVED          NORMAL  DEPART  LAST YEAR`S
                 VALUE   DATE(S)  VALUE   FROM    VALUE  DATE(S)
                                          NORMAL
................................................................
TEMPERATURE (F)
HIGHEST            97   07/21                         MM  MM
LOWEST             41   06/04                         MM  MM
AVG. MAXIMUM     83.6              82.2     1.4       MM
AVG. MINIMUM     60.5              58.8     1.7       MM
MEAN             72.1              70.5     1.6       MM
DAYS MAX >= 90     15              12.5     2.5       MM
DAYS MAX <= 32      0               0.0     0.0       MM
DAYS MIN <= 32      0               0.0     0.0       MM
DAYS MIN <= 0       0               0.0     0.0       MM

PRECIPITATION (INCHES)
RECORD
 MAXIMUM        22.32   1945
 MINIMUM         2.87   1966
TOTALS          10.48             13.28   -2.80       MM
DAILY AVG.       0.11              0.14   -0.03       MM
DAYS >= .01        34              32.7     1.3       MM
DAYS >= .10        21              21.9    -0.9       MM
DAYS >= .50         7               8.9    -1.9       MM
DAYS >= 1.00        2               3.4    -1.4       MM
GREATEST
 24 HR. TOTAL    1.37   08/17 TO 08/17

DEGREE_DAYS
HEATING TOTAL      34                65     -31
 SINCE 7/1          4                17     -13
COOLING TOTAL     711               567     144
 SINCE 1/1        737               604     133

FREEZE DATES
RECORD
 EARLIEST     09/15/1963
 LATEST       05/25/1949
EARLIEST                        10/09
LATEST                          04/29
.................................................................

WIND (MPH)
AVERAGE WIND SPEED              3.7
HIGHEST WIND SPEED/DIRECTION    29/280    DATE  06/14
HIGHEST GUST SPEED/DIRECTION    36/320    DATE  06/26


WEATHER CONDITIONS. NUMBER OF DAYS WITH
THUNDERSTORM             16     MIXED PRECIP               0
HEAVY RAIN                8     RAIN                      16
LIGHT RAIN               30     FREEZING RAIN              0
LT FREEZING RAIN          0     HAIL                       0
HEAVY SNOW                0     SNOW                       0
LIGHT SNOW                0     SLEET                      0
FOG                      44     FOG W/VIS <= 1/4 MILE      8
HAZE                      6

-  INDICATES NEGATIVE NUMBERS.
R  INDICATES RECORD WAS SET OR TIED.
MM INDICATES DATA IS MISSING.
T  INDICATES TRACE AMOUNT.

$$
