000
CXUS51 KALY 021405
CLSPSF

CLIMATE REPORT
NATIONAL WEATHER SERVICE ALBANY NY
953 AM EDT MON SEP 2 2019

...................................

...THE PITTSFIELD MA CLIMATE SUMMARY FOR THE SEASON, FROM
6/1/2019 TO 8/31/2019...

CLIMATE NORMAL PERIOD 1981 TO 2010
CLIMATE RECORD PERIOD 9999 TO 9999

WEATHER         OBSERVED          NORMAL  DEPART  LAST YEAR`S
                 VALUE   DATE(S)  VALUE   FROM    VALUE  DATE(S)
                                          NORMAL
................................................................
TEMPERATURE (F)
HIGHEST            90   07/20                         MM  MM
                        07/19
LOWEST             39   06/04                         MM  MM
AVG. MAXIMUM     79.3              76.7     2.6       MM
AVG. MINIMUM     56.5              55.0     1.5       MM
MEAN             67.9              65.8     2.1       MM
DAYS MAX >= 90      2               1.1     0.9       MM
DAYS MAX <= 32      0               0.0     0.0       MM
DAYS MIN <= 32      0               0.1    -0.1       MM
DAYS MIN <= 0       0               0.0     0.0       MM

PRECIPITATION (INCHES)
TOTALS          10.34             12.74   -2.40       MM
DAILY AVG.       0.11              0.14   -0.03       MM
DAYS >= .01        40                                 MM
DAYS >= .10        20                                 MM
DAYS >= .50         6                                 MM
DAYS >= 1.00        3                                 MM
GREATEST
 24 HR. TOTAL    1.48   08/25 TO 08/25

DEGREE_DAYS
HEATING TOTAL      93               179     -86
 SINCE 7/1         26                78     -52
COOLING TOTAL     386               258     128
 SINCE 1/1        392               270     122

FREEZE DATES
EARLIEST                        10/04
LATEST                          05/07
.................................................................

WIND (MPH)
AVERAGE WIND SPEED              4.8
HIGHEST WIND SPEED/DIRECTION    32/270    DATE  08/08
HIGHEST GUST SPEED/DIRECTION    39/270    DATE  08/08


WEATHER CONDITIONS. NUMBER OF DAYS WITH
THUNDERSTORM             15     MIXED PRECIP               0
HEAVY RAIN               12     RAIN                      17
LIGHT RAIN               44     FREEZING RAIN              0
LT FREEZING RAIN          0     HAIL                       0
HEAVY SNOW                0     SNOW                       0
LIGHT SNOW                0     SLEET                      0
FOG                      60     FOG W/VIS <= 1/4 MILE     18
HAZE                      9

-  INDICATES NEGATIVE NUMBERS.
R  INDICATES RECORD WAS SET OR TIED.
MM INDICATES DATA IS MISSING.
T  INDICATES TRACE AMOUNT.

$$
