000
CXUS53 KGRB 040245
CLSRHI

CLIMATE REPORT
NATIONAL WEATHER SERVICE GREEN BAY
945 PM CDT TUE SEP 3 2019

...TIED 49TH COOLEST SUMMER ON RECORD...
...39TH WETTEST SUMMER ON RECORD...

...THE RHINELANDER WI SUMMER CLIMATE SUMMARY FROM 6/1/2019 TO
8/31/2019...

CLIMATE NORMAL PERIOD 1981 TO 2010
CLIMATE RECORD PERIOD 1908 TO 2019

WEATHER         OBSERVED          NORMAL  DEPART  LAST YEAR`S
                 VALUE   DATE(S)  VALUE   FROM    VALUE  DATE(S)
                                          NORMAL
................................................................
TEMPERATURE (F)
RECORD
 HIGH             108   07/13/1936
 LOW               27   06/01/2003
HIGHEST            89   07/19        92      -3       96  06/29
LOWEST             37   06/03        35       2       40  06/05
AVG. MAXIMUM     77.6              76.8     0.8     80.5
AVG. MINIMUM     52.6              52.6     0.0     55.9
MEAN             65.1              64.7     0.4     68.2
DAYS MAX >= 90      0               2.1    -2.1       11
DAYS MAX <= 32      0               0.0     0.0        0
DAYS MIN <= 32      0               0.5    -0.5        0
DAYS MIN <= 0       0               0.0     0.0        0

PRECIPITATION (INCHES)
RECORD
 MAXIMUM        21.33   1978
 MINIMUM         5.37   1910
TOTALS          13.35             11.20    2.15    12.06
DAILY AVG.       0.14              0.12    0.02     0.13
DAYS >= .01        37                MM      MM       31
DAYS >= .10        25                MM      MM       20
DAYS >= .50         6                MM      MM        9
DAYS >= 1.00        3                MM      MM        3

SNOWFALL (INCHES)
RECORDS
 TOTAL              T   1945
 24 HR TOTAL        0
TOTALS            0.0                MM      MM      0.0
SINCE 7/1         0.0                MM      MM      0.0
DAYS >= TRACE       0                MM      MM        0
DAYS >= 1.0         0                MM      MM        0
GREATEST
 SNOW DEPTH         0                                  0
 24 HR TOTAL      0.0

DEGREE_DAYS
HEATING TOTAL     207               261     -54       86
 SINCE 7/1        126               127      -1       43
COOLING TOTAL     240               230      10      403
 SINCE 1/1        249               241       8      486

FREEZE DATES
RECORD
 EARLIEST     08/27/1915
 LATEST       07/30/1928
EARLIEST                        09/23
LATEST                          05/20
.................................................................

WIND (MPH)
AVERAGE WIND SPEED              5.5
RESULTANT WIND SPEED/DIRECTION   2/239
HIGHEST WIND SPEED/DIRECTION    32/250    DATE  07/15
HIGHEST GUST SPEED/DIRECTION    51/260    DATE  07/15

SKY COVER
POSSIBLE SUNSHINE (PERCENT)   MM
AVERAGE SKY COVER           0.30
NUMBER OF DAYS FAIR           55
NUMBER OF DAYS PC             34
NUMBER OF DAYS CLOUDY          3

AVERAGE RH (PERCENT)     68

-  INDICATES NEGATIVE NUMBERS.
R  INDICATES RECORD WAS SET OR TIED.
MM INDICATES DATA IS MISSING.
T  INDICATES TRACE AMOUNT.

$$
ECKBERG
