858
CXUS53 KGRB 061643
CLSRHI

CLIMATE REPORT
NATIONAL WEATHER SERVICE GREEN BAY
1043 AM CST FRI DEC 6 2019

...THE RHINELANDER WI FALL CLIMATE SUMMARY FROM 9/1/2019 TO 11/30/2019...

CLIMATE NORMAL PERIOD 1981 TO 2010
CLIMATE RECORD PERIOD 1908 TO 2019

WEATHER         OBSERVED          NORMAL  DEPART  LAST YEAR`S
                 VALUE   DATE(S)  VALUE   FROM    VALUE  DATE(S)
                                          NORMAL
................................................................
TEMPERATURE (F)
RECORD
 HIGH              98   09/10/1908
 LOW              -16   11/30/1976
HIGHEST            80   09/16        86      -6       90  09/15
LOWEST             -3   11/12         2      -5       -3  11/20
AVG. MAXIMUM     49.9              52.7    -2.8     51.4
AVG. MINIMUM     34.4              33.6     0.8     34.5
MEAN             42.1              43.2    -1.1     43.0
DAYS MAX >= 90      0               0.0     0.0        1
DAYS MAX <= 32     18              10.3     7.7       19
DAYS MIN <= 32     45              42.4     2.6       43
DAYS MIN <= 0       1               0.5     0.5        1

PRECIPITATION (INCHES)
RECORD
 MAXIMUM        17.47   1934
 MINIMUM         1.11   1976
TOTALS          10.84              9.08    1.76    12.67
DAILY AVG.       0.12              0.10    0.02     0.14
DAYS >= .01        43                MM      MM       40
DAYS >= .10        26                MM      MM       22
DAYS >= .50         8                MM      MM        8
DAYS >= 1.00        2                MM      MM        3

SNOWFALL (INCHES)
RECORDS
 TOTAL           35.1   2014
 24 HR TOTAL       MM
TOTALS           18.1                MM      MM     16.8
SINCE 7/1        18.1                MM      MM     16.8
DAYS >= TRACE      25                MM      MM       25
DAYS >= 1.0         3                MM      MM        5
GREATEST
 SNOW DEPTH         9   11/27                          4  11/21
                                                          11/19
                                                          11/20
 24 HR TOTAL     11.0   11/27

DEGREE_DAYS
HEATING TOTAL    2081              2007      74     2071
 SINCE 7/1       2207              2134      73     2114
COOLING TOTAL      23                21       2       80
 SINCE 1/1        272               261      11      566

FREEZE DATES
RECORD
 EARLIEST     08/27/1915
 LATEST       07/30/1928
EARLIEST                        09/23
LATEST                          05/20
.................................................................

WIND (MPH)
AVERAGE WIND SPEED              7.6
RESULTANT WIND SPEED/DIRECTION   3/232
HIGHEST WIND SPEED/DIRECTION    28/230    DATE  10/11
HIGHEST GUST SPEED/DIRECTION    45/120    DATE  10/21

SKY COVER
POSSIBLE SUNSHINE (PERCENT)   MM
AVERAGE SKY COVER           0.60
NUMBER OF DAYS FAIR           16
NUMBER OF DAYS PC             37
NUMBER OF DAYS CLOUDY         38

AVERAGE RH (PERCENT)     76

-  INDICATES NEGATIVE NUMBERS.
R  INDICATES RECORD WAS SET OR TIED.
MM INDICATES DATA IS MISSING.
T  INDICATES TRACE AMOUNT.

$$
ECKBERG
