050
CXUS51 KRNK 030303 CCA
CLSRNK

CLIMATE REPORT...CORRECTED
NATIONAL WEATHER SERVICE BLACKSBURG VA
913 AM EDT SUN SEP 1 2019

...................................

...THE BLACKSBURG VA CLIMATE SUMMARY FOR THE SEASON, FROM
6/1/2019 TO 8/31/2019...

CLIMATE NORMAL PERIOD 1981 TO 2010
CLIMATE RECORD PERIOD 1952 TO 2019

WEATHER         OBSERVED          NORMAL  DEPART  LAST YEAR`S
                 VALUE   DATE(S)  VALUE   FROM    VALUE
                                          NORMAL
.............................................................
TEMPERATURE (F)
RECORD
 HIGH              99   08/23/1983
                        07/15/1954
 LOW               30   06/11/1972
HIGHEST            93   07/20                         90
LOWEST             44   06/04                         48
AVG. MAXIMUM     82.5              80.9     1.6     81.5
AVG. MINIMUM     60.1              58.4     1.7     60.5
MEAN             71.3              69.7     1.6     71.0
DAYS MAX >= 90      6               4.1     1.9        1
DAYS MAX <= 32      0               0.0     0.0        0
DAYS MIN <= 32      0               0.0     0.0        0
DAYS MIN <= 0       0               0.0     0.0        0

PRECIPITATION (INCHES)
RECORD
 MAXIMUM        19.82   1992
 MINIMUM         6.08   1991
TOTALS          11.07             11.85   -0.78     9.30
DAILY AVG.       0.12              0.13   -0.01     0.10
DAYS >= .01        44              34.6     9.4       35
DAYS >= .10        25              22.5     2.5       19
DAYS >= .50         7               7.9    -0.9        5
DAYS >= 1.00        3               2.8     0.2        1
GREATEST
 24 HR. TOTAL    1.35                               1.94

SNOWFALL (INCHES)
TOTALS            0.0                                  T
DAYS >= TRACE       0                                  1
DAYS >= 1.0         0                                  0
GREATEST
 24 HR TOTAL      0.0                                0.0

DEGREE_DAYS
HEATING TOTAL      33                55     -22        9
COOLING TOTAL     639               483     156      582
..............................................................

WIND (MPH)
AVERAGE WIND SPEED              2.8
HIGHEST WIND SPEED/DIRECTION    21/110    DATE  08/20
HIGHEST GUST SPEED/DIRECTION    32/140    DATE  08/20

SKY COVER
AVERAGE SKY COVER           0.40

AVERAGE RH (PERCENT)     76

WEATHER CONDITIONS. NUMBER OF DAYS WITH:

THUNDERSTORM             27     MIXED PRECIP                 0
HEAVY RAIN               20     RAIN                        32
LIGHT RAIN               50     FREEZING RAIN                0
LIGHT FREEZING RAIN       0     HAIL                         0
HEAVY SNOW                0     SNOW                         0
LIGHT SNOW                0     SLEET                        0
FOG                      47     FOG W/VIS <= 1/4 MILE       10
HAZE                      0

-  INDICATES NEGATIVE NUMBERS.
R  INDICATES RECORD WAS SET OR TIED.
MM INDICATES DATA IS MISSING.
T  INDICATES TRACE AMOUNT.

$$
