000
CXUS51 KRNK 030249 CCB
CLSROA

CLIMATE REPORT...CORRECTED
NATIONAL WEATHER SERVICE BLACKSBURG VA
913 AM EDT SUN SEP 1 2019

...................................

...THE ROANOKE VA CLIMATE SUMMARY FOR THE SEASON, FROM
6/1/2019 TO 8/31/2019...

CLIMATE NORMAL PERIOD 1981 TO 2010
CLIMATE RECORD PERIOD 1912 TO 2019

WEATHER         OBSERVED          NORMAL  DEPART  LAST YEAR`S
                 VALUE   DATE(S)  VALUE   FROM    VALUE
                                          NORMAL
.............................................................
TEMPERATURE (F)
RECORD
 HIGH             105   08/21/1983
                        07/10/1936
                        08/05/1930
 LOW               36   06/11/1913
HIGHEST            99   07/20                         96
LOWEST             50   06/04                         54
AVG. MAXIMUM     87.0              85.4     1.6     86.1
AVG. MINIMUM     66.0              64.6     1.4     66.5
MEAN             76.5              75.0     1.5     76.3
DAYS MAX >= 90     45              22.2    22.8       26
DAYS MAX <= 32      0               0.0     0.0        0
DAYS MIN <= 32      0               0.0     0.0        0
DAYS MIN <= 0       0               0.0     0.0        0

PRECIPITATION (INCHES)
RECORD
 MAXIMUM        26.85   1940
 MINIMUM         4.77   1993
TOTALS          13.36             11.43    1.93    13.27
DAILY AVG.       0.14              0.12    0.02     0.14
DAYS >= .01        32              31.9     0.1       34
DAYS >= .10        21              19.5     1.5       21
DAYS >= .50         7               7.3    -0.3       11
DAYS >= 1.00        3               2.9     0.1        3
GREATEST
 24 HR. TOTAL    2.76                               1.69

SNOWFALL (INCHES)
TOTALS              T (HAIL)                         0.0
DAYS >= TRACE       2 (HAIL)                           0
DAYS >= 1.0         0                                  0
GREATEST
 24 HR TOTAL      0.0                                0.0

DEGREE_DAYS
HEATING TOTAL       0                13     -13        0
COOLING TOTAL    1084               932     152     1060
..............................................................

WIND (MPH)
AVERAGE WIND SPEED              5.1
HIGHEST WIND SPEED/DIRECTION    41/340    DATE  06/16
HIGHEST GUST SPEED/DIRECTION    52/010    DATE  06/16

SKY COVER
AVERAGE SKY COVER           0.40

AVERAGE RH (PERCENT)     67

WEATHER CONDITIONS. NUMBER OF DAYS WITH:
THUNDERSTORM             27     MIXED PRECIP                 0
HEAVY RAIN               10     RAIN                        14
LIGHT RAIN               51     FREEZING RAIN                0
LIGHT FREEZING RAIN       0     HAIL                         2
HEAVY SNOW                0     SNOW                         0
LIGHT SNOW                0     SLEET                        0
FOG                      22     FOG W/VIS <= 1/4 MILE        0
HAZE                      1


-  INDICATES NEGATIVE NUMBERS.
R  INDICATES RECORD WAS SET OR TIED.
MM INDICATES DATA IS MISSING.
T  INDICATES TRACE AMOUNT.

REMARKS:
TRACE OF SNOW WAS HAIL ON 7/21/19 AND 6/16/19.

$$

RAB
