000
CXUS53 KILX 012118 RRB
CLSSPI

CLIMATE REPORT
NATIONAL WEATHER SERVICE LINCOLN IL
355 PM CDT SUN SEP 1 2019

...................................

...THE SPRINGFIELD IL CLIMATE SUMMARY FOR THE SEASON, FROM
6/1/2019 TO 8/31/2019...

CLIMATE NORMAL PERIOD 1981 TO 2010
CLIMATE RECORD PERIOD 1879 TO 2019

WEATHER         OBSERVED          NORMAL  DEPART  LAST YEAR`S
                 VALUE   DATE(S)  VALUE   FROM    VALUE
                                          NORMAL
.............................................................
TEMPERATURE (F)
RECORD
 HIGH             112   07/14/1954
 LOW               39   06/01/2003
HIGHEST            96   07/10        MM      MM       95
LOWEST             51   06/14        MM      MM       52
AVG. MAXIMUM     84.8              84.8     0.0     86.7
AVG. MINIMUM     64.3              63.6     0.7     66.5
MEAN             74.6              74.2     0.4     76.6
DAYS MAX >= 90     17              19.1    -2.1       33
DAYS MAX <= 32      0               0.0     0.0        0
DAYS MIN <= 32      0               0.0     0.0        0
DAYS MIN <= 0       0               0.0     0.0        0

PRECIPITATION (INCHES)
RECORD
 MAXIMUM        24.93   1981
 MINIMUM         3.87   1893
TOTALS          11.58             11.64   -0.06    16.95
DAILY AVG.       0.13                               0.18
DAYS >= .01        28              27.1     0.9       27
DAYS >= .10        17              17.4    -0.4       22
DAYS >= .50         7               7.6    -0.6       11
DAYS >= 1.00        4               3.0     1.0        6
GREATEST
 24 HR. TOTAL    1.90   MM                          2.80

SNOWFALL (INCHES)
RECORDS
 TOTAL            0.0   MM
 24 HR TOTAL      0.0   MM
TOTALS            0.0               0.0     0.0      0.0
SINCE 7/1         0.0               0.0     0.0      0.0
DAYS >= TRACE       0               0.0     0.0        0
DAYS >= 1.0         0               0.0     0.0        0
GREATEST
 SNOW DEPTH         0   MM                             0
 24 HR TOTAL      0.0   MM                           0.0

DEGREE_DAYS
HEATING TOTAL       4                20     -16        0
 SINCE 7/1          0                 5      -5        0
COOLING TOTAL     912               866      46     1092
 SINCE 1/1       1036               970      66     1403

FREEZE DATES
RECORD
 EARLIEST     09/20/1991
 LATEST       05/10/1966
EARLIEST                        10/13
LATEST                          04/13
..............................................................

WIND (MPH)
AVERAGE WIND SPEED              7.0
HIGHEST WIND SPEED/DIRECTION    39/320    DATE  08/20
HIGHEST GUST SPEED/DIRECTION    58/330    DATE  08/20

SKY COVER
POSSIBLE SUNSHINE (PERCENT)   MM
AVERAGE SKY COVER           0.30
NUMBER OF DAYS FAIR           62
NUMBER OF DAYS PC             28
NUMBER OF DAYS CLOUDY          2

AVERAGE RH (PERCENT)     74

WEATHER CONDITIONS. NUMBER OF DAYS WITH
THUNDERSTORM             25     MIXED PRECIP               0
HEAVY RAIN               14     RAIN                      18
LIGHT RAIN               38     FREEZING RAIN              0
LT FREEZING RAIN          0     HAIL                       0
HEAVY SNOW                0     SNOW                       0
LIGHT SNOW                0     SLEET                      0
FOG                      40     FOG W/VIS <= 1/4 MILE      3
HAZE                      4

-  INDICATES NEGATIVE NUMBERS.
R  INDICATES RECORD WAS SET OR TIED.
MM INDICATES DATA IS MISSING.
T  INDICATES TRACE AMOUNT.

&&

SUMMER SEASON RECORDS:

* 5TH DRIEST JULY WITH 0.52 INCHES
* WARM LOW OF 78 DEGREES ON JULY 19TH
* COLD LOW OF 54 ON JULY 23RD


$$
