000
CXUS53 KEAX 010816
CLSSTJ

CLIMATE REPORT
NATIONAL WEATHER SERVICE KANSAS CITY/PLEASANT HILL MO
314 AM CDT SUN SEP 1 2019

...................................

...THE ST. JOSEPH MO CLIMATE SUMMARY FOR THE SEASON, FROM
6/1/2019 TO 8/31/2019...

CLIMATE NORMAL PERIOD 1981 TO 2010
CLIMATE RECORD PERIOD 1892 TO 2019

WEATHER         OBSERVED          NORMAL  DEPART  LAST YEAR`S
                 VALUE   DATE(S)  VALUE   FROM    VALUE  DATE(S)
                                          NORMAL
................................................................
TEMPERATURE (F)
RECORD
 HIGH             110   08/13/1936
                        08/10/1934
 LOW               41   08/28/1986
                        06/01/1982
                        07/05/1972
HIGHEST            96   07/20        98      -2       98  08/05
                        07/18                             07/13
                        07/19                             07/12
LOWEST             48   06/13        50      -2       54  06/05
AVG. MAXIMUM     85.6              85.8    -0.2     88.3
AVG. MINIMUM     66.5              64.9     1.6     65.8
MEAN             76.1              75.3     0.8     77.1
DAYS MAX >= 90     22              31.2    -9.2       41
DAYS MAX <= 32      0               0.0     0.0        0
DAYS MIN <= 32      0               0.0     0.0        0
DAYS MIN <= 0       0               0.0     0.0        0

PRECIPITATION (INCHES)
RECORD
 MAXIMUM        28.88   1951
 MINIMUM         3.94   1901
TOTALS          14.07             13.35    0.72     7.41
DAILY AVG.       0.15              0.15    0.00     0.09
DAYS >= .01        32              26.4     5.6       24
DAYS >= .10        20              16.4     3.6       14
DAYS >= .50        10               8.2     1.8        6
DAYS >= 1.00        4               3.9     0.1        1
GREATEST
 24 HR. TOTAL    2.42   MM

DEGREE_DAYS
HEATING TOTAL       1                13     -12        0
COOLING TOTAL    1043               965      78     1132
.................................................................

WIND (MPH)
AVERAGE WIND SPEED              7.3
HIGHEST WIND SPEED/DIRECTION    46/090    DATE  08/29
HIGHEST GUST SPEED/DIRECTION    62/090    DATE  08/29

SKY COVER
POSSIBLE SUNSHINE (PERCENT)   MM
AVERAGE SKY COVER           0.20
NUMBER OF DAYS FAIR           72
NUMBER OF DAYS PC             18
NUMBER OF DAYS CLOUDY          2

AVERAGE RH (PERCENT)     71



-  INDICATES NEGATIVE NUMBERS.
R  INDICATES RECORD WAS SET OR TIED.
MM INDICATES DATA IS MISSING.
T  INDICATES TRACE AMOUNT.

$$
