533
CXUS51 KBGM 011023 RRB
CLSSYR

CLIMATE REPORT
NATIONAL WEATHER SERVICE BINGHAMTON NY
608 AM EDT SUN SEP 1 2019

...................................

...THE SYRACUSE NY CLIMATE SUMMARY FOR THE SEASON, FROM
6/1/2019 TO 8/31/2019...

CLIMATE NORMAL PERIOD 1981 TO 2010
CLIMATE RECORD PERIOD 1902 TO 2019

WEATHER         OBSERVED          NORMAL  DEPART  LAST YEAR`S
                 VALUE   DATE(S)  VALUE   FROM    VALUE  DATE(S)
                                          NORMAL
................................................................
TEMPERATURE (F)
RECORD
 HIGH             101   07/17/2012
                        08/14/2002
                        07/21/2011
 LOW               35   06/01/1966
HIGHEST            95   07/16        79      16       95  07/16
                                                          07/02
LOWEST             44   06/03        58     -14       46  06/26
                                                          06/22
AVG. MAXIMUM     80.9              79.7     1.2     80.8
AVG. MINIMUM     59.5              58.9     0.6     60.5
MEAN             70.2              69.3     0.9     70.6
DAYS MAX >= 90      9               6.1     2.9       12
DAYS MAX <= 32      0               0.0     0.0        0
DAYS MIN <= 32      0               0.0     0.0        0
DAYS MIN <= 0       0               0.0     0.0        0

PRECIPITATION (INCHES)
RECORD
 MAXIMUM        19.51   1972
 MINIMUM         5.33   1965
TOTALS          12.99             10.66    2.33    10.76
DAILY AVG.       0.14              0.12    0.02     0.12
DAYS >= .01        38              34.2     3.8       33
DAYS >= .10        24              21.2     2.8       22
DAYS >= .50        10               7.0     3.0        8
DAYS >= 1.00        4               1.8     2.2        4
GREATEST
 24 HR. TOTAL    1.22   07/29 TO 07/30

SNOWFALL (INCHES)
RECORDS
 TOTAL              T   2016
                        2008
                        2005
 24 HR TOTAL        T   06/07/2016 TO 06/07/2016
                        08/07/2008 TO 08/07/2008
                        08/07/2008 TO 06/16/2008
 SNOW DEPTH         T   06/07/2016
TOTALS              TR              0.0     0.0      0.0
SINCE 7/1           T               0.0     0.0      0.0
SNOWDEPTH AVG.      0                MM      MM        0
DAYS >= TRACE       1               0.0     1.0        0
DAYS >= 1.0         0               0.0     0.0        0
GREATEST
 SNOW DEPTH         TR  07/29                          0  MM
 24 HR TOTAL        TR  07/29 TO 07/29

DEGREE_DAYS
HEATING TOTAL      52                87     -35       48
 SINCE 7/1          5                26     -21        0
COOLING TOTAL     555               483      72      591
 SINCE 1/1        568               513      55      650

FREEZE DATES
RECORD
 EARLIEST     09/23/1963
 LATEST       05/24/1963
EARLIEST                        10/14
LATEST                          04/29
.................................................................

WIND (MPH)
AVERAGE WIND SPEED              6.4
RESULTANT WIND SPEED/DIRECTION   2/269
HIGHEST WIND SPEED/DIRECTION    40/250    DATE  08/09
HIGHEST GUST SPEED/DIRECTION    52/260    DATE  08/09

SKY COVER
POSSIBLE SUNSHINE (PERCENT)   MM
AVERAGE SKY COVER           0.60

AVERAGE RH (PERCENT)     67

WEATHER CONDITIONS. NUMBER OF DAYS WITH
THUNDERSTORM             22     MIXED PRECIP                0
HEAVY RAIN               17     RAIN                       14
LIGHT RAIN               42     FREEZING RAIN               0
LT FREEZING RAIN          0     HAIL                        1
HEAVY SNOW                0     SNOW                        0
LIGHT SNOW                0     SLEET                       0
FOG                      37     FOG W/VIS <= 1/4 MILE       2
HAZE                      6

-  INDICATES NEGATIVE NUMBERS.
R  INDICATES RECORD WAS SET OR TIED.
MM INDICATES DATA IS MISSING.
T  INDICATES TRACE AMOUNT.
&&
TRACE OF SNOWFALL AND SNOW DEPTH WAS HAIL
$$
TAC
