000
CXUS51 KBGM 031144
CLSSYR


CLIMATE REPORT
NATIONAL WEATHER SERVICE BINGHAMTON NY
624 AM EST TUE MAR 3 2020

...................................

...THE SYRACUSE NY CLIMATE SUMMARY FOR THE SEASON, FROM
12/1/2019 TO 2/29/2020...

CLIMATE NORMAL PERIOD 1981 TO 2010
CLIMATE RECORD PERIOD 1902 TO 2020

WEATHER         OBSERVED          NORMAL  DEPART  LAST YEAR`S
                 VALUE   DATE(S)  VALUE   FROM    VALUE  DATE(S)
                                          NORMAL
................................................................
TEMPERATURE (F)
RECORD
 HIGH              75   02/21/2018
 LOW              -26   02/18/1979
                        01/26/1966
HIGHEST            67   01/11        34      33       65  12/21
LOWEST             -5   02/15        18     -23       -7  01/21
AVG. MAXIMUM     37.4              34.0     3.4     34.1
AVG. MINIMUM     22.5              18.6     3.9     18.4
MEAN             30.0              26.3     3.7     26.2
DAYS MAX >= 90      0               0.0     0.0        0
DAYS MAX <= 32     23              38.6   -15.6       44
DAYS MIN <= 32     76              78.6    -2.6       85
DAYS MIN <= 0       2               6.7    -4.7        6

PRECIPITATION (INCHES)
RECORD
 MAXIMUM        12.98   1959
 MINIMUM         4.57   1979
TOTALS           9.45              7.79    1.66     9.37
DAILY AVG.       0.10              0.09    0.01     0.10
DAYS >= .01        48              53.7    -5.7       54
DAYS >= .10        22              21.6     0.4       23
DAYS >= .50         6               3.6     2.4        4
DAYS >= 1.00        0               0.8    -0.8        1
GREATEST
 24 HR. TOTAL    1.09   12/01 TO 12/02

SNOWFALL (INCHES)
RECORDS
 TOTAL          159.7   2011
 24 HR TOTAL     22.0   01/31/1966 TO 01/31/1966
 SNOW DEPTH        48   02/01/1966
                        02/21/1958
                        02/20/1958
TOTALS           69.5              92.0   -22.5     74.9
SINCE 7/1        76.1             101.9   -25.8     97.7
SNOWDEPTH AVG.      3                 5      -2        4
DAYS >= TRACE      59              47.5    11.5       67
DAYS >= 1.0        21              25.4    -4.4       21
GREATEST
 SNOW DEPTH        13   02/08                         18  01/21
                        02/07
 24 HR TOTAL      9.4   02/07 TO 02/08

DEGREE_DAYS
HEATING TOTAL    3158              3481    -323     3467
 SINCE 7/1       4453              4867    -414     4967
COOLING TOTAL       0                 0       0        0
 SINCE 1/1          0                 0       0        0

FREEZE DATES
RECORD
 EARLIEST     09/23/1963
 LATEST       05/24/1963
EARLIEST                        10/14
LATEST                          04/29
.................................................................

WIND (MPH)
AVERAGE WIND SPEED              8.9
RESULTANT WIND SPEED/DIRECTION   3/256
HIGHEST WIND SPEED/DIRECTION    41/260    DATE  02/27
HIGHEST GUST SPEED/DIRECTION    51/240    DATE  02/27

SKY COVER
POSSIBLE SUNSHINE (PERCENT)   MM
AVERAGE SKY COVER           0.80

AVERAGE RH (PERCENT)     71

WEATHER CONDITIONS. NUMBER OF DAYS WITH
THUNDERSTORM              1     MIXED PRECIP                0
HEAVY RAIN                1     RAIN                       11
LIGHT RAIN               29     FREEZING RAIN               0
LT FREEZING RAIN          4     HAIL                        3
HEAVY SNOW                9     SNOW                       21
LIGHT SNOW               59     SLEET                       5
FOG                      53     FOG W/VIS <= 1/4 MILE       5
HAZE                     10

-  INDICATES NEGATIVE NUMBERS.
R  INDICATES RECORD WAS SET OR TIED.
MM INDICATES DATA IS MISSING.
T  INDICATES TRACE AMOUNT.

&&
12TH WARMEST DECEMBER TO FEBRUARY
$$

TAC
