000
CXUS51 KCLE 061501
CLSTOL


CLIMATE REPORT
NATIONAL WEATHER SERVICE CLEVELAND OH
951 AM EST FRI MAR 6 2020

...................................

...THE TOLEDO OH CLIMATE SUMMARY FOR THE SEASON, FROM
12/1/2019 TO 2/29/2020...

CLIMATE NORMAL PERIOD 1981 TO 2010
CLIMATE RECORD PERIOD 1873 TO 2020

WEATHER         OBSERVED          NORMAL  DEPART
                 VALUE   DATE(S)  VALUE   FROM
                                          NORMAL
................................................
TEMPERATURE (F)
RECORD
 HIGH              71   02/24/2017
                        02/26/2000
                        02/11/1999
 LOW              -20   01/21/1984
HIGHEST            63   12/26
LOWEST              9   02/15
                        02/14
                        12/19
AVG. MAXIMUM     40.7              35.0     5.7
AVG. MINIMUM     27.1              20.7     6.4
MEAN             33.9              27.8     6.1
DAYS MAX >= 90      0               0.0
DAYS MAX <= 32     13              35.4
DAYS MIN <= 32     68              76.0
DAYS MIN <= 0       0               5.3

PRECIPITATION (INCHES)
RECORD
 MAXIMUM        13.35   1950
 MINIMUM         2.15   1920
TOTALS           7.90              6.80    1.10
DAYS >= .01        35              36.0
DAYS >= .10        16              17.0
DAYS >= .50         3               3.8
DAYS >= 1.00        1               0.7

SNOWFALL (INCHES)
RECORDS
 TOTAL           73.0   2014
TOTALS           17.9              28.4
DAYS >= TRACE      40
DAYS >= 1.0         6               8.8

DEGREE_DAYS
HEATING TOTAL    2804              3344    -540
COOLING TOTAL       0                 0       0
.................................................

WIND (MPH)
HIGHEST GUST SPEED/DIRECTION    56/260    DATE  12/30

SKY COVER
POSSIBLE SUNSHINE (PERCENT)   MM
NUMBER OF DAYS FAIR           21
NUMBER OF DAYS PC             29
NUMBER OF DAYS CLOUDY         41


WEATHER CONDITIONS. NUMBER OF DAYS WITH
THUNDERSTORM              1     MIXED PRECIP               0
HEAVY RAIN                3     RAIN                      10
LIGHT RAIN               25     FREEZING RAIN              1
LT FREEZING RAIN          4     HAIL                       0
HEAVY SNOW                3     SNOW                       7
LIGHT SNOW               36     SLEET                      0
FOG                      47     FOG W/VIS <= 1/4 MILE      7
HAZE                     45

-  INDICATES NEGATIVE NUMBERS.
R  INDICATES RECORD WAS SET OR TIED.
MM INDICATES DATA IS MISSING.
T  INDICATES TRACE AMOUNT.

$$
