000
CXUS51 KCLE 081908
CLSTOL


CLIMATE REPORT
NATIONAL WEATHER SERVICE CLEVELAND OH
300 PM EDT SUN SEP 8 2019

...................................

...THE TOLEDO OH CLIMATE SUMMARY FOR THE SEASON, FROM
6/1/2019 TO 8/31/2019...

CLIMATE NORMAL PERIOD 1981 TO 2010
CLIMATE RECORD PERIOD 1873 TO 2019

WEATHER         OBSERVED          NORMAL  DEPART
                 VALUE   DATE(S)  VALUE   FROM
                                          NORMAL
................................................
TEMPERATURE (F)
RECORD
 HIGH             105   07/14/1936
 LOW               32   06/11/1972
HIGHEST            97   07/20
LOWEST             46   06/14
AVG. MAXIMUM     84.2              82.5     1.7
AVG. MINIMUM     63.0              60.6     2.4
MEAN             73.6              71.5     2.1
DAYS MAX >= 90     25              12.6
DAYS MAX <= 32      0               0.0
DAYS MIN <= 32      0               0.0
DAYS MIN <= 0       0               0.0

PRECIPITATION (INCHES)
RECORD
 MAXIMUM        16.64   1989
 MINIMUM         2.78   1894
TOTALS          15.71              9.95    5.76
DAYS >= .01        35              29.2
DAYS >= .10        27              17.9
DAYS >= .50        11               6.8
DAYS >= 1.00        5               2.2

SNOWFALL (INCHES)
RECORDS
 TOTAL             MM   MM
TOTALS            0.0               0.0
DAYS >= TRACE       0
DAYS >= 1.0         0               0.0

DEGREE_DAYS
HEATING TOTAL      23                49     -26
COOLING TOTAL     847               649     198
.................................................

WIND (MPH)
HIGHEST GUST SPEED/DIRECTION    46/250    DATE  07/18

SKY COVER
POSSIBLE SUNSHINE (PERCENT)   MM
NUMBER OF DAYS FAIR           62
NUMBER OF DAYS PC             22
NUMBER OF DAYS CLOUDY          8


WEATHER CONDITIONS. NUMBER OF DAYS WITH
THUNDERSTORM             22     MIXED PRECIP               0
HEAVY RAIN               24     RAIN                      27
LIGHT RAIN               39     FREEZING RAIN              0
LT FREEZING RAIN          0     HAIL                       0
HEAVY SNOW                0     SNOW                       0
LIGHT SNOW                0     SLEET                      0
FOG                      38     FOG W/VIS <= 1/4 MILE      1
HAZE                     11

-  INDICATES NEGATIVE NUMBERS.
R  INDICATES RECORD WAS SET OR TIED.
MM INDICATES DATA IS MISSING.
T  INDICATES TRACE AMOUNT.

$$
