000
CXUS54 KJAN 011248
CLSTVR


CLIMATE REPORT
NATIONAL WEATHER SERVICE JACKSON MS
740 AM CDT SUN SEP 1 2019

...................................

...THE VICKSBURG CLIMATE SUMMARY FOR THE SEASON, FROM
6/1/2019 TO 8/31/2019...

CLIMATE NORMAL PERIOD 1981 TO 2010
CLIMATE RECORD PERIOD 1948 TO 2019

WEATHER         OBSERVED          NORMAL  DEPART  LAST YEAR`S
                 VALUE   DATE(S)  VALUE   FROM    VALUE  DATE(S)
                                          NORMAL
................................................................
TEMPERATURE (F)
RECORD
 HIGH             106   08/31/2000
 LOW               47   06/03/1956
HIGHEST            99   08/27        MM      MM       96  08/27
                        08/12                             08/16
                                                          08/17
LOWEST             60   06/14        MM      MM       59  06/04
AVG. MAXIMUM     91.2              91.3    -0.1     91.8
AVG. MINIMUM     72.5              69.6     2.9     71.5
MEAN             81.8              80.4     1.4     81.7
DAYS MAX >= 90     63              59.5     3.5       76
DAYS MAX <= 32      0               0.0     0.0        0
DAYS MIN <= 32      0               0.0     0.0        0
DAYS MIN <= 0       0               0.0     0.0        0

PRECIPITATION (INCHES)
RECORD
 MAXIMUM        25.94   1975
 MINIMUM         2.32   1952
TOTALS          15.04             11.27    3.77    10.24
DAILY AVG.       0.16              0.12    0.04     0.11
DAYS >= .01        37                MM      MM       29
DAYS >= .10        26                MM      MM       16
DAYS >= .50         9                MM      MM        7
DAYS >= 1.00        5                MM      MM        4

SNOWFALL (INCHES)
TOTALS            0.0

DEGREE_DAYS
HEATING TOTAL       0                 0       0        0
 SINCE 7/1          0                 0       0        0
COOLING TOTAL    1573              1419     154     1550
 SINCE 1/1       2024              1789     235     2085

FREEZE DATES
RECORD
 EARLIEST     MM
 LATEST       MM
.................................................................

WIND (MPH)
AVERAGE WIND SPEED              4.0
HIGHEST WIND SPEED/DIRECTION    29/130    DATE  07/11
HIGHEST GUST SPEED/DIRECTION    42/300    DATE  06/24

SKY COVER
POSSIBLE SUNSHINE (PERCENT)   MM
AVERAGE SKY COVER           0.20
NUMBER OF DAYS FAIR           81
NUMBER OF DAYS PC             10
NUMBER OF DAYS CLOUDY          1

AVERAGE RH (PERCENT)     77

WEATHER CONDITIONS. NUMBER OF DAYS WITH
THUNDERSTORM             34     MIXED PRECIP               0
HEAVY RAIN               28     RAIN                      28
LIGHT RAIN               42     FREEZING RAIN              0
LT FREEZING RAIN          0     HAIL                       0
HEAVY SNOW                0     SNOW                       0
LIGHT SNOW                0     SLEET                      0
FOG                      65     FOG W/VIS <= 1/4 MILE      0
HAZE                      8

-  INDICATES NEGATIVE NUMBERS.
R  INDICATES RECORD WAS SET OR TIED.
MM INDICATES DATA IS MISSING.
T  INDICATES TRACE AMOUNT.

$$
