000
CXUS54 KJAN 021352
CLSTVR


CLIMATE REPORT
NATIONAL WEATHER SERVICE JACKSON MS
742 AM CST MON DEC 2 2019

...................................

...THE VICKSBURG CLIMATE SUMMARY FOR THE SEASON, FROM
9/1/2019 TO 11/30/2019...

CLIMATE NORMAL PERIOD 1981 TO 2010
CLIMATE RECORD PERIOD 1948 TO 2019

WEATHER         OBSERVED          NORMAL  DEPART  LAST YEAR`S
                 VALUE   DATE(S)  VALUE   FROM    VALUE  DATE(S)
                                          NORMAL
................................................................
TEMPERATURE (F)
RECORD
 HIGH             105   09/01/2000
 LOW               15   11/19/1951
HIGHEST           102   09/07        MM      MM       98  09/19
LOWEST             23   11/13        MM      MM       28  11/27
                                                          11/15
AVG. MAXIMUM     80.5              77.7     2.8     76.6
AVG. MINIMUM     56.2              53.1     3.1     57.3
MEAN             68.4              65.4     3.0     66.9
DAYS MAX >= 90     36              10.1    25.9       26
DAYS MAX <= 32      0               0.0     0.0        0
DAYS MIN <= 32      5               4.2     0.8        4
DAYS MIN <= 0       0               0.0     0.0        0

PRECIPITATION (INCHES)
RECORD
 MAXIMUM        25.96   1948
 MINIMUM         2.73   1953
TOTALS          13.81             12.56    1.25    14.73
DAILY AVG.          T              0.14   -0.14     0.17
DAYS >= .01        22                MM      MM       34
DAYS >= .10        13                MM      MM       20
DAYS >= .50         9                MM      MM       11
DAYS >= 1.00        6                MM      MM        4

SNOWFALL (INCHES)
TOTALS              T

DEGREE_DAYS
HEATING TOTAL     411               401      10      466
 SINCE 7/1        411               402       9      466
COOLING TOTAL     742               436     306      670
 SINCE 1/1       2766              2225     541     2755

FREEZE DATES
RECORD
 EARLIEST     MM
 LATEST       MM
.................................................................

WIND (MPH)
AVERAGE WIND SPEED              4.7
HIGHEST WIND SPEED/DIRECTION    31/010    DATE  11/11
HIGHEST GUST SPEED/DIRECTION    43/010    DATE  11/11

SKY COVER
POSSIBLE SUNSHINE (PERCENT)   MM
AVERAGE SKY COVER           0.20
NUMBER OF DAYS FAIR           63
NUMBER OF DAYS PC             19
NUMBER OF DAYS CLOUDY          9

AVERAGE RH (PERCENT)     68

WEATHER CONDITIONS. NUMBER OF DAYS WITH
THUNDERSTORM             10     MIXED PRECIP               0
HEAVY RAIN               12     RAIN                      17
LIGHT RAIN               29     FREEZING RAIN              0
LT FREEZING RAIN          0     HAIL                       0
HEAVY SNOW                0     SNOW                       0
LIGHT SNOW                1     SLEET                      0
FOG                      53     FOG W/VIS <= 1/4 MILE      9
HAZE                     14

-  INDICATES NEGATIVE NUMBERS.
R  INDICATES RECORD WAS SET OR TIED.
MM INDICATES DATA IS MISSING.
T  INDICATES TRACE AMOUNT.

$$
