000
CXUS55 KLKN 022002
CLSWMC


CLIMATE REPORT
NATIONAL WEATHER SERVICE ELKO NV
1134 AM PST MON MAR 2 2020

...................................

...THE WINNEMUCCA AIRPORT NV CLIMATE SUMMARY FOR THE SEASON, FROM
12/1/2019 TO 2/29/2020...

CLIMATE NORMAL PERIOD 1981 TO 2010
CLIMATE RECORD PERIOD 1877 TO 2020

WEATHER         OBSERVED          NORMAL  DEPART  LAST YEAR`S
                 VALUE   DATE(S)  VALUE   FROM    VALUE
                                          NORMAL
.............................................................
TEMPERATURE (F)
RECORD
 HIGH              74   02/28/1986
                        02/19/1981
 LOW              -37   12/22/1990
HIGHEST            67   02/28        65       2       61
LOWEST              2   02/04        -9      11        1
AVG. MAXIMUM     48.6              43.3     5.3     42.1
AVG. MINIMUM     22.4              19.5     2.9     21.8
MEAN             35.5              31.4     4.1     31.9
DAYS MAX >= 90      0               0.0     0.0        0
DAYS MAX <= 32      2              10.2    -8.2       15
DAYS MIN <= 32     85              80.3     4.7       76
DAYS MIN <= 0       0               4.3    -4.3        0

PRECIPITATION (INCHES)
RECORD
 MAXIMUM         7.84   1890
 MINIMUM         0.51   1977
TOTALS           2.25              2.46   -0.21     4.70
DAILY AVG.       0.03              0.03    0.00     0.05
DAYS >= .01        23              24.0    -1.0       34
DAYS >= .10         9               8.7     0.3       14
DAYS >= .50         0               0.5    -0.5        1
DAYS >= 1.00        0               0.0     0.0        1

SNOWFALL (INCHES)
RECORDS
 TOTAL           68.0   1890
TOTALS            5.9              12.5    -6.6     32.4
DAYS >= 1.0         2               4.6    -2.6       13
GREATEST
 SNOW DEPTH         2   01/10                          5
                        12/02
                        12/01

DEGREE_DAYS
HEATING TOTAL    2664              3021    -357     2952
COOLING TOTAL       0                 0       0        0
..............................................................

WIND (MPH)
AVERAGE WIND SPEED              7.2
HIGHEST WIND SPEED/DIRECTION    35/350    DATE  02/02
HIGHEST GUST SPEED/DIRECTION    45/350    DATE  02/02

AVERAGE RH (PERCENT)     59

WEATHER CONDITIONS. NUMBER OF DAYS WITH
THUNDERSTORM              2     MIXED PRECIP               0
HEAVY RAIN                1     RAIN                       3
LIGHT RAIN               17     FREEZING RAIN              0
LT FREEZING RAIN          1     HAIL                       0
HEAVY SNOW                2     SNOW                       2
LIGHT SNOW               13     SLEET                      0
FOG                      20     FOG W/VIS <= 1/4 MILE      5
HAZE                      3

-  INDICATES NEGATIVE NUMBERS.
R  INDICATES RECORD WAS SET OR TIED.
MM INDICATES DATA IS MISSING.
T  INDICATES TRACE AMOUNT.

&&

=====================================================================
...WARMER THAN NORMAL METEORLOGICAL WINTER IN WINNEMUCCA...
...DRIER THAN NORMAL METEORLOGICAL WINTER IN WINNEMUCCA...
...BELOW AVERAGE SNOW FOR METEORLOGICAL WINTER IN WINNEMUCCA...

JANUARY 2020 WAS THE 9TH WARMEST ON RECORD WITH AN AVERAGE
TEMPERATURE OF 36.5 DEGREES.

$$

MG
