711
CXUS55 KLKN 030954
CLSWMC


CLIMATE REPORT
NATIONAL WEATHER SERVICE ELKO NV
233 AM PDT TUE SEP 3 2019

...................................

...THE WINNEMUCCA AIRPORT NV CLIMATE SUMMARY FOR THE SEASON, FROM
6/1/2019 TO 8/31/2019...

CLIMATE NORMAL PERIOD 1981 TO 2010
CLIMATE RECORD PERIOD 1877 TO 2019

WEATHER         OBSERVED          NORMAL  DEPART  LAST YEAR`S
                 VALUE   DATE(S)  VALUE   FROM    VALUE
                                          NORMAL
.............................................................
TEMPERATURE (F)
RECORD
 HIGH             109   07/11/2002
 LOW               23   06/04/2001
                        06/06/1954
HIGHEST           101   08/28       104      -3      107
                        08/06
                        07/21
LOWEST             28   06/08        31      -3       31
AVG. MAXIMUM     90.3              89.2     1.1     93.2
AVG. MINIMUM     48.2              48.7    -0.5     51.1
MEAN             69.2              68.9     0.3     72.1
DAYS MAX >= 90     55              50.9     4.1       63
DAYS MAX <= 32      0               0.0     0.0        0
DAYS MIN <= 32      2               1.0     1.0        1
DAYS MIN <= 0       0               0.0     0.0        0

PRECIPITATION (INCHES)
RECORD
 MAXIMUM         4.49   1913
 MINIMUM            T   1919
TOTALS           0.39              0.99   -0.60     0.28
DAILY AVG.       0.00              0.01   -0.01     0.00
DAYS >= .01         4               8.4    -4.4        3
DAYS >= .10         1               2.7    -1.7        1
DAYS >= .50         0               0.2    -0.2        0
DAYS >= 1.00        0               0.0     0.0        0

SNOWFALL (INCHES)
RECORDS
 TOTAL            3.1   1908
TOTALS            0.0                 T     0.0      0.0
DAYS >= 1.0         0               0.0     0.0        0
GREATEST
 SNOW DEPTH         0   MM                             0

DEGREE_DAYS
HEATING TOTAL     101               135     -34       56
COOLING TOTAL     522               499      23      743
..............................................................

WIND (MPH)
AVERAGE WIND SPEED              7.0
HIGHEST WIND SPEED/DIRECTION    38/280    DATE  08/10
HIGHEST GUST SPEED/DIRECTION    52/280    DATE  08/10

AVERAGE RH (PERCENT)     35

WEATHER CONDITIONS. NUMBER OF DAYS WITH
THUNDERSTORM              6     MIXED PRECIP               0
HEAVY RAIN                1     RAIN                       1
LIGHT RAIN                7     FREEZING RAIN              0
LT FREEZING RAIN          0     HAIL                       0
HEAVY SNOW                0     SNOW                       0
LIGHT SNOW                0     SLEET                      0
FOG                       1     FOG W/VIS <= 1/4 MILE      0
HAZE                      7

-  INDICATES NEGATIVE NUMBERS.
R  INDICATES RECORD WAS SET OR TIED.
MM INDICATES DATA IS MISSING.
T  INDICATES TRACE AMOUNT.

$$

=====================================================================

...A RECORD DAILY MAXIMUM TEMPERATURE OF 101 WAS TIED ON AUGUST 28TH...

$$
DP
