000
CXUS51 KCLE 020302
CLSYNG


CLIMATE REPORT
NATIONAL WEATHER SERVICE CLEVELAND OH
957 PM EST SUN DEC 1 2019

...................................

...THE YOUNGSTOWN OH CLIMATE SUMMARY FOR THE SEASON, FROM
9/1/2019 TO 11/30/2019...

CLIMATE NORMAL PERIOD 1981 TO 2010
CLIMATE RECORD PERIOD 1897 TO 2019

WEATHER         OBSERVED          NORMAL  DEPART
                 VALUE   DATE(S)  VALUE   FROM
                                          NORMAL
................................................
TEMPERATURE (F)
RECORD
 HIGH              99   09/05/1954
 LOW                1   11/30/1976
                        11/30/1958
HIGHEST            90   09/11
LOWEST             14   11/13
AVG. MAXIMUM     62.9              60.6     2.3
AVG. MINIMUM     42.8              42.2     0.6
MEAN             52.8              51.4     1.4
DAYS MAX >= 90      1               0.2
DAYS MAX <= 32      2               1.7
DAYS MIN <= 32     22              16.9
DAYS MIN <= 0       0               0.0

PRECIPITATION (INCHES)
RECORD
 MAXIMUM        15.85   2018
 MINIMUM         3.08   1960
TOTALS          11.16              9.70    1.46
DAYS >= .01        31              36.2
DAYS >= .10        22              20.9
DAYS >= .50         6               5.9
DAYS >= 1.00        2               1.7

SNOWFALL (INCHES)
RECORDS
 TOTAL           30.6   1950
TOTALS            8.8               4.4
DAYS >= TRACE      12
DAYS >= 1.0         2               1.4

DEGREE_DAYS
HEATING TOTAL    1209              1291     -82
COOLING TOTAL     128                58      70
.................................................

WIND (MPH)
HIGHEST GUST SPEED/DIRECTION    55/240    DATE  11/27

SKY COVER
POSSIBLE SUNSHINE (PERCENT)   MM
NUMBER OF DAYS FAIR           10
NUMBER OF DAYS PC             42
NUMBER OF DAYS CLOUDY         39


WEATHER CONDITIONS. NUMBER OF DAYS WITH
THUNDERSTORM              6     MIXED PRECIP               0
HEAVY RAIN                6     RAIN                       8
LIGHT RAIN               40     FREEZING RAIN              0
LT FREEZING RAIN          0     HAIL                       0
HEAVY SNOW                2     SNOW                       6
LIGHT SNOW                9     SLEET                      3
FOG                      44     FOG W/VIS <= 1/4 MILE      4
HAZE                      6

-  INDICATES NEGATIVE NUMBERS.
R  INDICATES RECORD WAS SET OR TIED.
MM INDICATES DATA IS MISSING.
T  INDICATES TRACE AMOUNT.

$$
