000
CXUS51 KCLE 081908
CLSYNG


CLIMATE REPORT
NATIONAL WEATHER SERVICE CLEVELAND OH
300 PM EDT SUN SEP 8 2019

...................................

...THE YOUNGSTOWN OH CLIMATE SUMMARY FOR THE SEASON, FROM
6/1/2019 TO 8/31/2019...

CLIMATE NORMAL PERIOD 1981 TO 2010
CLIMATE RECORD PERIOD 1897 TO 2019

WEATHER         OBSERVED          NORMAL  DEPART
                 VALUE   DATE(S)  VALUE   FROM
                                          NORMAL
................................................
TEMPERATURE (F)
RECORD
 HIGH             100   07/16/1988
                        07/07/1988
                        07/14/1954
 LOW               30   06/11/1972
HIGHEST            91   07/21
                        07/19
                        07/20
LOWEST             41   06/04
                        06/03
AVG. MAXIMUM     81.2              79.6     1.6
AVG. MINIMUM     60.3              57.8     2.5
MEAN             70.8              68.7     2.1
DAYS MAX >= 90     10               4.8
DAYS MAX <= 32      0               0.0
DAYS MIN <= 32      0               0.0
DAYS MIN <= 0       0               0.0

PRECIPITATION (INCHES)
RECORD
 MAXIMUM        20.69   1986
 MINIMUM         5.72   1933
TOTALS          16.49             11.43    5.06
DAYS >= .01        41              33.0
DAYS >= .10        26              20.7
DAYS >= .50        12               7.4
DAYS >= 1.00        6               2.7

SNOWFALL (INCHES)
RECORDS
 TOTAL             MM   MM
TOTALS            0.0               0.0
DAYS >= TRACE       0
DAYS >= 1.0         0               0.0

DEGREE_DAYS
HEATING TOTAL      51               107     -56
COOLING TOTAL     608               447     161
.................................................

WIND (MPH)
HIGHEST GUST SPEED/DIRECTION    43/310    DATE  08/19

SKY COVER
POSSIBLE SUNSHINE (PERCENT)   MM
NUMBER OF DAYS FAIR            8
NUMBER OF DAYS PC             49
NUMBER OF DAYS CLOUDY         35


WEATHER CONDITIONS. NUMBER OF DAYS WITH
THUNDERSTORM             30     MIXED PRECIP               0
HEAVY RAIN               13     RAIN                      22
LIGHT RAIN               50     FREEZING RAIN              0
LT FREEZING RAIN          0     HAIL                       0
HEAVY SNOW                0     SNOW                       0
LIGHT SNOW                0     SLEET                      0
FOG                      52     FOG W/VIS <= 1/4 MILE     12
HAZE                      8

-  INDICATES NEGATIVE NUMBERS.
R  INDICATES RECORD WAS SET OR TIED.
MM INDICATES DATA IS MISSING.
T  INDICATES TRACE AMOUNT.

$$
