000
CXAK58 PAKN 020117
CLMAKN


CLIMATE REPORT
NATIONAL WEATHER SERVICE ANCHORAGE, AK
517 PM AKDT WED APR 1 2020

...................................

...THE KING SALMON CLIMATE SUMMARY FOR THE MONTH OF MARCH 2020...

CLIMATE NORMAL PERIOD 1981 TO 2010
CLIMATE RECORD PERIOD 1917 TO 2020

WEATHER         OBSERVED          NORMAL  DEPART  LAST YEAR`S
                 VALUE   DATE(S)  VALUE   FROM    VALUE  DATE(S)
                                          NORMAL
................................................................
TEMPERATURE (F)
RECORD
 HIGH              59   MM
 LOW              -17   03/11/2020
HIGHEST            44                MM      MM       54
LOWEST            -17R               MM      MM       21
AVG. MAXIMUM     29.8              32.7    -2.9     43.4
AVG. MINIMUM     11.3              15.6    -4.3     28.3
MEAN             20.5              24.1    -3.6     35.8
DAYS MAX >= 90      0               0.0     0.0        0
DAYS MAX <= 32     12              12.2    -0.2        2
DAYS MIN <= 32     31              26.9     4.1       24
DAYS MIN <= 0       8               5.3     2.7        0

PRECIPITATION (INCHES)
RECORD
 MAXIMUM           MM   MM
 MINIMUM           MM   MM
TOTALS           1.71              0.70    1.01     1.47
DAILY AVG.       0.06              0.02    0.04     0.05
DAYS >= .01        12               9.1     2.9       16
DAYS >= .10         8               2.5     5.5        6
DAYS >= .50         0               0.1    -0.1        0
DAYS >= 1.00        0               0.0     0.0        0
GREATEST
 24 HR. TOTAL    0.38   02/29 TO 03/01           03/17 TO 03/17
                                                          03/17 TO 03/17EATHER         OBSERVED          NORMAL  DEPART  LAST YEAR`S
                                                          03/17 TO 03/17EATHER         OBSERVED          NORMAL  DEPART  LAST YEAR`S
 STORM TOTAL       MM                                 MM
 (MM/DD(HH))            MM                    03/17(00) TO 03/17(00)
                                                 03/17(00) TO 03/17(00)7EATHER         OBSERVED          NORMAL  DEPART  LAST YEAR`S
                                                 03/17(00) TO 03/17(00)7EATHER         OBSERVED          NORMAL  DEPART  LAST YEAR`S

DEGREE_DAYS
HEATING TOTAL    1372              1266     106      895
 SINCE 7/1       8669              8886    -217     5425
COOLING TOTAL       0                 0       0        0
 SINCE 1/1          0                 0       0        0

FREEZE DATES
RECORD
 EARLIEST     MM
 LATEST       MM
EARLIEST                        MM
LATEST                          MM
.................................................................

WIND (MPH)
AVERAGE WIND SPEED              8.1
RESULTANT WIND SPEED/DIRECTION   1/305
HIGHEST WIND SPEED/DIRECTION    35/230    DATE  03/01
HIGHEST GUST SPEED/DIRECTION    48/240    DATE  03/01

SKY COVER
POSSIBLE SUNSHINE (PERCENT)   MM
AVERAGE SKY COVER           0.60
NUMBER OF DAYS FAIR           10
NUMBER OF DAYS PC              8
NUMBER OF DAYS CLOUDY         13

AVERAGE RH (PERCENT)     75

WEATHER CONDITIONS. NUMBER OF DAYS WITH
  0
  0
  0
  0
  2
  0
  2
HAZE                      7

-  INDICATES NEGATIVE NUMBERS.
R  INDICATES RECORD WAS SET OR TIED.
MM INDICATES DATA IS MISSING.
T  INDICATES TRACE AMOUNT.

$$



USA.gov is the U.S. government's official web portal to all federal, state and local government web resources and services.
  • National Weather Service
  • WSO Pago Pago Weather Service Office
  • Pago Pago, AS
  • (684) 699-9130
  • Page Author: PPG Webmaster
  • Incorrect Region Format!
  • Web Master's E-mail:
  • Page last modified: Mar 10th, 2020 21:02 UTC