000
CXUS56 KPDT 010837
CLMALW

CLIMATE REPORT
NATIONAL WEATHER SERVICE PENDLETON OREGON
132 AM PDT WED APR 01 2020

....................................

...THE WALLA WALLA WA CLIMATE SUMMARY FOR THE MONTH OF MARCH 2020...

CLIMATE NORMAL PERIOD 1981 TO 2010
CLIMATE RECORD PERIOD 1949 TO 2020

WEATHER         OBSERVED          NORMAL  DEPART        LAST YEAR`S
                 VALUE   DATE(S)  VALUE   FROM         VALUE DATE(S)
                                          NORMAL

................................................................

TEMPERATURE (F)
RECORD
 HIGH              79   3/30/2003
 LOW                4   3/ 1/1993
HIGHEST            62   3/22                               67   3/31
LOWEST             24   3/15                                0   3/20
AVG. MAXIMUM     52.4            55.2      -2.8          45.7
AVG. MINUMUM     35.2            37.4      -2.2          29.5
MEAN             43.8            46.3      -2.5          37.6
DAYS MAX >= 90      0               0         0             0
DAYS MAX <= 32      2               4        -2             7
DAYS MIN <= 32     10               9         1            18
DAYS MIN <= 0       0               4        -4            18

PRECIPITATION (INCHES)
RECORD
 MAXIMUM          4.33   1983
 MINIMUM          0.42   1965
TOTALS            0.89            2.30     -1.41          1.27
DAILY AVG.        0.03            0.07     -0.04          0.04
DAYS >=  0.01        8              11        -3             8
DAYS >=  0.10        3               6        -3             4
DAYS >=  0.50        0               1        -1             0
DAYS >=  1.00        0               0         0             0
GREATEST
 24 HR. TOTAL     0.28   3/ 7

DEGREE DAYS
HEATING TOTAL      652             580        72           807
 SINCE 7/1        4334            4370       -36          4525
COOLING TOTAL        0               0         0             0
 SINCE 1/1           0               0         0             0

.............................................................

WIND (MPH)
AVERAGE WIND SPEED                     8.8
RESULTANT WIND SPEED/DIRECTION         7/162
HIGHEST WIND SPEED/DIRECTION          31/210      DATE          03/31
HIGHEST GUST SPEED/DIRECTION          43/240      DATE          03/31


WEATHER CONDITIONS. NUMBER OF DAYS WITH
THUNDERSTORM               0    MIXED PRECIP                           0
HEAVY RAIN                 0    RAIN                                   2
LIGHT RAIN                 9    FREEZING RAIN                          0
LT FREEZING RAIN           0    HAIL                                   0
HEAVY SNOW                 0    SNOW                                   1
LIGHT SNOW                 3    SLEET                                  0
FOG                        4    FOG W/VIS <=1/4 MILE                   0
HAZE                       0

-  INDICATES NEGATIVE NUMBERS.
R  INDICATES RECORD WAS SET OR TIED.
MM INDICATES DATA IS MISSING.
T  INDICATES TRACE AMOUNT.

$$


USA.gov is the U.S. government's official web portal to all federal, state and local government web resources and services.
  • National Weather Service
  • WSO Pago Pago Weather Service Office
  • Pago Pago, AS
  • (684) 699-9130
  • Page Author: PPG Webmaster
  • Incorrect Region Format!
  • Web Master's E-mail:
  • Page last modified: Mar 10th, 2020 21:02 UTC