000
CXUS53 KDLH 031851
CLMASX


CLIMATE REPORT
NATIONAL WEATHER SERVICE DULUTH MN
150 PM CDT FRI APR 3 2020

...................................

...THE ASHLAND CLIMATE SUMMARY FOR THE MONTH OF MARCH 2020...

CLIMATE NORMAL PERIOD 1981 TO 2010
CLIMATE RECORD PERIOD 1893 TO 2020

WEATHER         OBSERVED          NORMAL  DEPART  LAST YEAR`S
                 VALUE   DATE(S)  VALUE   FROM    VALUE  DATE(S)
                                          NORMAL
................................................................
TEMPERATURE (F)
RECORD
 HIGH              84   MM
 LOW              -17   03/04/2019
HIGHEST            54   03/27        MM      MM       58  03/27
LOWEST              4   03/21        MM      MM      -17  03/04
AVG. MAXIMUM     39.1              37.1     2.0     35.4
AVG. MINIMUM     22.3              17.2     5.1     13.5
MEAN             30.7              27.1     3.6     24.4
DAYS MAX >= 90      0                MM      MM        0
DAYS MAX <= 32      6                MM      MM        8
DAYS MIN <= 32     29                MM      MM       28
DAYS MIN <= 0       0                MM      MM        7

PRECIPITATION (INCHES)
RECORD
 MAXIMUM           MM   MM
 MINIMUM           MM   MM
TOTALS           1.98                MM      MM       MM
DAILY AVG.         MM              0.04      MM       MM
DAYS >= .01         0                MM      MM        0
DAYS >= .10         0                MM      MM        0
DAYS >= .50         0                MM      MM        0
DAYS >= 1.00        0                MM      MM        0
GREATEST
 24 HR. TOTAL    0.00   02/29 TO 03/01

DEGREE_DAYS
HEATING TOTAL    1055              1173    -118     1251
 SINCE 7/1       7330              7595    -265     7875
COOLING TOTAL       0                 0       0        0
 SINCE 1/1          0                 0       0        0
.................................................................

WIND (MPH)
AVERAGE WIND SPEED              8.4
HIGHEST WIND SPEED/DIRECTION    32/020    DATE  03/05
HIGHEST GUST SPEED/DIRECTION    47/010    DATE  03/05

SKY COVER
POSSIBLE SUNSHINE (PERCENT)   MM
AVERAGE SKY COVER           0.50
NUMBER OF DAYS FAIR           10
NUMBER OF DAYS PC             12
NUMBER OF DAYS CLOUDY          9

AVERAGE RH (PERCENT)     73

-  INDICATES NEGATIVE NUMBERS.
R  INDICATES RECORD WAS SET OR TIED.
MM INDICATES DATA IS MISSING.
T  INDICATES TRACE AMOUNT.

$$





USA.gov is the U.S. government's official web portal to all federal, state and local government web resources and services.
  • National Weather Service
  • WSO Pago Pago Weather Service Office
  • Pago Pago, AS
  • (684) 699-9130
  • Page Author: PPG Webmaster
  • Incorrect Region Format!
  • Web Master's E-mail:
  • Page last modified: Mar 10th, 2020 21:02 UTC