000
CXUS54 KEWX 042212
CLMAUS

CLIMATE REPORT
NATIONAL WEATHER SERVICE AUSTIN/SAN ANTONIO, TX
512 PM CDT SAT APR 4 2020

...................................

...THE AUSTIN BERGSTROM CLIMATE SUMMARY FOR THE MONTH OF MARCH 2020...

CLIMATE NORMAL PERIOD 1981 TO 2010
CLIMATE RECORD PERIOD 1943 TO 2020

WEATHER         OBSERVED          NORMAL  DEPART  LAST YEAR`S
                 VALUE   DATE(S)  VALUE   FROM    VALUE  DATE(S)
                                          NORMAL
................................................................
TEMPERATURE (F)
HIGHEST            92   03/24                         87  03/09
LOWEST             40   03/08                         24  03/06
                        03/07
AVG. MAXIMUM     77.4              71.8     5.6     70.5
AVG. MINIMUM     57.5              46.6    10.9     46.7
MEAN             67.5              59.2     8.3     58.6
DAYS MAX >= 90      1                                  0
DAYS MAX <= 32      0                                  0
DAYS MIN <= 32      0                                  3
DAYS MIN <= 0       0                                  0

PRECIPITATION (INCHES)
TOTALS           3.69              2.78    0.91     0.48
DAILY AVG.       0.12              0.09    0.03     0.02
DAYS >= .01        11                                  4
DAYS >= .10         8                                  1
DAYS >= .50         3                                  0
DAYS >= 1.00        0                                  0
GREATEST
 24 HR. TOTAL    0.97   03/21 TO 03/21

SNOWFALL (INCHES)
TOTALS            0.0                MM      MM      0.0
SINCE 7/1           T                MM      MM        T

DEGREE_DAYS
HEATING TOTAL      62               222    -160      237
 SINCE 7/1       1498              1837    -339     1702
COOLING TOTAL     145                42     103       45
 SINCE 1/1        168                58     110       80
.................................................................

WIND (MPH)
AVERAGE WIND SPEED              8.4
HIGHEST WIND SPEED/DIRECTION    29/020    DATE  03/04
HIGHEST GUST SPEED/DIRECTION    38/140    DATE  03/20

SKY COVER
POSSIBLE SUNSHINE (PERCENT)   MM
AVERAGE SKY COVER           0.80
NUMBER OF DAYS FAIR            3
NUMBER OF DAYS PC              7
NUMBER OF DAYS CLOUDY         21

AVERAGE RH (PERCENT)     75

WEATHER CONDITIONS. NUMBER OF DAYS WITH
THUNDERSTORM              3    MIXED PRECIP             0
HEAVY RAIN                2    RAIN                     7
LIGHT RAIN               13    FREEZING RAIN            0
LT FREEZING RAIN          0    HAIL                     0
HEAVY SNOW                0    SNOW                     0
LIGHT SNOW                0    SLEET                    0
FOG                      22    FOG W/VIS <= 1/4 MILE    7
HAZE                      1

-  INDICATES NEGATIVE NUMBERS.
R  INDICATES RECORD WAS SET OR TIED.
MM INDICATES DATA IS MISSING.
T  INDICATES TRACE AMOUNT.

&&

MONTHLY CLIMATE SUMMARY:
MARCH 2020 WAS THE 4TH WARMEST AND THE 14TH WETTEST MARCH
SINCE RECORD KEEPING BEGAN.

SEA LEVEL PRESSURE DATA:
HIGHEST SLP 30.55 ON THE 6TH
LOWEST SLP 29.63 ON THE 27TH

PRELIMINARY LOCAL CLIMATOLOGICAL DATA (WS FORM: F-6)

                                          STATION:   AUSTIN BERGSTROM
                                          MONTH:     MARCH
                                          YEAR:      2020
                                          LATITUDE:   30 13 N
                                          LONGITUDE:  97 40 W

  TEMPERATURE IN F:       :PCPN:    SNOW:  WIND      :SUNSHINE: SKY     :PK WND
================================================================================
1   2   3   4   5  6A  6B    7    8   9   10  11  12  13   14  15   16   17  18
                                     12Z  AVG MX 2MIN
DY MAX MIN AVG DEP HDD CDD  WTR  SNW DPTH SPD SPD DIR MIN PSBL S-S WX    SPD DR
================================================================================

 1  77  54  66  11   0   1 0.00  0.0    0 10.4 23 200   M    M   8        31 200
 2  78  63  71  16   0   6 0.00  0.0    0  6.9 17 170   M    M   9 1      23 180
 3  75  60  68  12   0   3    T  0.0    0  6.1 18 110   M    M   9 12     26  90
 4  68  54  61   5   4   0 0.85  0.0    0 12.0 29  20   M    M  10 138    38  30
 5  75  48  62   6   3   0 0.00  0.0    0  7.9 21 360   M    M   2        27 360
 6  70  42  56   0   9   0 0.00  0.0    0  9.2 21  30   M    M   3        33  40
 7  64  40  52  -5  13   0    T  0.0    0  3.6 16 150   M    M   7        21 140
 8  76  40  58   1   7   0 0.00  0.0    0 10.0 24 150   M    M   8 1      33 150
 9  69  62  66   9   0   1 0.21  0.0    0  9.1 21 180   M    M   9 1      29 170
10  81  57  69  11   0   4 0.00  0.0    0  5.2 14 180   M    M   8 12     20 210
11  84  64  74  16   0   9 0.00  0.0    0  9.7 20 190   M    M   6 1      25 220
12  86  67  77  19   0  12 0.00  0.0    0 11.4 22 180   M    M   8        28 170
13  83  68  76  18   0  11 0.00  0.0    0 10.4 21 150   M    M   9        29 150
14  84  70  77  18   0  12 0.00  0.0    0  8.4 22 150   M    M  10 1      31 150
15  71  60  66   7   0   1 0.05  0.0    0 10.8 18  20   M    M  10 1      22  40
16  75  60  68   9   0   3    T  0.0    0  5.9 20 120   M    M  10 1      23 120
17  81  67  74  14   0   9 0.38  0.0    0  8.7 25 170   M    M   8 1      36 170
18  83  70  77  17   0  12 0.00  0.0    0 11.7 21 140   M    M   8        30 150
19  82  69  76  16   0  11 0.12  0.0    0 11.4 28 140   M    M   7 13     36 140
20  73  53  63   3   2   0 0.65  0.0    0 15.1 28 350   M    M   9 1      38 140
21  55  49  52  -9  13   0 0.97  0.0    0 11.1 21  10   M    M  10 13     29  80
22  68  54  61   0   4   0 0.02  0.0    0  2.3 10  20   M    M  10 12     14  30
23  83  65  74  13   0   9 0.02  0.0    0  6.9 17 150   M    M   9 12     25 140
24  92  53  73  12   0   8 0.00  0.0    0  5.2 15 190   M    M   5 1      22 170
25  88  52  70   8   0   5 0.00  0.0    0  5.2 17 190   M    M   2 12     22 190
26  87  67  77  15   0  12 0.00  0.0    0  9.3 20 170   M    M   5 1      27 150
27  88  68  78  16   0  13 0.00  0.0    0 11.0 24 190   M    M   8        33 180
28  79  47  63   1   2   0 0.10  0.0    0  6.8 22 140   M    M   7 1      29 150
29  79  46  63   0   2   0    T  0.0    0  6.2 16  80   M    M   8        22  80
30  72  63  68   5   0   3 0.32  0.0    0  3.2 12 130   M    M  10 12     16 130
31  73  51  62  -1   3   0 0.00  0.0    0  8.2 26 350   M    M   5 12     35 350
================================================================================
SM 2399 1783        62 145  3.69     0.0 259.3          M      237
================================================================================
AV 77.4 57.5                               8.4 FASTST   M    M   8    MAX(MPH)
                                 MISC ---->  # 29  20               # 38   30
================================================================================
NOTES:
# LAST OF SEVERAL OCCURRENCES
COLUMN 17 PEAK WIND IN M.P.H.

SYMBOLS USED IN COLUMN 16
1 = FOG OR MIST
2 = FOG REDUCING VISIBILITY TO 1/4 MILE OR LESS
3 = THUNDER
4 = ICE PELLETS
5 = HAIL
6 = FREEZING RAIN OR DRIZZLE
7 = DUSTSTORM OR SANDSTORM
8 = SMOKE OR HAZE
9 = BLOWING SNOW
X = TORNADO

$$



USA.gov is the U.S. government's official web portal to all federal, state and local government web resources and services.
  • National Weather Service
  • WSO Pago Pago Weather Service Office
  • Pago Pago, AS
  • (684) 699-9130
  • Page Author: PPG Webmaster
  • Incorrect Region Format!
  • Web Master's E-mail:
  • Page last modified: Mar 10th, 2020 21:02 UTC