000
CXUS52 KGSP 011654 RRA
CLMAVL

CLIMATE REPORT
NATIONAL WEATHER SERVICE GREENVILLE-SPARTANBURG SC
1254 PM EDT WED APR 1 2020

...................................

...THE ASHEVILLE NC CLIMATE SUMMARY FOR THE MONTH OF MARCH 2020...

CLIMATE NORMAL PERIOD 1981 TO 2010
CLIMATE RECORD PERIOD 1869 TO 2020

WEATHER         OBSERVED          NORMAL  DEPART  LAST YEAR`S
                 VALUE   DATE(S)  VALUE   FROM    VALUE  DATE(S)
                                          NORMAL
................................................................
TEMPERATURE (F)
RECORD
 HIGH              87   03/25/1929
 LOW                2   03/15/1993
HIGHEST            85   03/28        MM      MM       74  03/10
                        03/27
LOWEST             23   03/01        MM      MM       20  03/06
AVG. MAXIMUM     63.9              58.7     5.2     57.9
AVG. MINIMUM     44.6              35.5     9.1     36.1
MEAN             54.2              47.1     7.1     47.0
DAYS MAX >= 90      0               0.0     0.0        0
DAYS MAX <= 32      0               0.3    -0.3        0
DAYS MIN <= 32      4              11.2    -7.2       11
DAYS MIN <= 0       0               0.0     0.0        0

PRECIPITATION (INCHES)
RECORD
 MAXIMUM         9.86   1975
 MINIMUM         0.43   1889
TOTALS           3.39              3.83   -0.44     2.63
DAILY AVG.       0.11              0.12   -0.01     0.08
DAYS >= .01        14              11.0     3.0       10
DAYS >= .10         6               6.7    -0.7       10
DAYS >= .50         3               2.5     0.5        0
DAYS >= 1.00        1               1.0     0.0        0
GREATEST
 24 HR. TOTAL    1.37   03/24 TO 03/25           03/14 TO 03/15


 STORM TOTAL       MM                                 MM
 (MM/DD(HH))            MM                    03/15(00) TO 03/15(00)



SNOWFALL (INCHES)
RECORDS
 TOTAL           28.9   1960
 24 HR TOTAL     16.5   03/13/1993 TO 03/14/1993
 SNOW DEPTH        18   03/14/1993
TOTALS              T               1.9    -1.9        T
 LIQUID EQUIV      MM              0.20      MM       MM
SINCE 7/1         3.0               9.2    -6.2     11.4
 LIQUID 7/1      0.30              0.90   -0.60     1.14
SNOWDEPTH AVG.      0                MM      MM        0
DAYS >= TRACE       2               0.9     1.1        1
DAYS >= 1.0         0               0.4    -0.4        0
GREATEST
 SNOW DEPTH         0   MM                             0  MM
 24 HR TOTAL        T   03/31 TO 03/31           03/08 TO 03/08


 STORM TOTAL       MM                                 MM
 (MM/DD(HH))            MM                    03/08(00) TO 03/08(00)



DEGREE_DAYS
HEATING TOTAL     339               555    -216      552
 SINCE 7/1       2942              3772    -830     3358
COOLING TOTAL      13                 1      12        0
 SINCE 1/1         13                 1      12        2

FREEZE DATES
RECORD
 EARLIEST     MM
 LATEST       MM
EARLIEST      03/01             MM
LATEST                          MM
.................................................................

WIND (MPH)
AVERAGE WIND SPEED              6.8
HIGHEST WIND SPEED/DIRECTION    39/340    DATE  03/07
HIGHEST GUST SPEED/DIRECTION    50/330    DATE  03/07

SKY COVER
POSSIBLE SUNSHINE (PERCENT)   MM
AVERAGE SKY COVER           0.50
NUMBER OF DAYS FAIR           10
NUMBER OF DAYS PC             12
NUMBER OF DAYS CLOUDY          9

AVERAGE RH (PERCENT)     65

WEATHER CONDITIONS. NUMBER OF DAYS WITH
THUNDERSTORM              1     MIXED PRECIP               0
HEAVY RAIN                4     RAIN                       4
LIGHT RAIN               18     FREEZING RAIN              0
LT FREEZING RAIN          0     HAIL                       0
HEAVY SNOW                0     SNOW                       0
LIGHT SNOW                1     SLEET                      1
FOG                      16     FOG W/VIS <= 1/4 MILE      4
HAZE                     15

-  INDICATES NEGATIVE NUMBERS.
R  INDICATES RECORD WAS SET OR TIED.
MM INDICATES DATA IS MISSING.
T  INDICATES TRACE AMOUNT.

$$

OUTLAW


USA.gov is the U.S. government's official web portal to all federal, state and local government web resources and services.
  • National Weather Service
  • WSO Pago Pago Weather Service Office
  • Pago Pago, AS
  • (684) 699-9130
  • Page Author: PPG Webmaster
  • Incorrect Region Format!
  • Web Master's E-mail:
  • Page last modified: Mar 10th, 2020 21:02 UTC