000
CXUS52 KJAX 011330
CLMCRG

CLIMATE REPORT
NATIONAL WEATHER SERVICE JACKSONVILLE FL
930 AM EDT WED APR 01 2020

...................................

...THE CRAIG EXEC ARPT CLIMATE SUMMARY FOR THE MONTH OF MARCH 2020...

CLIMATE NORMAL PERIOD: 1981 TO 2010
CLIMATE RECORD PERIOD: 1974 TO 2020

WEATHER         OBSERVED          NORMAL  DEPART   LAST YEAR`S
                VALUE   DATE(S)   VALUE   FROM     VALUE DATE(S)
                                          NORMAL
................................................................
TEMPERATURE (F)
RECORD
 HIGH             90   03/20/2003
 LOW              24   03/04/1980
                       03/03/1980
HIGHEST           90R  03/28         86       4       86  03/11
                                                          03/10
LOWEST            36   03/01         36       0       36  03/07
                                                          03/06
AVG. MAXIMUM    81.0               72.3     8.7     72.5
AVG. MINIMUM    59.6               51.6     8.0     52.6
MEAN            70.3               62.0     8.3     62.5
DAYS MAX >= 90     1                0.0     1.0        0
DAYS MIN <= 32     0                0.0     0.0        0

PRECIPITATION (INCHES)
RECORD
 MAXIMUM        8.60   2003
 MINIMUM        0.33   2006
TOTALS          2.30               3.93   -1.63     2.30
DAILY AVG.      0.07               0.13   -0.06     0.07
DAYS >= .01        5                8.0    -3.0       10
DAYS >= .10        4                5.0    -1.0        6
DAYS >= .50        2                2.0     0.0        2
DAYS >= 1.00       1                1.0     0.0        0
GREATEST
 24 HR. TOTAL   1.16   03/17 TO 03/18

SNOWFALL (INCHES)
RECORDS
 TOTAL            MM   MM
TOTALS           0.0                 MM      MM      0.0

DEGREE DAYS
HEATING TOTAL     48                140     -92      126
 SINCE 7/1       713               1162    -449      871
COOLING TOTAL    221                 46     175       57
 SINCE 1/1       341                 71     270      152
................................................................

WIND (MPH)
AVERAGE WIND SPEED              7.2
HIGHEST WIND SPEED/DIRECTION    29/230    DATE  03/05
HIGHEST GUST SPEED/DIRECTION    37/230    DATE  03/05

SKY COVER
AVERAGE SKY COVER           0.29

AVERAGE RH (PERCENT)     70

WEATHER CONDITIONS. NUMBER OF DAYS WITH
THUNDERSTORM              2     MIXED PRECIP               0
HEAVY RAIN                4     RAIN                       4
LIGHT RAIN                7     FREEZING RAIN              0
LT FREEZING RAIN          0     HAIL                       0
HEAVY SNOW                0     SNOW                       0
LIGHT SNOW                0     SLEET                      0
FOG                      19     FOG W/VIS <= 1/4 MILE      0
HAZE                      2

-  INDICATES NEGATIVE NUMBERS.
R  INDICATES RECORD WAS SET OR TIED.
MM INDICATES DATA IS MISSING.
T  INDICATES TRACE AMOUNT.

$$


USA.gov is the U.S. government's official web portal to all federal, state and local government web resources and services.
  • National Weather Service
  • WSO Pago Pago Weather Service Office
  • Pago Pago, AS
  • (684) 699-9130
  • Page Author: PPG Webmaster
  • Incorrect Region Format!
  • Web Master's E-mail:
  • Page last modified: Mar 10th, 2020 21:02 UTC