000
CXUS52 KFFC 091648
CLMCSG


CLIMATE REPORT
NATIONAL WEATHER SERVICE PEACHTREE CITY GA
1248 PM EDT MON MAR 9 2020

...................................

...THE COLUMBUS CLIMATE SUMMARY FOR THE MONTH OF FEBRUARY 2020...

CLIMATE NORMAL PERIOD 1981 TO 2010
CLIMATE RECORD PERIOD 1948 TO 2020

WEATHER         OBSERVED          NORMAL  DEPART  LAST YEAR`S
                 VALUE   DATE(S)  VALUE   FROM    VALUE  DATE(S)
                                          NORMAL
................................................................
TEMPERATURE (F)
RECORD
 HIGH              84   02/24/2018
                        02/22/2018
                        02/15/1989
 LOW               10   02/05/1996
HIGHEST            80   02/11        83      -3       83  02/22
LOWEST             29   02/28        10      19       32  02/14
                        02/22                             02/01
AVG. MAXIMUM     63.0              62.0     1.0     68.5
AVG. MINIMUM     43.3              40.1     3.2     48.9
MEAN             53.2              51.1     2.1     58.7
DAYS MAX >= 90      0               0.0     0.0        0
DAYS MAX <= 32      0               0.0     0.0        0
DAYS MIN <= 32      5               5.5    -0.5        2
DAYS MIN <= 0       0               0.0     0.0        0

PRECIPITATION (INCHES)
RECORD
 MAXIMUM        12.47   2013
 MINIMUM         1.20   2000
TOTALS           9.90              4.44    5.46     1.50
DAILY AVG.       0.34                MM      MM     0.05
DAYS >= .01        14               8.6     5.4       11
DAYS >= .10         9               6.5     2.5        3
DAYS >= .50         7               3.0     4.0        0
DAYS >= 1.00        5               1.3     3.7        0
GREATEST
 24 HR. TOTAL    2.15   02/06 TO 02/06           02/24 TO 02/24
                                                          02/28 TO 02/28EATHER         OBSERVED          NORMAL  DEPART  LAST YEAR`S
                                                          02/28 TO 02/28EATHER         OBSERVED          NORMAL  DEPART  LAST YEAR`S

SNOWFALL (INCHES)
RECORDS
 TOTAL            2.0   2010
 24 HR TOTAL      2.0   02/12/2010 TO 02/12/2010
TOTALS            0.0               0.0     0.0      0.0
SINCE 7/1         0.0               0.3    -0.3      0.0
SNOWDEPTH AVG.      0                MM      MM        0
DAYS >= TRACE       0               0.0     0.0        0
DAYS >= 1.0         0               0.0     0.0        0
GREATEST
 24 HR TOTAL      0.0   02/29 TO 02/29           02/28 TO 02/28
                                                          02/28 TO 02/28EATHER         OBSERVED          NORMAL  DEPART  LAST YEAR`S
                                                          02/28 TO 02/28EATHER         OBSERVED          NORMAL  DEPART  LAST YEAR`S

DEGREE_DAYS
HEATING TOTAL     349               394     -45      187
 SINCE 7/1       1413              1788    -375     1430
COOLING TOTAL      12                 3       9       18
 SINCE 1/1         23                 4      19       21
.................................................................

WIND (MPH)
AVERAGE WIND SPEED              6.4
HIGHEST WIND SPEED/DIRECTION    30/250    DATE  02/06
HIGHEST GUST SPEED/DIRECTION    42/310    DATE  02/07

SKY COVER
POSSIBLE SUNSHINE (PERCENT)   MM
AVERAGE SKY COVER           0.50
NUMBER OF DAYS FAIR           10
NUMBER OF DAYS PC              6
NUMBER OF DAYS CLOUDY         13

AVERAGE RH (PERCENT)     71

WEATHER CONDITIONS. NUMBER OF DAYS WITH
  0
  8
  0
  0
  0
  0
  2
HAZE                      8

-  INDICATES NEGATIVE NUMBERS.
R  INDICATES RECORD WAS SET OR TIED.
MM INDICATES DATA IS MISSING.
T  INDICATES TRACE AMOUNT.

$$


USA.gov is the U.S. government's official web portal to all federal, state and local government web resources and services.
  • National Weather Service
  • WSO Pago Pago Weather Service Office
  • Pago Pago, AS
  • (684) 699-9130
  • Page Author: PPG Webmaster
  • Incorrect Region Format!
  • Web Master's E-mail:
  • Page last modified: Mar 10th, 2020 21:02 UTC