000
CXUS51 KALY 010638
CLMDDH


CLIMATE REPORT
NATIONAL WEATHER SERVICE ALBANY NY
237 AM EDT WED APR 1 2020

...................................

...THE BENNINGTON VT CLIMATE SUMMARY FOR THE MONTH OF MARCH 2020...

CLIMATE NORMAL PERIOD 1981 TO 2010
CLIMATE RECORD PERIOD 9999 TO 9999

WEATHER         OBSERVED          NORMAL  DEPART  LAST YEAR`S
                 VALUE   DATE(S)  VALUE   FROM    VALUE  DATE(S)
                                          NORMAL
................................................................
TEMPERATURE (F)
HIGHEST            70   03/09                         70  03/15
LOWEST              8   03/01                          1  03/05
AVG. MAXIMUM     49.0              43.8     5.2     42.1
AVG. MINIMUM     28.2              22.7     5.5     22.1
MEAN             38.6              33.3     5.3     32.1
DAYS MAX >= 90      0               0.0     0.0        0
DAYS MAX <= 32      1               4.0    -3.0        4
DAYS MIN <= 32     21              25.8    -4.8       26
DAYS MIN <= 0       0               0.6    -0.6        0

PRECIPITATION (INCHES)
TOTALS           2.66              3.15   -0.49     1.41
DAILY AVG.       0.09                               0.05
DAYS >= .01        12                                  9
DAYS >= .10         8                                  4
DAYS >= .50         1                                  0
DAYS >= 1.00        0                                  0
GREATEST
 24 HR. TOTAL    0.50   03/20 TO 03/20

DEGREE_DAYS
HEATING TOTAL     810               984    -174     1012
 SINCE 7/1       5698              6235    -537     5803
COOLING TOTAL       0                 0       0        0
 SINCE 1/1          0                 0       0        0
.................................................................

WIND (MPH)
AVERAGE WIND SPEED              6.7
HIGHEST WIND SPEED/DIRECTION    35/140    DATE  03/13
HIGHEST GUST SPEED/DIRECTION    44/150    DATE  03/13

SKY COVER
AVERAGE SKY COVER           0.50

AVERAGE RH (PERCENT)     59

-  INDICATES NEGATIVE NUMBERS.
R  INDICATES RECORD WAS SET OR TIED.
MM INDICATES DATA IS MISSING.
T  INDICATES TRACE AMOUNT.

$$




USA.gov is the U.S. government's official web portal to all federal, state and local government web resources and services.
  • National Weather Service
  • WSO Pago Pago Weather Service Office
  • Pago Pago, AS
  • (684) 699-9130
  • Page Author: PPG Webmaster
  • Incorrect Region Format!
  • Web Master's E-mail:
  • Page last modified: Mar 10th, 2020 21:02 UTC