000
CXUS53 KDDC 021635
CLMDGC


CLIMATE REPORT
NATIONAL WEATHER SERVICE DODGE CITY KS
1023 AM CST MON MAR 2 2020

...................................

...THE DODGE CITY KS CLIMATE SUMMARY FOR THE MONTH OF FEBRUARY 2020...

CLIMATE NORMAL PERIOD 1981 TO 2010
CLIMATE RECORD PERIOD 1875 TO 2020

WEATHER         OBSERVED          NORMAL  DEPART  LAST YEAR`S
                 VALUE   DATE(S)  VALUE   FROM    VALUE  DATE(S)
                                          NORMAL
................................................................
TEMPERATURE (F)
RECORD
 HIGH              88   02/18/2016
 LOW              -26   02/12/1899
HIGHEST            74   02/02        MM      MM       70  02/02
LOWEST              8   02/13        MM      MM        1  02/08
                                                          02/07
AVG. MAXIMUM     47.8              48.4    -0.6     40.2
AVG. MINIMUM     24.6              23.4     1.2     17.9
MEAN             36.2              35.9     0.3     29.1
DAYS MAX >= 90      0               0.0     0.0        0
DAYS MAX <= 32      3               4.0    -1.0       10
DAYS MIN <= 32     25              22.7     2.3       26
DAYS MIN <= 0       0               0.8    -0.8        0

PRECIPITATION (INCHES)
RECORD
 MAXIMUM         2.94   1911
 MINIMUM         0.00   2006
                        1991
                        1896
TOTALS           0.95              0.68    0.27     0.88
DAYS >= .01         6               4.8     1.2        7
DAYS >= .10         3               2.1     0.9        1
DAYS >= .50         0               0.2    -0.2        1
DAYS >= 1.00        0               0.0     0.0        0
GREATEST
 24 HR. TOTAL    0.56   02/23 TO 02/24           02/23 TO 02/23

SNOWFALL (INCHES)
RECORDS
 TOTAL           27.7   1903
 24 HR TOTAL     15.0   02/25/1912 TO 02/25/1912
 SNOW DEPTH        13   02/18/1993
TOTALS            5.5               3.9     1.6      6.9
SINCE 7/1        13.2              15.1    -1.9     18.1
SNOWDEPTH AVG.      0                MM      MM        0
DAYS >= 1.0         2               1.1     0.9        1
GREATEST
 SNOW DEPTH         2   02/20                          5  02/24
 24 HR TOTAL      4.4   02/19 TO 02/20           02/23 TO 02/23

DEGREE_DAYS
HEATING TOTAL     827               840     -13      996
 SINCE 7/1       3683              3872    -189     4083
COOLING TOTAL       0                 0       0        0
 SINCE 1/1          0                 0       0        0
.................................................................

WIND (MPH)
AVERAGE WIND SPEED              13.3
RESULTANT WIND SPEED/DIRECTION   3/316
HIGHEST WIND SPEED/DIRECTION    37/360    DATE  02/25
HIGHEST GUST SPEED/DIRECTION    52/360    DATE  02/25

SKY COVER
POSSIBLE SUNSHINE (PERCENT)   MM
AVERAGE SKY COVER           0.40
NUMBER OF DAYS FAIR           14
NUMBER OF DAYS PC             11
NUMBER OF DAYS CLOUDY          4


WEATHER CONDITIONS. NUMBER OF DAYS WITH
THUNDERSTORM              1     MIXED PRECIP                0
HEAVY RAIN                1     RAIN                        2
LIGHT RAIN                2     FREEZING RAIN               0
LT FREEZING RAIN          0     HAIL                        0
HEAVY SNOW                1     SNOW                        3
LIGHT SNOW                6     SLEET                       0
FOG                      11     FOG W/VIS <= 1/4 MILE       3
HAZE                     12     BLOWING SNOW                0
TORNADO                   0

-  INDICATES NEGATIVE NUMBERS.
R  INDICATES RECORD WAS SET OR TIED.
MM INDICATES DATA IS MISSING.
T  INDICATES TRACE AMOUNT.

$$



USA.gov is the U.S. government's official web portal to all federal, state and local government web resources and services.
  • National Weather Service
  • WSO Pago Pago Weather Service Office
  • Pago Pago, AS
  • (684) 699-9130
  • Page Author: PPG Webmaster
  • Incorrect Region Format!
  • Web Master's E-mail:
  • Page last modified: Mar 10th, 2020 21:02 UTC