000
CXUS54 KEWX 012208
CLMDRT

CLIMATE REPORT
NATIONAL WEATHER SERVICE AUSTIN/SAN ANTONIO, TX
408 PM CST SUN MAR 1 2020

...................................

...THE DEL RIO CLIMATE SUMMARY FOR THE MONTH OF FEBRUARY 2020...

CLIMATE NORMAL PERIOD 1981 TO 2010
CLIMATE RECORD PERIOD 1906 TO 2020

WEATHER         OBSERVED          NORMAL  DEPART  LAST YEAR`S
                 VALUE   DATE(S)  VALUE   FROM    VALUE  DATE(S)
                                          NORMAL
................................................................
TEMPERATURE (F)
HIGHEST            89   02/17                         93  02/15
LOWEST             28   02/27                         33  02/20
AVG. MAXIMUM     71.2              68.6     2.6     69.3
AVG. MINIMUM     44.3              45.0    -0.7     47.3
MEAN             57.8              56.8     1.0     58.3
DAYS MAX >= 90      0                                  1
DAYS MAX <= 32      0                                  0
DAYS MIN <= 32      2                                  0
DAYS MIN <= 0       0                                  0

PRECIPITATION (INCHES)
TOTALS           0.28              0.88   -0.60     0.11
DAILY AVG.       0.01                MM      MM     0.00
DAYS >= .01         4                                  6
DAYS >= .10         1                                  0
DAYS >= .50         0                                  0
DAYS >= 1.00        0                                  0
GREATEST
 24 HR. TOTAL    0.21   02/11 TO 02/12

SNOWFALL (INCHES)
TOTALS            0.0                 T     0.0      0.0
SINCE 7/1         0.0               1.2    -1.2      0.0

DEGREE_DAYS
HEATING TOTAL     224               246     -22      201
 SINCE 7/1        929              1242    -313     1253
COOLING TOTAL      21                16       5       19
 SINCE 1/1         32                20      12       19
.................................................................

WIND (MPH)
AVERAGE WIND SPEED              8.1
HIGHEST WIND SPEED/DIRECTION    29/300    DATE  02/12
HIGHEST GUST SPEED/DIRECTION    39/290    DATE  02/06

SKY COVER
POSSIBLE SUNSHINE (PERCENT)   MM
AVERAGE SKY COVER           0.30
NUMBER OF DAYS FAIR           19
NUMBER OF DAYS PC              6
NUMBER OF DAYS CLOUDY          4

AVERAGE RH (PERCENT)     53

WEATHER CONDITIONS. NUMBER OF DAYS WITH
THUNDERSTORM              0    MIXED PRECIP             0
HEAVY RAIN                1    RAIN                     2
LIGHT RAIN                7    FREEZING RAIN            0
LT FREEZING RAIN          0    HAIL                     0
HEAVY SNOW                0    SNOW                     0
LIGHT SNOW                0    SLEET                    0
FOG                       7    FOG W/VIS <= 1/4 MILE    1
HAZE                      1

-  INDICATES NEGATIVE NUMBERS.
R  INDICATES RECORD WAS SET OR TIED.
MM INDICATES DATA IS MISSING.
T  INDICATES TRACE AMOUNT.

&&

MONTHLY CLIMATE SUMMARY:
FEBRUARY 2020 WAS THE 37TH WARMEST AND 41ST DRIEST
FEBRUARY SINCE RECORD KEEPING BEGAN

SEA LEVEL PRESSURE DATA:
HIGHEST SLP 30.70 ON THE 21ST
LOWEST SLP 29.57 ON THE 4TH

PRELIMINARY LOCAL CLIMATOLOGICAL DATA (WS FORM: F-6)

                                          STATION:   DEL RIO
                                          MONTH:     FEBRUARY
                                          YEAR:      2020
                                          LATITUDE:   29 22 N
                                          LONGITUDE: 100 55 W

  TEMPERATURE IN F:       :PCPN:    SNOW:  WIND      :SUNSHINE: SKY     :PK WND
================================================================================
1   2   3   4   5  6A  6B    7    8   9   10  11  12  13   14  15   16   17  18
                                     12Z  AVG MX 2MIN
DY MAX MIN AVG DEP HDD CDD  WTR  SNW DPTH SPD SPD DIR MIN PSBL S-S WX    SPD DR
================================================================================

 1  76  33  55   1  10   0 0.00  0.0    0  4.6 13 260   M    M   0        19 260
 2  80  34  57   3   8   0 0.00  0.0    0  4.6 21  60   M    M   0        26 140
 3  71  54  63   9   2   0    T  0.0    0  8.4 16 120   M    M   3        21 120
 4  87  46  67  13   0   2 0.00  0.0    0  7.3 24 320   M    M   1 1      32 320
 5  49  37  43 -12  22   0    T  0.0    0 15.8 24 320   M    M   7        33 310
 6  67  30  49  -6  16   0 0.00  0.0    0  8.3 29 270   M    M   1        39 290
 7  81  35  58   3   7   0 0.00  0.0    0  3.5 12  70   M    M   0        15 260
 8  80  39  60   5   5   0 0.00  0.0    0  7.8 21 130   M    M   0        34 120
 9  85  64  75  19   0  10    T  0.0    0  9.3 20 140   M    M   5 1      25 130
10  72  55  64   8   1   0 0.04  0.0    0  8.1 23 270   M    M   6 1      29 310
11  56  45  51  -5  14   0 0.05  0.0    0  9.1 17 300   M    M   9 18     22 330
12  72  44  58   2   7   0 0.17  0.0    0 10.3 29 300   M    M   4 1      35 300
13  68  41  55  -1  10   0 0.00  0.0    0  6.3 17 100   M    M   0        22 100
14  60  39  50  -7  15   0 0.00  0.0    0 11.1 20 150   M    M   2        25 140
15  69  51  60   3   5   0 0.00  0.0    0  9.5 15 120   M    M   5        19 120
16  81  44  63   6   2   0 0.00  0.0    0  3.5  9 120   M    M   2 12     12 130
17  89  51  70  13   0   5 0.00  0.0    0  6.1 12 100   M    M   1 1      15 120
18  75  57  66   8   0   1    T  0.0    0  8.6 22 340   M    M   6        30 350
19  61  52  57  -1   8   0    T  0.0    0  6.3 17 330   M    M  10        23 330
20  55  49  52  -6  13   0 0.02  0.0    0  9.6 18 350   M    M  10        28 350
21  56  43  50  -8  15   0 0.00  0.0    0  5.9 13 140   M    M   9        17 360
22  68  44  56  -2   9   0 0.00  0.0    0 11.4 21 140   M    M   0        28 150
23  77  54  66   7   0   1 0.00  0.0    0  8.1 16 150   M    M   3        20 150
24  79  55  67   8   0   2 0.00  0.0    0  5.8 20 290   M    M   1        26 310
25  69  43  56  -3   9   0 0.00  0.0    0 11.7 22 340   M    M   1        32 350
26  58  34  46 -14  19   0 0.00  0.0    0 12.2 24 360   M    M   1        34 350
27  68  28  48 -12  17   0 0.00  0.0    0  4.4 17 160   M    M   0        23 170
28  77  35  56  -4   9   0 0.00  0.0    0  6.4 15 130   M    M   0        21 150
29  78  50  64   4   1   0 0.00  0.0    0 11.5 25 140   M    M   0        36 150
================================================================================
SM 2064 1286       224  21  0.28     0.0 235.5          M       87
================================================================================
AV 71.2 44.3                               8.1 FASTST   M    M   3    MAX(MPH)
                                 MISC ---->  # 29 270               # 39  290
================================================================================
NOTES:
# LAST OF SEVERAL OCCURRENCES
COLUMN 17 PEAK WIND IN M.P.H.

SYMBOLS USED IN COLUMN 16
1 = FOG OR MIST
2 = FOG REDUCING VISIBILITY TO 1/4 MILE OR LESS
3 = THUNDER
4 = ICE PELLETS
5 = HAIL
6 = FREEZING RAIN OR DRIZZLE
7 = DUSTSTORM OR SANDSTORM
8 = SMOKE OR HAZE
9 = BLOWING SNOW
X = TORNADO

$$


USA.gov is the U.S. government's official web portal to all federal, state and local government web resources and services.
  • National Weather Service
  • WSO Pago Pago Weather Service Office
  • Pago Pago, AS
  • (684) 699-9130
  • Page Author: PPG Webmaster
  • Incorrect Region Format!
  • Web Master's E-mail:
  • Page last modified: Mar 10th, 2020 21:02 UTC